{"id":477,"date":"2017-03-16T17:41:39","date_gmt":"2017-03-16T16:41:39","guid":{"rendered":"http:\/\/agora.xtec.cat\/cfalapau\/?page_id=477"},"modified":"2025-05-28T13:50:25","modified_gmt":"2025-05-28T11:50:25","slug":"recursos-per-a-laprenentatge-de-la-llengua-catalana","status":"publish","type":"page","link":"https:\/\/agora.xtec.cat\/cfalapau\/ensenyaments\/ensenyaments-de-llengues\/recursos-per-a-laprenentatge-de-la-llengua-catalana\/","title":{"rendered":"Recursos per a l&#8217;aprenentatge de la llengua catalana"},"content":{"rendered":"<h3 id=\"catala\"><\/h3>\n<p>Plana web oficial amb els continguts de la mat\u00e8ria: <a href=\"http:\/\/es.wikipedia.org\/wiki\/Marco_com\u00fan_europeo_de_referencia_para_las_lenguas\">http:\/\/es.wikipedia.org\/wiki\/Marco_com\u00fan_europeo_de_referencia_para_las_lenguas<\/a><\/p>\n<p><strong>\u00a0<\/strong><strong>RECURSOS PER PRACTICAR:<\/strong><\/p>\n<ul>\n<li><a href=\"http:\/\/gencat.cat\/llengua\">Web de la llengua catalana. Generalitat de Catalunya<\/a> \u2013 Aquest web et permet consultar l\u2019\u00fas del catal\u00e0 en diferents \u00e0mbits<\/li>\n<li><a href=\"http:\/\/www.verbscatalans.com\/\">www.verbscatalans.com<\/a>\u00a0&#8211; Aquesta p\u00e0gina t\u2019ajudar\u00e0 a conjugar els verbs.<\/li>\n<li><a href=\"http:\/\/www.parla.cat\/\">www.parla.cat<\/a>\u00a0&#8211; \u00c9s un espai virtual d\u2019aprenentatge que posa a l\u2019abast de tothom materials did\u00e0ctics per aprendre la llengua catalana. Et seran \u00fatils per refor\u00e7ar el que treballem a les classes. Pots inscriure\u2019t gratu\u00eftament (lliure) o pagant (amb tutoria).<\/li>\n<li><a href=\"http:\/\/www.digitaldialects.com\/Catalan.htm\">Learn Catalan language<\/a>\u00a0&#8211; primeres lli\u00e7ons, vocabulari b\u00e0sic amb \u00e0udio i exercicis.<\/li>\n<li><a href=\"http:\/\/www.surfacelanguages.com\/language\/Catalan\">Vocabulari i frases amb \u00e0udio<\/a>\u00a0&#8211; Angl\u00e8s &#8211; Catal\u00e0<\/li>\n<li><a href=\"http:\/\/enxaneta.info\/index.htm\">Enxaneta<\/a>\u00a0&#8211; exercicis de gram\u00e0tica, ortografia i vocabulari. Autocorrectius.<\/li>\n<li><a href=\"https:\/\/exerciciscatala.cat\/\">Exercicis de catal\u00e0<\/a><\/li>\n<li><a href=\"http:\/\/www.xtec.cat\/~mibanez1\/exerci.html\">Posa&#8217;t a punt!<\/a><\/li>\n<li><a href=\"https:\/\/llengua.gencat.cat\/ca\/serveis\/aprendre_catala\/a-catalunya\/aprendre-jugant\/\">Aprendre jugant<\/a><\/li>\n<li><a href=\"https:\/\/llengua.gencat.cat\/web\/.content\/documents\/publicacions\/espanyol-aprendre\/aprendre-catala-espanyol-2019.pdf\">Aprendre catal\u00e0 des de l&#8217;espanyol<\/a><\/li>\n<\/ul>\n<p><strong>\u00a0<\/strong><strong>MATERIAL DE CONSULTA:<\/strong><\/p>\n<ul>\n<li><a href=\"http:\/\/www.verbscatalans.com\/\">www.verbscatalans.com<\/a>\u00a0&#8211; Aquesta p\u00e0gina t\u2019ajudar\u00e0 a conjugar els verbs<\/li>\n<li><a href=\"https:\/\/llengua.gencat.cat\/ca\/serveis\/aprendre_catala\/recursos-per-al-professorat\/dictats-en-linia\/\">Dictats en l\u00ednia<\/a> &#8211; Dictats en l\u00ednia autocorrectius de tots els nivells de catal\u00e0<\/li>\n<li><a href=\"http:\/\/dlc.iec.cat\/\">Diec2<\/a> 2a edici\u00f3 del Diccionari de la llengua catalana de l\u2019Institut d\u2019Estudis Catalans.<\/li>\n<li><a href=\"http:\/\/www.diccionaris.cat\/\">www.diccionaris.cat\u00a0<\/a>&#8211; Diccionaris de definicions, de sin\u00f2nims, catal\u00e0\/castell\u00e0, castell\u00e0\/catal\u00e0, catal\u00e0 \/angl\u00e8s, angl\u00e8s\/catal\u00e0, catal\u00e0\/franc\u00e8s, franc\u00e8s\/catal\u00e0<\/li>\n<li>\u00a0<a href=\"http:\/\/www.edu365.cat\/agora\/\">\u00c0GORA\u00a0<\/a>&#8211; Diccionaris il\u00b7lustrats: catal\u00e0 &#8211; xin\u00e8s, catal\u00e0 &#8211; urd\u00fa, catal\u00e0 &#8211; \u00e0rab i catal\u00e0 &#8211; amazic.<\/li>\n<li>Diccionari\u00a0<a href=\"http:\/\/www.dca.udl.cat\/cat\/index.htm\">Catal\u00e0 &#8211; Alemany\/ Alemany &#8211; Catal\u00e0<\/a><\/li>\n<li><a href=\"https:\/\/geiec.iec.cat\/\">Gram\u00e0tica Essencial de la Llengua Catalana<\/a><\/li>\n<\/ul>\n<p><strong> DICTATS EN L\u00cdNIA:<\/strong><\/p>\n<ul>\n<li><a href=\"https:\/\/www.uv.es\/spl\/v\/aprendre\/dictats\/dictats_elemental.html\">Nivell Elemental &#8211; B1<\/a><\/li>\n<li><a href=\"http:\/\/www.edu365.cat\/eso\/muds\/catala\/dictats\/index.htm\">Edu365 &#8211; nivell elemental (B1)<\/a><\/li>\n<\/ul>\n<p><strong>MITJANS DE COMUNICACI\u00d3:<\/strong><\/p>\n<ul>\n<li><a href=\"http:\/\/www.tv3.cat\/\">TV3<\/a>\u00a0&#8211; Televisi\u00f3 de Catalunya<\/li>\n<li><a href=\"http:\/\/www.catradio.cat\/\">Catalunya R\u00e0dio<\/a><\/li>\n<li><a href=\"http:\/\/www.rac1.cat\/\">RAC1<\/a><\/li>\n<li><a href=\"http:\/\/www.8tv.cat\/\">8TV<\/a><\/li>\n<li><a href=\"http:\/\/www.elpuntavui.cat\/olot.html\">El Punt Avui<\/a>\u00a0&#8211; Diari en catal\u00e0<\/li>\n<li><a href=\"http:\/\/www.ara.cat\/\">ARA<\/a>\u00a0&#8211; Diari en catal\u00e0<\/li>\n<li><a href=\"http:\/\/www.diaridegirona.cat\/\">Diari de Girona<\/a><\/li>\n<li><a href=\"http:\/\/www.xiptv.cat\/\">Televisi\u00f3 Local a la carta<\/a>\u00a0&#8211; acc\u00e9s a la xarxa de televisions locals de Catalunya<\/li>\n<\/ul>\n<h3 id=\"angles\"><\/h3>\n","protected":false},"excerpt":{"rendered":"<p>Plana web oficial amb els continguts de la mat\u00e8ria: http:\/\/es.wikipedia.org\/wiki\/Marco_com\u00fan_europeo_de_referencia_para_las_lenguas \u00a0RECURSOS PER PRACTICAR: Web de la llengua catalana. Generalitat de Catalunya \u2013 Aquest web et permet consultar l\u2019\u00fas del catal\u00e0 en diferents \u00e0mbits www.verbscatalans.com\u00a0&#8211; Aquesta p\u00e0gina t\u2019ajudar\u00e0 a conjugar els verbs. www.parla.cat\u00a0&#8211; \u00c9s un espai virtual d\u2019aprenentatge que posa a l\u2019abast de tothom materials did\u00e0ctics [&hellip;]<\/p>\n","protected":false},"author":1,"featured_media":0,"parent":283,"menu_order":3,"comment_status":"closed","ping_status":"closed","template":"page-templates\/side-menu.php","meta":{"_bbp_topic_count":0,"_bbp_reply_count":0,"_bbp_total_topic_count":0,"_bbp_total_reply_count":0,"_bbp_voice_count":0,"_bbp_anonymous_reply_count":0,"_bbp_topic_count_hidden":0,"_bbp_reply_count_hidden":0,"_bbp_forum_subforum_count":0,"site-sidebar-layout":"default","site-content-layout":"","ast-site-content-layout":"","site-content-style":"default","site-sidebar-style":"default","ast-global-header-display":"","ast-banner-title-visibility":"","ast-main-header-display":"","ast-hfb-above-header-display":"","ast-hfb-below-header-display":"","ast-hfb-mobile-header-display":"","site-post-title":"","ast-breadcrumbs-content":"","ast-featured-img":"","footer-sml-layout":"","theme-transparent-header-meta":"","adv-header-id-meta":"","stick-header-meta":"","header-above-stick-meta":"","header-main-stick-meta":"","header-below-stick-meta":"","astra-migrate-meta-layouts":"default","ast-page-background-enabled":"default","ast-page-background-meta":{"desktop":{"background-color":"var(--ast-global-color-4)","background-image":"","background-repeat":"repeat","background-position":"center center","background-size":"auto","background-attachment":"scroll","background-type":"","background-media":"","overlay-type":"","overlay-color":"","overlay-opacity":"","overlay-gradient":""},"tablet":{"background-color":"","background-image":"","background-repeat":"repeat","background-position":"center center","background-size":"auto","background-attachment":"scroll","background-type":"","background-media":"","overlay-type":"","overlay-color":"","overlay-opacity":"","overlay-gradient":""},"mobile":{"background-color":"","background-image":"","background-repeat":"repeat","background-position":"center center","background-size":"auto","background-attachment":"scroll","background-type":"","background-media":"","overlay-type":"","overlay-color":"","overlay-opacity":"","overlay-gradient":""}},"ast-content-background-meta":{"desktop":{"background-color":"var(--ast-global-color-5)","background-image":"","background-repeat":"repeat","background-position":"center center","background-size":"auto","background-attachment":"scroll","background-type":"","background-media":"","overlay-type":"","overlay-color":"","overlay-opacity":"","overlay-gradient":""},"tablet":{"background-color":"var(--ast-global-color-5)","background-image":"","background-repeat":"repeat","background-position":"center center","background-size":"auto","background-attachment":"scroll","background-type":"","background-media":"","overlay-type":"","overlay-color":"","overlay-opacity":"","overlay-gradient":""},"mobile":{"background-color":"var(--ast-global-color-5)","background-image":"","background-repeat":"repeat","background-position":"center center","background-size":"auto","background-attachment":"scroll","background-type":"","background-media":"","overlay-type":"","overlay-color":"","overlay-opacity":"","overlay-gradient":""}},"footnotes":""},"class_list":["post-477","page","type-page","status-publish","hentry"],"post_mailing_queue_ids":[],"_links":{"self":[{"href":"https:\/\/agora.xtec.cat\/cfalapau\/wp-json\/wp\/v2\/pages\/477","targetHints":{"allow":["GET"]}}],"collection":[{"href":"https:\/\/agora.xtec.cat\/cfalapau\/wp-json\/wp\/v2\/pages"}],"about":[{"href":"https:\/\/agora.xtec.cat\/cfalapau\/wp-json\/wp\/v2\/types\/page"}],"author":[{"embeddable":true,"href":"https:\/\/agora.xtec.cat\/cfalapau\/wp-json\/wp\/v2\/users\/1"}],"replies":[{"embeddable":true,"href":"https:\/\/agora.xtec.cat\/cfalapau\/wp-json\/wp\/v2\/comments?post=477"}],"version-history":[{"count":5,"href":"https:\/\/agora.xtec.cat\/cfalapau\/wp-json\/wp\/v2\/pages\/477\/revisions"}],"predecessor-version":[{"id":2796,"href":"https:\/\/agora.xtec.cat\/cfalapau\/wp-json\/wp\/v2\/pages\/477\/revisions\/2796"}],"up":[{"embeddable":true,"href":"https:\/\/agora.xtec.cat\/cfalapau\/wp-json\/wp\/v2\/pages\/283"}],"wp:attachment":[{"href":"https:\/\/agora.xtec.cat\/cfalapau\/wp-json\/wp\/v2\/media?parent=477"}],"curies":[{"name":"wp","href":"https:\/\/api.w.org\/{rel}","templated":true}]}}