{"id":316,"date":"2015-01-28T11:33:51","date_gmt":"2015-01-28T10:33:51","guid":{"rendered":"http:\/\/agora.xtec.cat\/cfalapau\/?page_id=316"},"modified":"2025-09-22T12:28:53","modified_gmt":"2025-09-22T10:28:53","slug":"competencia-digital-competic","status":"publish","type":"page","link":"https:\/\/agora.xtec.cat\/cfalapau\/ensenyaments\/competencia-digital-competic\/","title":{"rendered":"Ensenyaments d&#8217;Inform\u00e0tica (COMPETIC\/ACTIC)"},"content":{"rendered":"<h2><b>Descripci\u00f3<\/b><\/h2>\n<p style=\"text-align: justify;\">Els nostres cursos d\u2019inform\u00e0tica segueixen el programa reglat COMPETIC, establert per la Generalitat, i donen acc\u00e9s als certificats oficials d\u2019acreditaci\u00f3 ACTIC. Es basen en el desenvolupament de diferents compet\u00e8ncies (\u00fas de l\u2019ordinador, edici\u00f3 de textos, fulls de c\u00e0lcul, navegaci\u00f3 i comunicaci\u00f3, xarxes socials, presentaci\u00f3 de diapositives, multim\u00e8dia&#8230;) de manera gradual. Es comen\u00e7a des de la base i finalment s\u2019arriba a un coneixement profund i avan\u00e7at de les eines \u00fatil professionalment i tamb\u00e9 recreativament.<\/p>\n<p style=\"text-align: justify;\"><a href=\"https:\/\/drive.google.com\/file\/d\/1sQ4X47QyTeHsHRh6v0M00v5mWgRYphh9\/view?usp=sharing\">Descarrega el tr\u00edptic informatiu en PDF<\/a><\/p>\n<h2>Quants nivells t\u00e9?<\/h2>\n<p>Al CFA la Pau oferim tres nivells de Competic:<\/p>\n<ul>\n<li>Competic Inicial<\/li>\n<li>Competic 1<\/li>\n<li>Competic 2<\/li>\n<\/ul>\n<h2>Durada del curs<\/h2>\n<p>Els cursos de Competic tenen una durada d\u2019un curs acad\u00e8mic. Comencen a finals de setembre i acaben la darrera quinzena de juny.<\/p>\n<table style=\"width: 42.6382%; height: 165px;\">\n<tbody>\n<tr style=\"height: 33px;\">\n<td style=\"height: 33px;\" width=\"180\"><\/td>\n<td style=\"height: 33px;\" width=\"150\">Hores totals<\/td>\n<td style=\"height: 33px;\" width=\"220\">Horari setmanal<\/td>\n<\/tr>\n<tr style=\"height: 33px;\">\n<td style=\"height: 33px;\">Competic Inicial<\/td>\n<td style=\"height: 33px;\">105\u202fh.<\/td>\n<td style=\"height: 33px;\">2 sessions d&#8217;una hora i mitja.<\/td>\n<\/tr>\n<tr style=\"height: 33px;\">\n<td style=\"height: 33px;\">Competic 1<\/td>\n<td style=\"height: 33px;\">105\u202fh.<\/td>\n<td style=\"height: 33px;\">2 sessions d&#8217;una hora i mitja.<\/td>\n<\/tr>\n<tr style=\"height: 33px;\">\n<td style=\"height: 33px;\" width=\"184\">Competic 2<\/td>\n<td style=\"height: 33px;\" width=\"184\">140\u202fh.<\/td>\n<td style=\"height: 33px;\" width=\"184\">2 sessions de dues hores.<\/td>\n<\/tr>\n<\/tbody>\n<\/table>\n<h2>Inici i final del curs 2025-2026<\/h2>\n<p><strong>Inici del curs:<\/strong> dilluns 22 de setembre de 2025<\/p>\n<p><strong>Final del curs:<\/strong> divendres 19 de juny de 2026<\/p>\n<p>(Hi pot haver canvis)<\/p>\n<h2>Horaris oferts al centre &#8211; Curs 2025-2026<\/h2>\n<table style=\"font-weight: 400; width: 71.4286%; height: 236px;\" width=\"100%\">\n<tbody>\n<tr style=\"height: 66px;\">\n<td style=\"width: 16.4583%; height: 66px;\" width=\"24%\"><b><strong>\u00a0<\/strong><\/b><\/td>\n<td style=\"width: 9.98965%; height: 66px;\" width=\"18%\"><b><strong>Dilluns<\/strong><\/b><\/td>\n<td style=\"width: 10.1185%; height: 66px;\" width=\"18%\"><b><strong>Dimarts<\/strong><\/b><\/td>\n<td style=\"width: 11.0545%; height: 66px;\" width=\"18%\"><b><strong>Dimecres<\/strong><\/b><\/td>\n<td style=\"width: 12.1837%; height: 66px;\" width=\"18%\"><b><strong>Dijous<\/strong><\/b><\/td>\n<td style=\"width: 10.6624%; height: 66px;\"><b><strong>Divendres<\/strong><\/b><\/td>\n<\/tr>\n<tr style=\"height: 64px;\">\n<td style=\"width: 16.4583%; height: 64px;\" width=\"24%\"><b><strong>Competic Inicial (Mat\u00ed)<\/strong><\/b><\/td>\n<td style=\"width: 9.98965%; height: 64px;\" width=\"18%\"><\/td>\n<td style=\"width: 10.1185%; height: 64px;\" width=\"18%\"><\/td>\n<td style=\"width: 11.0545%; text-align: center; height: 64px;\" width=\"18%\">11:30 &#8211; 13:00<\/td>\n<td style=\"width: 12.1837%; height: 64px;\" width=\"18%\"><\/td>\n<td style=\"width: 10.6624%; text-align: center; height: 64px;\">11:30 &#8211; 13:00<\/td>\n<\/tr>\n<tr style=\"height: 53px;\">\n<td style=\"width: 16.4583%; height: 53px;\" width=\"24%\"><b><strong>Competic 1 (Mat\u00ed)<\/strong><\/b><\/td>\n<td style=\"width: 9.98965%; height: 53px;\" width=\"18%\"><\/td>\n<td style=\"width: 10.1185%; height: 53px;\" width=\"18%\">9:30 &#8211; 11:00<\/td>\n<td style=\"width: 11.0545%; text-align: center; height: 53px;\" width=\"18%\"><\/td>\n<td style=\"width: 12.1837%; height: 53px;\" width=\"18%\">9:30 &#8211; 11:00<\/td>\n<td style=\"width: 10.6624%; text-align: center; height: 53px;\"><\/td>\n<\/tr>\n<tr style=\"height: 53px;\">\n<td style=\"width: 16.4583%; height: 53px;\" width=\"24%\"><b><strong>Competic 2\u00a0 (Mat\u00ed)<\/strong><\/b><\/td>\n<td style=\"width: 9.98965%; height: 53px;\" width=\"18%\">9:00 &#8211; 11:00<\/td>\n<td style=\"width: 10.1185%; text-align: center; height: 53px;\" width=\"18%\"><\/td>\n<td style=\"width: 11.0545%; height: 53px;\" width=\"18%\">9:00 &#8211; 11:00<\/td>\n<td style=\"width: 12.1837%; text-align: center; height: 53px;\" width=\"18%\"><\/td>\n<td style=\"width: 10.6624%; height: 53px;\"><\/td>\n<\/tr>\n<\/tbody>\n<\/table>\n<h2 style=\"font-weight: 400;\">Organitzaci\u00f3<\/h2>\n<p style=\"text-align: justify;\">A la nostra escola tenim una aula d\u2019inform\u00e0tica on cada alumne disposa d&#8217;un ordinador propi per a poder treballar, amb connexi\u00f3 a Internet. Tamb\u00e9 disposem de xarxa de wifi a tot el centre, per a les pr\u00e0ctiques amb m\u00f2bil i una aula d&#8217;inform\u00e0tica per a les pr\u00e0ctiques fora de l&#8217;horari de classe.<\/p>\n<p style=\"text-align: justify;\">Es donen explicacions i es demostra el funcionament de l\u2019ordinador i els diferents programes mitjan\u00e7ant la pantalla del projector, per\u00f2 una part important d\u2019aquest curso \u00e9s el treball individual, per a poder practicar i comprendre el funcionament de les eines aplicades a les necessitats individuals.<\/p>\n<p>A m\u00e9s a m\u00e9s, oferim als nostres alumnes un <a href=\"https:\/\/agora.xtec.cat\/cfalapau\/activitats\/taller-dinformatica\/\">espai de suport digital<\/a> per resoldre dubtes, assessorar i ajudar en l&#8217;\u00fas de les eines digitals.<\/p>\n<h2>Resum de continguts de cada nivell<\/h2>\n<h6>Competic Inicial<\/h6>\n<p style=\"text-align: justify;\">S\u2019apr\u00e8n a utilitzar l\u2019ordinador, el teclat, el ratol\u00ed, les carpetes, els fitxers, les unitats de disc com els USB&#8230; Tamb\u00e9 s\u2019aprenen nocions b\u00e0siques per navegar a Internet, fer cerques i enviar e-mails. Per\u00f2 principalment el curs es dedica a fer servir el Word, com a editor de textos.<\/p>\n<h6>Competic 1<\/h6>\n<p style=\"text-align: justify;\">Continuem aprenent noves eines a un nivell b\u00e0sic, per\u00f2 coneixent m\u00e9s programes i utilitats: fulls de c\u00e0lcul amb Excel, edici\u00f3 d\u2019imatges i d&#8217;\u00e0udio amb una introducci\u00f3 al v\u00eddeo i tamb\u00e9 dediquem una part del curs a aprendre a moure\u2019ns per Internet.<\/p>\n<h6>Competic 2<\/h6>\n<p style=\"text-align: justify;\">Una part important del curs consisteix a augmentar la nostra cultura digital, tant pel que fa a dispositius i innovacions tecnol\u00f2giques, com navegaci\u00f3 a internet, \u00fas de les tecnologies de la comunicaci\u00f3 i la participaci\u00f3 en l\u00ednia. Es tracta de ser un ciutad\u00e0 que viu, compr\u00e8n i pot utilitzar les noves tecnologies sense quedar enrere.<\/p>\n<p style=\"text-align: justify;\">Es repassa i s\u2019aprofundeix en les eines pel tractament de la informaci\u00f3 escrita (Word, Publisher&#8230;), tractament de la informaci\u00f3 gr\u00e0fica, sonora i de la imatge en moviment (edici\u00f3 d\u2019imatge, \u00e0udio i v\u00eddeo) i tractament de la informaci\u00f3 num\u00e8rica (Excel).<\/p>\n<p style=\"text-align: justify;\">Tamb\u00e9 s\u2019introdueixen les bases de dades i les presentacions de diapositives (conegudes com a PowerPoint)<\/p>\n<h6>Competic 3*<\/h6>\n<p>En aquest curs es treballen tres compet\u00e8ncies, una per trimestre. El programari utilitzat ser\u00e0 el <a href=\"https:\/\/ca.libreoffice.org\/\">LibreOffice<\/a> per evitar disparitat de versions o problemes amb les llic\u00e8ncies.<\/p>\n<ul>\n<li style=\"text-align: justify;\">Primer trimestre: C7, Tractament de les dades (gestor de base de dades)<\/li>\n<li style=\"text-align: justify;\">Segon trimestre: C6, Tractament de la informaci\u00f3 num\u00e8rica (full de c\u00e0lcul)<\/li>\n<li style=\"text-align: justify;\">Tercer trimestre: C4, Tractament de la informaci\u00f3 escrita (editor de textos)<\/li>\n<\/ul>\n<h2>Recursos i enlla\u00e7os d\u2019inter\u00e8s<\/h2>\n<p>Blog de treball que utilitzen alguns dels grups: <a href=\"https:\/\/lapaucompetic.wordpress.com\/\">https:\/\/lapaucompetic.wordpress.com\/<\/a><\/p>\n<p>Plana web oficial amb els continguts de la mat\u00e8ria:\u00a0<a href=\"https:\/\/sites.google.com\/a\/xtec.cat\/competic-fpa\/home\">https:\/\/sites.google.com\/a\/xtec.cat\/competic-fpa\/home<\/a><\/p>\n<p>&nbsp;<\/p>\n<h2>Avaluaci\u00f3<\/h2>\n<p style=\"text-align: justify;\">L\u2019avaluaci\u00f3 \u00e9s cont\u00ednua. Es basa en la comprensi\u00f3 de les diferents eines i procediments, i es demostra a trav\u00e9s de les pr\u00e0ctiques i exercicis que es realitzen a classe.<\/p>\n<p style=\"text-align: justify;\">No hi ha cap prova o examen final, per\u00f2 un 40% de la nota prov\u00e9 de l\u2019elaboraci\u00f3 d\u2019un projecte en el qual es fan servir les eines estudiades i que es realitza a classe al final del curs. En el cas del Competic 3, cada trimestre s&#8217;estudia una compet\u00e8ncia i es fa un projecte independent al final d&#8217;aquest.<\/p>\n<h2>Acc\u00e9s<\/h2>\n<p>Per accedir al nivell Inicial, no cal cap condici\u00f3 o coneixement previ.<\/p>\n<p>Per accedir a un altre nivell, hi ha tres vies:<\/p>\n<ul>\n<li>Haver superat els nivells anteriors i aportar el certificat d\u2019aprofitament.<\/li>\n<li>Disposar de l\u2019acreditaci\u00f3 ACTIC equivalent al nivell anterior.<\/li>\n<li>Superar una prova de nivell al centre.<\/li>\n<\/ul>\n<p>Tot i que el curs s\u2019inicia al setembre, es pot valorar la incorporaci\u00f3 d\u2019un alumne en qualsevol moment del curs.<\/p>\n<p><a href=\"https:\/\/docs.google.com\/document\/d\/1cEr4iCNBWQqt5qcWr006Mj4ombO3i4GS1ywq4boieNM\/edit?usp=sharing\">Material per a la prova de nivell<\/a><\/p>\n<h2>Certificaci\u00f3 atorgada<\/h2>\n<p style=\"text-align: justify;\">Quan s\u2019acaba el curs i l\u2019alumne ha assolit els objectius d\u2019aprenentatge, el centre entrega un certificat d\u2019aprofitament del curs. Per\u00f2 cal dir que superar els cursos de Competic \u00e9s equivalent a obtenir els nivells ACTIC. S\u00f3n nivells d&#8217;\u201cacreditaci\u00f3 de compet\u00e8ncies en tecnologies de la informaci\u00f3 i la comunicaci\u00f3\u201d establerts com un est\u00e0ndard de coneixements d\u2019inform\u00e0tica per la Generalitat de Catalunya. Aquesta certificaci\u00f3 \u00e9s la m\u00e9s adient per valorar les compet\u00e8ncies en inform\u00e0tica (per exemple, al curr\u00edculum) i es comen\u00e7a a demanar en processos de selecci\u00f3 laboral o oposicions.<\/p>\n<p>M\u00e9s informaci\u00f3 sobre l\u2019ACTIC: <a href=\"http:\/\/acticweb.gencat.cat\/ca\/\">http:\/\/acticweb.gencat.cat\/ca\/<\/a><\/p>\n<p>La relaci\u00f3 entre els cursos que fem i l\u2019acreditaci\u00f3 de nivells ACTIC \u00e9s la seg\u00fcent:<\/p>\n<table>\n<tbody>\n<tr>\n<td width=\"184\">Competic Inicial<\/td>\n<td width=\"184\">Cap<\/td>\n<\/tr>\n<tr>\n<td width=\"184\">Competic 1<\/td>\n<td width=\"184\"><a href=\"http:\/\/actic.gencat.cat\/ca\/actic_informacio\/actic_que_es_l_actic_\/index.html\">ACTIC <\/a>B\u00e0sic<\/td>\n<\/tr>\n<tr>\n<td width=\"184\">Competic 2<\/td>\n<td width=\"184\"><a href=\"http:\/\/actic.gencat.cat\/ca\/actic_informacio\/actic_que_es_l_actic_\/index.html\">ACTIC\u00a0<\/a>Mitj\u00e0<\/td>\n<\/tr>\n<tr>\n<td width=\"184\">Competic 3*<\/td>\n<td width=\"184\"><a href=\"http:\/\/actic.gencat.cat\/ca\/actic_informacio\/actic_que_es_l_actic_\/index.html\">ACTIC\u00a0<\/a>Avan\u00e7at<\/td>\n<\/tr>\n<\/tbody>\n<\/table>\n<p>*Al CFA La Pau no oferirem el curs de Competic 3 durant el curs acad\u00e8mic 2025-2026.<\/p>\n","protected":false},"excerpt":{"rendered":"<p>Descripci\u00f3 Els nostres cursos d\u2019inform\u00e0tica segueixen el programa reglat COMPETIC, establert per la Generalitat, i donen acc\u00e9s als certificats oficials d\u2019acreditaci\u00f3 ACTIC. Es basen en el desenvolupament de diferents compet\u00e8ncies (\u00fas de l\u2019ordinador, edici\u00f3 de textos, fulls de c\u00e0lcul, navegaci\u00f3 i comunicaci\u00f3, xarxes socials, presentaci\u00f3 de diapositives, multim\u00e8dia&#8230;) de manera gradual. Es comen\u00e7a des de [&hellip;]<\/p>\n","protected":false},"author":2,"featured_media":0,"parent":274,"menu_order":2,"comment_status":"closed","ping_status":"closed","template":"","meta":{"_bbp_topic_count":0,"_bbp_reply_count":0,"_bbp_total_topic_count":0,"_bbp_total_reply_count":0,"_bbp_voice_count":0,"_bbp_anonymous_reply_count":0,"_bbp_topic_count_hidden":0,"_bbp_reply_count_hidden":0,"_bbp_forum_subforum_count":0,"site-sidebar-layout":"default","site-content-layout":"","ast-site-content-layout":"default","site-content-style":"default","site-sidebar-style":"default","ast-global-header-display":"","ast-banner-title-visibility":"","ast-main-header-display":"","ast-hfb-above-header-display":"","ast-hfb-below-header-display":"","ast-hfb-mobile-header-display":"","site-post-title":"","ast-breadcrumbs-content":"","ast-featured-img":"","footer-sml-layout":"","theme-transparent-header-meta":"default","adv-header-id-meta":"","stick-header-meta":"","header-above-stick-meta":"","header-main-stick-meta":"","header-below-stick-meta":"","astra-migrate-meta-layouts":"set","ast-page-background-enabled":"default","ast-page-background-meta":{"desktop":{"background-color":"var(--ast-global-color-4)","background-image":"","background-repeat":"repeat","background-position":"center center","background-size":"auto","background-attachment":"scroll","background-type":"","background-media":"","overlay-type":"","overlay-color":"","overlay-opacity":"","overlay-gradient":""},"tablet":{"background-color":"","background-image":"","background-repeat":"repeat","background-position":"center center","background-size":"auto","background-attachment":"scroll","background-type":"","background-media":"","overlay-type":"","overlay-color":"","overlay-opacity":"","overlay-gradient":""},"mobile":{"background-color":"","background-image":"","background-repeat":"repeat","background-position":"center center","background-size":"auto","background-attachment":"scroll","background-type":"","background-media":"","overlay-type":"","overlay-color":"","overlay-opacity":"","overlay-gradient":""}},"ast-content-background-meta":{"desktop":{"background-color":"var(--ast-global-color-5)","background-image":"","background-repeat":"repeat","background-position":"center center","background-size":"auto","background-attachment":"scroll","background-type":"","background-media":"","overlay-type":"","overlay-color":"","overlay-opacity":"","overlay-gradient":""},"tablet":{"background-color":"var(--ast-global-color-5)","background-image":"","background-repeat":"repeat","background-position":"center center","background-size":"auto","background-attachment":"scroll","background-type":"","background-media":"","overlay-type":"","overlay-color":"","overlay-opacity":"","overlay-gradient":""},"mobile":{"background-color":"var(--ast-global-color-5)","background-image":"","background-repeat":"repeat","background-position":"center center","background-size":"auto","background-attachment":"scroll","background-type":"","background-media":"","overlay-type":"","overlay-color":"","overlay-opacity":"","overlay-gradient":""}},"footnotes":""},"class_list":["post-316","page","type-page","status-publish","hentry"],"post_mailing_queue_ids":[],"_links":{"self":[{"href":"https:\/\/agora.xtec.cat\/cfalapau\/wp-json\/wp\/v2\/pages\/316","targetHints":{"allow":["GET"]}}],"collection":[{"href":"https:\/\/agora.xtec.cat\/cfalapau\/wp-json\/wp\/v2\/pages"}],"about":[{"href":"https:\/\/agora.xtec.cat\/cfalapau\/wp-json\/wp\/v2\/types\/page"}],"author":[{"embeddable":true,"href":"https:\/\/agora.xtec.cat\/cfalapau\/wp-json\/wp\/v2\/users\/2"}],"replies":[{"embeddable":true,"href":"https:\/\/agora.xtec.cat\/cfalapau\/wp-json\/wp\/v2\/comments?post=316"}],"version-history":[{"count":9,"href":"https:\/\/agora.xtec.cat\/cfalapau\/wp-json\/wp\/v2\/pages\/316\/revisions"}],"predecessor-version":[{"id":2903,"href":"https:\/\/agora.xtec.cat\/cfalapau\/wp-json\/wp\/v2\/pages\/316\/revisions\/2903"}],"up":[{"embeddable":true,"href":"https:\/\/agora.xtec.cat\/cfalapau\/wp-json\/wp\/v2\/pages\/274"}],"wp:attachment":[{"href":"https:\/\/agora.xtec.cat\/cfalapau\/wp-json\/wp\/v2\/media?parent=316"}],"curies":[{"name":"wp","href":"https:\/\/api.w.org\/{rel}","templated":true}]}}