{"id":1106,"date":"2019-03-07T15:43:32","date_gmt":"2019-03-07T14:43:32","guid":{"rendered":"http:\/\/agora.xtec.cat\/cfalapau\/?page_id=1106"},"modified":"2025-05-28T13:56:04","modified_gmt":"2025-05-28T11:56:04","slug":"recursos-per-laprenentatge-de-les-competencies-tic","status":"publish","type":"page","link":"https:\/\/agora.xtec.cat\/cfalapau\/ensenyaments\/competencia-digital-competic\/recursos-per-laprenentatge-de-les-competencies-tic\/","title":{"rendered":"Recursos per l&#8217;aprenentatge de les compet\u00e8ncies TIC"},"content":{"rendered":"<p>&nbsp;<\/p>\n<p>Descarrega el programa RapidTyping 5 per aprendre a casa teva a escriure amb el teclat.<br \/>\n<a href=\"http:\/\/www.rapidtyping.com\/downloads.html\">http:\/\/www.rapidtyping.com\/downloads.html<\/a><br \/>\n(tamb\u00e9 est\u00e0 instal\u00b7lat en els ordinadors de l&#8217;escola i de l&#8217;aula d&#8217;autoaprenentatge)<\/p>\n<p>En aquesta web trobar\u00e0s jocs en l\u00ednia per a practicar amb l&#8217;\u00fas del teclat:<br \/>\n<a href=\"http:\/\/www.rapidtyping.com\/online-typing-games.html\">http:\/\/www.rapidtyping.com\/online-typing-games.html<\/a><\/p>\n","protected":false},"excerpt":{"rendered":"<p>&nbsp; Descarrega el programa RapidTyping 5 per aprendre a casa teva a escriure amb el teclat. http:\/\/www.rapidtyping.com\/downloads.html (tamb\u00e9 est\u00e0 instal\u00b7lat en els ordinadors de l&#8217;escola i de l&#8217;aula d&#8217;autoaprenentatge) En aquesta web trobar\u00e0s jocs en l\u00ednia per a practicar amb l&#8217;\u00fas del teclat: http:\/\/www.rapidtyping.com\/online-typing-games.html<\/p>\n","protected":false},"author":5,"featured_media":0,"parent":316,"menu_order":0,"comment_status":"closed","ping_status":"closed","template":"page-templates\/side-menu.php","meta":{"_bbp_topic_count":0,"_bbp_reply_count":0,"_bbp_total_topic_count":0,"_bbp_total_reply_count":0,"_bbp_voice_count":0,"_bbp_anonymous_reply_count":0,"_bbp_topic_count_hidden":0,"_bbp_reply_count_hidden":0,"_bbp_forum_subforum_count":0,"site-sidebar-layout":"default","site-content-layout":"","ast-site-content-layout":"","site-content-style":"default","site-sidebar-style":"default","ast-global-header-display":"","ast-banner-title-visibility":"","ast-main-header-display":"","ast-hfb-above-header-display":"","ast-hfb-below-header-display":"","ast-hfb-mobile-header-display":"","site-post-title":"","ast-breadcrumbs-content":"","ast-featured-img":"","footer-sml-layout":"","theme-transparent-header-meta":"","adv-header-id-meta":"","stick-header-meta":"","header-above-stick-meta":"","header-main-stick-meta":"","header-below-stick-meta":"","astra-migrate-meta-layouts":"default","ast-page-background-enabled":"default","ast-page-background-meta":{"desktop":{"background-color":"var(--ast-global-color-4)","background-image":"","background-repeat":"repeat","background-position":"center center","background-size":"auto","background-attachment":"scroll","background-type":"","background-media":"","overlay-type":"","overlay-color":"","overlay-opacity":"","overlay-gradient":""},"tablet":{"background-color":"","background-image":"","background-repeat":"repeat","background-position":"center center","background-size":"auto","background-attachment":"scroll","background-type":"","background-media":"","overlay-type":"","overlay-color":"","overlay-opacity":"","overlay-gradient":""},"mobile":{"background-color":"","background-image":"","background-repeat":"repeat","background-position":"center center","background-size":"auto","background-attachment":"scroll","background-type":"","background-media":"","overlay-type":"","overlay-color":"","overlay-opacity":"","overlay-gradient":""}},"ast-content-background-meta":{"desktop":{"background-color":"var(--ast-global-color-5)","background-image":"","background-repeat":"repeat","background-position":"center center","background-size":"auto","background-attachment":"scroll","background-type":"","background-media":"","overlay-type":"","overlay-color":"","overlay-opacity":"","overlay-gradient":""},"tablet":{"background-color":"var(--ast-global-color-5)","background-image":"","background-repeat":"repeat","background-position":"center center","background-size":"auto","background-attachment":"scroll","background-type":"","background-media":"","overlay-type":"","overlay-color":"","overlay-opacity":"","overlay-gradient":""},"mobile":{"background-color":"var(--ast-global-color-5)","background-image":"","background-repeat":"repeat","background-position":"center center","background-size":"auto","background-attachment":"scroll","background-type":"","background-media":"","overlay-type":"","overlay-color":"","overlay-opacity":"","overlay-gradient":""}},"footnotes":""},"class_list":["post-1106","page","type-page","status-publish","hentry"],"post_mailing_queue_ids":[],"_links":{"self":[{"href":"https:\/\/agora.xtec.cat\/cfalapau\/wp-json\/wp\/v2\/pages\/1106","targetHints":{"allow":["GET"]}}],"collection":[{"href":"https:\/\/agora.xtec.cat\/cfalapau\/wp-json\/wp\/v2\/pages"}],"about":[{"href":"https:\/\/agora.xtec.cat\/cfalapau\/wp-json\/wp\/v2\/types\/page"}],"author":[{"embeddable":true,"href":"https:\/\/agora.xtec.cat\/cfalapau\/wp-json\/wp\/v2\/users\/5"}],"replies":[{"embeddable":true,"href":"https:\/\/agora.xtec.cat\/cfalapau\/wp-json\/wp\/v2\/comments?post=1106"}],"version-history":[{"count":2,"href":"https:\/\/agora.xtec.cat\/cfalapau\/wp-json\/wp\/v2\/pages\/1106\/revisions"}],"predecessor-version":[{"id":2800,"href":"https:\/\/agora.xtec.cat\/cfalapau\/wp-json\/wp\/v2\/pages\/1106\/revisions\/2800"}],"up":[{"embeddable":true,"href":"https:\/\/agora.xtec.cat\/cfalapau\/wp-json\/wp\/v2\/pages\/316"}],"wp:attachment":[{"href":"https:\/\/agora.xtec.cat\/cfalapau\/wp-json\/wp\/v2\/media?parent=1106"}],"curies":[{"name":"wp","href":"https:\/\/api.w.org\/{rel}","templated":true}]}}