{"id":901,"date":"2022-11-11T11:20:48","date_gmt":"2022-11-11T10:20:48","guid":{"rendered":"https:\/\/agora.xtec.cat\/cfalacreudebarbera\/?page_id=901"},"modified":"2025-10-21T16:42:43","modified_gmt":"2025-10-21T14:42:43","slug":"formacio-instrumental","status":"publish","type":"page","link":"https:\/\/agora.xtec.cat\/cfalacreudebarbera\/ensenyaments\/formacio-instrumental\/","title":{"rendered":"Formaci\u00f3 instrumental"},"content":{"rendered":"<p>La formaci\u00f3 instrumental \u00e9s una nova oportunitat d\u2019aprenentatge per a les persones adultes perqu\u00e8 proporciona els mitjans per a l\u2019adquisici\u00f3 de les compet\u00e8ncies, destreses i capacitats que contribueixen a l\u2019actualitzaci\u00f3 de les compet\u00e8ncies clau, facilitant el desenvolupament i l\u2019autonomia personals i acad\u00e8miques, la integraci\u00f3 social i l\u2019acc\u00e9s al m\u00f3n laboral.<\/p>\n<p>L\u2019ensenyament s\u2019estructura en quatre nivells:<\/p>\n<ul>\n<li><strong>1r cicle (NIVELL 1 i NIVELL 2)<\/strong> ; <span style=\"text-decoration: underline;\"><em>Objectius:<\/em><\/span> contribuir al desenvolupament de capacitats, destreses i habilitats que facilitin la integraci\u00f3 de l\u2019alumnat, l\u2019assoliment d\u2019una autonomia progressiva i promoguin la continu\u00eftat formativa.<\/li>\n<\/ul>\n<ul>\n<li><strong>2n cicle (NIVELL 3 i NIVELL 4)<\/strong> ; <span style=\"text-decoration: underline;\"><em>Objectius:<\/em><\/span> consolidar l\u2019adquisici\u00f3 de les compet\u00e8ncies clau per garantir una autonomia plena de l\u2019alumnat i afavorir l\u2019acc\u00e9s als estudis de GESO.<\/li>\n<\/ul>\n<p><span style=\"text-decoration: underline;\"><em><strong>AL NOSTRE CENTRE S&#8217;IMPARTEIX EL NIVELL 1.<\/strong><\/em><\/span> T\u00e9 una durada de 280 hores lectives repartides en 8 hores setmanals.<\/p>\n<h3><span style=\"color: #993300;\"><strong>HORARIS<\/strong><\/span><\/h3>\n<p><img loading=\"lazy\" decoding=\"async\" class=\"aligncenter size-full wp-image-1287\" src=\"https:\/\/agora.xtec.cat\/cfalacreudebarbera\/wp-content\/uploads\/usu2281\/2025\/10\/INST.png\" alt=\"\" width=\"901\" height=\"190\" srcset=\"https:\/\/agora.xtec.cat\/cfalacreudebarbera\/wp-content\/uploads\/usu2281\/2025\/10\/INST.png 901w, https:\/\/agora.xtec.cat\/cfalacreudebarbera\/wp-content\/uploads\/usu2281\/2025\/10\/INST-300x63.png 300w, https:\/\/agora.xtec.cat\/cfalacreudebarbera\/wp-content\/uploads\/usu2281\/2025\/10\/INST-768x162.png 768w\" sizes=\"auto, (max-width: 901px) 100vw, 901px\" \/><\/p>\n","protected":false},"excerpt":{"rendered":"<p>La formaci\u00f3 instrumental \u00e9s una nova oportunitat d\u2019aprenentatge per a les persones adultes perqu\u00e8 proporciona els mitjans per a l\u2019adquisici\u00f3 de les compet\u00e8ncies, destreses i capacitats que contribueixen a l\u2019actualitzaci\u00f3 de les compet\u00e8ncies clau, facilitant el desenvolupament i l\u2019autonomia personals i acad\u00e8miques, la integraci\u00f3 social&hellip;  <a href=\"https:\/\/agora.xtec.cat\/cfalacreudebarbera\/ensenyaments\/formacio-instrumental\/\" title=\"Read Formaci\u00f3 instrumental\">Llegeix m\u00e9s\u00bb<\/a><\/p>\n","protected":false},"author":1,"featured_media":0,"parent":274,"menu_order":6,"comment_status":"closed","ping_status":"closed","template":"page-templates\/side-menu.php","meta":{"_bbp_topic_count":0,"_bbp_reply_count":0,"_bbp_total_topic_count":0,"_bbp_total_reply_count":0,"_bbp_voice_count":0,"_bbp_anonymous_reply_count":0,"_bbp_topic_count_hidden":0,"_bbp_reply_count_hidden":0,"_bbp_forum_subforum_count":0,"footnotes":""},"class_list":["post-901","page","type-page","status-publish","hentry"],"post_mailing_queue_ids":[],"_links":{"self":[{"href":"https:\/\/agora.xtec.cat\/cfalacreudebarbera\/wp-json\/wp\/v2\/pages\/901","targetHints":{"allow":["GET"]}}],"collection":[{"href":"https:\/\/agora.xtec.cat\/cfalacreudebarbera\/wp-json\/wp\/v2\/pages"}],"about":[{"href":"https:\/\/agora.xtec.cat\/cfalacreudebarbera\/wp-json\/wp\/v2\/types\/page"}],"author":[{"embeddable":true,"href":"https:\/\/agora.xtec.cat\/cfalacreudebarbera\/wp-json\/wp\/v2\/users\/1"}],"replies":[{"embeddable":true,"href":"https:\/\/agora.xtec.cat\/cfalacreudebarbera\/wp-json\/wp\/v2\/comments?post=901"}],"version-history":[{"count":4,"href":"https:\/\/agora.xtec.cat\/cfalacreudebarbera\/wp-json\/wp\/v2\/pages\/901\/revisions"}],"predecessor-version":[{"id":1288,"href":"https:\/\/agora.xtec.cat\/cfalacreudebarbera\/wp-json\/wp\/v2\/pages\/901\/revisions\/1288"}],"up":[{"embeddable":true,"href":"https:\/\/agora.xtec.cat\/cfalacreudebarbera\/wp-json\/wp\/v2\/pages\/274"}],"wp:attachment":[{"href":"https:\/\/agora.xtec.cat\/cfalacreudebarbera\/wp-json\/wp\/v2\/media?parent=901"}],"curies":[{"name":"wp","href":"https:\/\/api.w.org\/{rel}","templated":true}]}}

Formació instrumental

<p>La formació instrumental és una nova oportunitat d’aprenentatge per a les persones adultes perquè proporciona els mitjans per a l’adquisició de les competències, destreses i capacitats que contribueixen a l’actualització de les competències clau, facilitant el desenvolupament i l’autonomia personals i acadèmiques, la integració social i l’accés al món laboral.</p>
<p>L’ensenyament s’estructura en quatre nivells:</p>
<ul>
<li><strong>1r cicle (NIVELL 1 i NIVELL 2)</strong> ; <span style="text-decoration: underline;"><em>Objectius:</em></span> contribuir al desenvolupament de capacitats, destreses i habilitats que facilitin la integració de l’alumnat, l’assoliment d’una autonomia progressiva i promoguin la continuïtat formativa.</li>
</ul>
<ul>
<li><strong>2n cicle (NIVELL 3 i NIVELL 4)</strong> ; <span style="text-decoration: underline;"><em>Objectius:</em></span> consolidar l’adquisició de les competències clau per garantir una autonomia plena de l’alumnat i afavorir l’accés als estudis de GESO.</li>
</ul>
<p><span style="text-decoration: underline;"><em><strong>AL NOSTRE CENTRE S&#8217;IMPARTEIX EL NIVELL 1.</strong></em></span> Té una durada de 280 hores lectives repartides en 8 hores setmanals.</p>
<h3><span style="color: #993300;"><strong>HORARIS</strong></span></h3>
<p><img loading="lazy" decoding="async" class="aligncenter size-full wp-image-1287" src="https://agora.xtec.cat/cfalacreudebarbera/wp-content/uploads/usu2281/2025/10/INST.png" alt="" width="901" height="190" srcset="https://agora.xtec.cat/cfalacreudebarbera/wp-content/uploads/usu2281/2025/10/INST.png 901w, https://agora.xtec.cat/cfalacreudebarbera/wp-content/uploads/usu2281/2025/10/INST-300x63.png 300w, https://agora.xtec.cat/cfalacreudebarbera/wp-content/uploads/usu2281/2025/10/INST-768x162.png 768w" sizes="auto, (max-width: 901px) 100vw, 901px" /></p>

<p>La formació instrumental és una nova oportunitat d’aprenentatge per a les persones adultes perquè proporciona els mitjans per a l’adquisició de les competències, destreses i capacitats que contribueixen a l’actualització de les competències clau, facilitant el desenvolupament i l’autonomia personals i acadèmiques, la integració social&hellip;  <a href="https://agora.xtec.cat/cfalacreudebarbera/ensenyaments/formacio-instrumental/" title="Read Formació instrumental">Llegeix més»</a></p>
