{"id":831,"date":"2022-05-06T13:43:38","date_gmt":"2022-05-06T11:43:38","guid":{"rendered":"https:\/\/agora.xtec.cat\/cfalacreudebarbera\/?page_id=831"},"modified":"2023-05-17T13:14:42","modified_gmt":"2023-05-17T11:14:42","slug":"cultura-digital","status":"publish","type":"page","link":"https:\/\/agora.xtec.cat\/cfalacreudebarbera\/estrategia-digital-de-centre\/cultura-digital\/","title":{"rendered":"Cultura digital"},"content":{"rendered":"<p style=\"text-align: justify;\">La segona part de l&#8217;EDC \u00e9s un recull de la cultura digital del centre, el qual permet tenir un coneixement global del centre en l\u2019\u00e0mbit digital. Inclou procediments, acords i accions que el centre ja est\u00e0 realitzant i que permeten tenir una visi\u00f3 completa de la cultura digital que el centre ja ha assolit:<\/p>\n<ul>\n<li><a href=\"https:\/\/agora.xtec.cat\/cfalacreudebarbera\/estrategia-digital-de-centre\/cultura-digital\/acollida-digital\/\" target=\"_blank\" rel=\"noopener\">Acollida digital.<\/a><\/li>\n<li><a href=\"https:\/\/agora.xtec.cat\/cfalacreudebarbera\/estrategia-digital-de-centre\/cultura-digital\/pla-de-comunicacio\/\" target=\"_blank\" rel=\"noopener\">Pla de comunicaci\u00f3.<\/a><\/li>\n<\/ul>\n","protected":false},"excerpt":{"rendered":"<p>La segona part de l&#8217;EDC \u00e9s un recull de la cultura digital del centre, el qual permet tenir un coneixement global del centre en l\u2019\u00e0mbit digital. Inclou procediments, acords i accions que el centre ja est\u00e0 realitzant i que permeten tenir una visi\u00f3 completa de&hellip;  <a href=\"https:\/\/agora.xtec.cat\/cfalacreudebarbera\/estrategia-digital-de-centre\/cultura-digital\/\" title=\"Read Cultura digital\">Llegeix m\u00e9s\u00bb<\/a><\/p>\n","protected":false},"author":1,"featured_media":0,"parent":822,"menu_order":2,"comment_status":"closed","ping_status":"closed","template":"page-templates\/side-menu.php","meta":{"_bbp_topic_count":0,"_bbp_reply_count":0,"_bbp_total_topic_count":0,"_bbp_total_reply_count":0,"_bbp_voice_count":0,"_bbp_anonymous_reply_count":0,"_bbp_topic_count_hidden":0,"_bbp_reply_count_hidden":0,"_bbp_forum_subforum_count":0,"footnotes":""},"class_list":["post-831","page","type-page","status-publish","hentry"],"post_mailing_queue_ids":[],"_links":{"self":[{"href":"https:\/\/agora.xtec.cat\/cfalacreudebarbera\/wp-json\/wp\/v2\/pages\/831","targetHints":{"allow":["GET"]}}],"collection":[{"href":"https:\/\/agora.xtec.cat\/cfalacreudebarbera\/wp-json\/wp\/v2\/pages"}],"about":[{"href":"https:\/\/agora.xtec.cat\/cfalacreudebarbera\/wp-json\/wp\/v2\/types\/page"}],"author":[{"embeddable":true,"href":"https:\/\/agora.xtec.cat\/cfalacreudebarbera\/wp-json\/wp\/v2\/users\/1"}],"replies":[{"embeddable":true,"href":"https:\/\/agora.xtec.cat\/cfalacreudebarbera\/wp-json\/wp\/v2\/comments?post=831"}],"version-history":[{"count":4,"href":"https:\/\/agora.xtec.cat\/cfalacreudebarbera\/wp-json\/wp\/v2\/pages\/831\/revisions"}],"predecessor-version":[{"id":985,"href":"https:\/\/agora.xtec.cat\/cfalacreudebarbera\/wp-json\/wp\/v2\/pages\/831\/revisions\/985"}],"up":[{"embeddable":true,"href":"https:\/\/agora.xtec.cat\/cfalacreudebarbera\/wp-json\/wp\/v2\/pages\/822"}],"wp:attachment":[{"href":"https:\/\/agora.xtec.cat\/cfalacreudebarbera\/wp-json\/wp\/v2\/media?parent=831"}],"curies":[{"name":"wp","href":"https:\/\/api.w.org\/{rel}","templated":true}]}}

<p style="text-align: justify;">La segona part de l&#8217;EDC és un recull de la cultura digital del centre, el qual permet tenir un coneixement global del centre en l’àmbit digital. Inclou procediments, acords i accions que el centre ja està realitzant i que permeten tenir una visió completa de la cultura digital que el centre ja ha assolit:</p>
<ul>
<li><a href="https://agora.xtec.cat/cfalacreudebarbera/estrategia-digital-de-centre/cultura-digital/acollida-digital/" target="_blank" rel="noopener">Acollida digital.</a></li>
<li><a href="https://agora.xtec.cat/cfalacreudebarbera/estrategia-digital-de-centre/cultura-digital/pla-de-comunicacio/" target="_blank" rel="noopener">Pla de comunicació.</a></li>
</ul>

<p>La segona part de l&#8217;EDC és un recull de la cultura digital del centre, el qual permet tenir un coneixement global del centre en l’àmbit digital. Inclou procediments, acords i accions que el centre ja està realitzant i que permeten tenir una visió completa de&hellip;  <a href="https://agora.xtec.cat/cfalacreudebarbera/estrategia-digital-de-centre/cultura-digital/" title="Read Cultura digital">Llegeix més»</a></p>
