{"id":829,"date":"2022-05-06T13:38:14","date_gmt":"2022-05-06T11:38:14","guid":{"rendered":"https:\/\/agora.xtec.cat\/cfalacreudebarbera\/?page_id=829"},"modified":"2024-05-23T15:40:41","modified_gmt":"2024-05-23T13:40:41","slug":"estrategia","status":"publish","type":"page","link":"https:\/\/agora.xtec.cat\/cfalacreudebarbera\/estrategia-digital-de-centre\/estrategia\/","title":{"rendered":"Estrat\u00e8gia"},"content":{"rendered":"<p style=\"text-align: justify;\">La primera part de l&#8217;EDC \u00e9s estrat\u00e8gica i marca l\u2019horitz\u00f3 on vol arribar el centre a mitj\u00e0 termini en l\u2019\u00e0mbit digital. Inclou una diagnosi, la determinaci\u00f3 d\u2019objectius, la planificaci\u00f3 d\u2019actuacions concretes i fixa l\u2019avaluaci\u00f3 de la mateixa estrat\u00e8gia:<\/p>\n<p style=\"text-align: justify;\"><span style=\"color: #ff0000;\"><strong>DIAGNOSI<\/strong><\/span><\/p>\n<p style=\"text-align: justify;\">Hem realitzat la diagnosi entre els mesos de gener i juny usant les eines <strong>SELFIE FOR TEACHERS i Q\u00dcESTIONARI PEL PROFESSORAT.<\/strong> Ambdues eines ens han ajudat a identificar els punts forts i identificar on es necessita m\u00e9s desenvolupament i suport professional. De la mateixa manera hem pogut establir quins s\u00f3n els objectius a desenvolupar en l&#8217;EDC per tal de millorar la compet\u00e8ncia digital de l\u2019alumnat.<\/p>\n<p style=\"text-align: justify;\"><span style=\"color: #ff0000;\"><strong>OBJECTIUS<\/strong><\/span><\/p>\n<p style=\"text-align: justify;\">A partir de l&#8217;an\u00e0lisi de la diagnosi s&#8217;estableixen els seg\u00fcents objectius:<\/p>\n<ul>\n<li style=\"text-align: justify;\">Organitzar i temporalitzar la compet\u00e8ncia digital de l&#8217;alumnat segons els ensenyaments per tal de garantir el seu assoliment.<\/li>\n<li style=\"text-align: justify;\">Formar el professorat en eines EVA (Entorn Virtual d\u2019Aprenentatge) per tal d&#8217;aplicar-les en la metodologia.<\/li>\n<li style=\"text-align: justify;\">Formar el professorat en eines d&#8217;avaluaci\u00f3 per tal d\u2019aplicar-les en la metodologia.<\/li>\n<li style=\"text-align: justify;\">Crear document EDC (Estrat\u00e8gia Digital de Centre).<\/li>\n<li style=\"text-align: justify;\">Millorar i establir protocol d&#8217;acollida digital del professorat.<\/li>\n<li style=\"text-align: justify;\">Millorar i establir protocol d&#8217;acollida digital de l&#8217;alumnat.<\/li>\n<\/ul>\n<p><span style=\"color: #ff0000;\"><strong>OBJECTIUS, TEMPORITZACI\u00d3 I INDICADORS<\/strong><\/span><\/p>\n<p>En el seg\u00fcent enlla\u00e7 tenim el document:\u00a0<a href=\"https:\/\/docs.google.com\/spreadsheets\/d\/1pUrywsY9vpHj0VrAzX8Um0lwQbecduEiA5gu4QiegLc\/edit?usp=drive_link\" target=\"_blank\" rel=\"noopener\">OBJECTIUS, TEMPORITZACI\u00d3 I INDICADORS<\/a><\/p>\n<p><img loading=\"lazy\" decoding=\"async\" class=\"aligncenter size-large wp-image-1091\" src=\"https:\/\/agora.xtec.cat\/cfalacreudebarbera\/wp-content\/uploads\/usu2281\/2024\/05\/objectius-1024x308.png\" alt=\"\" width=\"1024\" height=\"308\" srcset=\"https:\/\/agora.xtec.cat\/cfalacreudebarbera\/wp-content\/uploads\/usu2281\/2024\/05\/objectius-1024x308.png 1024w, https:\/\/agora.xtec.cat\/cfalacreudebarbera\/wp-content\/uploads\/usu2281\/2024\/05\/objectius-300x90.png 300w, https:\/\/agora.xtec.cat\/cfalacreudebarbera\/wp-content\/uploads\/usu2281\/2024\/05\/objectius-768x231.png 768w, https:\/\/agora.xtec.cat\/cfalacreudebarbera\/wp-content\/uploads\/usu2281\/2024\/05\/objectius.png 1237w\" sizes=\"auto, (max-width: 1024px) 100vw, 1024px\" \/><\/p>\n<p style=\"text-align: justify;\"><span style=\"color: #ff0000;\"><strong>PLANIFICACI\u00d3<\/strong><\/span><\/p>\n<p>En el seg\u00fcent enlla\u00e7 tenim el document: <a href=\"https:\/\/docs.google.com\/spreadsheets\/d\/1v7wEOQ00J116sD-agbHr2NDSt_ywuWbA0Mm3bMzly6A\/edit?usp=drive_link\" target=\"_blank\" rel=\"noopener\">PLANIFICACI\u00d3 I SEGUIMENT<\/a><\/p>\n<p style=\"text-align: justify;\"><span style=\"color: #ff0000;\"><strong>AVALUACI\u00d3<\/strong><\/span><\/p>\n<p style=\"text-align: justify;\">En el seg\u00fcent enlla\u00e7 tenim el document: <a href=\"https:\/\/docs.google.com\/spreadsheets\/d\/15S12e4POUGp-fleYcu00OVFkJWfCJAt0sCqBd0xYgvU\/edit?usp=drive_link\" target=\"_blank\" rel=\"noopener\">AVALUACI\u00d3 &#8211; INDICADORS<\/a><\/p>\n","protected":false},"excerpt":{"rendered":"<p>La primera part de l&#8217;EDC \u00e9s estrat\u00e8gica i marca l\u2019horitz\u00f3 on vol arribar el centre a mitj\u00e0 termini en l\u2019\u00e0mbit digital. Inclou una diagnosi, la determinaci\u00f3 d\u2019objectius, la planificaci\u00f3 d\u2019actuacions concretes i fixa l\u2019avaluaci\u00f3 de la mateixa estrat\u00e8gia:<br \/>\nDIAGNOSI<br \/>\nHem realitzat la diagnosi entre els mesos de&hellip;  <a href=\"https:\/\/agora.xtec.cat\/cfalacreudebarbera\/estrategia-digital-de-centre\/estrategia\/\" title=\"Read Estrat\u00e8gia\">Llegeix m\u00e9s\u00bb<\/a><\/p>\n","protected":false},"author":1,"featured_media":0,"parent":822,"menu_order":1,"comment_status":"closed","ping_status":"closed","template":"page-templates\/side-menu.php","meta":{"_bbp_topic_count":0,"_bbp_reply_count":0,"_bbp_total_topic_count":0,"_bbp_total_reply_count":0,"_bbp_voice_count":0,"_bbp_anonymous_reply_count":0,"_bbp_topic_count_hidden":0,"_bbp_reply_count_hidden":0,"_bbp_forum_subforum_count":0,"footnotes":""},"class_list":["post-829","page","type-page","status-publish","hentry"],"post_mailing_queue_ids":[],"_links":{"self":[{"href":"https:\/\/agora.xtec.cat\/cfalacreudebarbera\/wp-json\/wp\/v2\/pages\/829","targetHints":{"allow":["GET"]}}],"collection":[{"href":"https:\/\/agora.xtec.cat\/cfalacreudebarbera\/wp-json\/wp\/v2\/pages"}],"about":[{"href":"https:\/\/agora.xtec.cat\/cfalacreudebarbera\/wp-json\/wp\/v2\/types\/page"}],"author":[{"embeddable":true,"href":"https:\/\/agora.xtec.cat\/cfalacreudebarbera\/wp-json\/wp\/v2\/users\/1"}],"replies":[{"embeddable":true,"href":"https:\/\/agora.xtec.cat\/cfalacreudebarbera\/wp-json\/wp\/v2\/comments?post=829"}],"version-history":[{"count":4,"href":"https:\/\/agora.xtec.cat\/cfalacreudebarbera\/wp-json\/wp\/v2\/pages\/829\/revisions"}],"predecessor-version":[{"id":1092,"href":"https:\/\/agora.xtec.cat\/cfalacreudebarbera\/wp-json\/wp\/v2\/pages\/829\/revisions\/1092"}],"up":[{"embeddable":true,"href":"https:\/\/agora.xtec.cat\/cfalacreudebarbera\/wp-json\/wp\/v2\/pages\/822"}],"wp:attachment":[{"href":"https:\/\/agora.xtec.cat\/cfalacreudebarbera\/wp-json\/wp\/v2\/media?parent=829"}],"curies":[{"name":"wp","href":"https:\/\/api.w.org\/{rel}","templated":true}]}}

Estratègia

<p style="text-align: justify;">La primera part de l&#8217;EDC és estratègica i marca l’horitzó on vol arribar el centre a mitjà termini en l’àmbit digital. Inclou una diagnosi, la determinació d’objectius, la planificació d’actuacions concretes i fixa l’avaluació de la mateixa estratègia:</p>
<p style="text-align: justify;"><span style="color: #ff0000;"><strong>DIAGNOSI</strong></span></p>
<p style="text-align: justify;">Hem realitzat la diagnosi entre els mesos de gener i juny usant les eines <strong>SELFIE FOR TEACHERS i QÜESTIONARI PEL PROFESSORAT.</strong> Ambdues eines ens han ajudat a identificar els punts forts i identificar on es necessita més desenvolupament i suport professional. De la mateixa manera hem pogut establir quins són els objectius a desenvolupar en l&#8217;EDC per tal de millorar la competència digital de l’alumnat.</p>
<p style="text-align: justify;"><span style="color: #ff0000;"><strong>OBJECTIUS</strong></span></p>
<p style="text-align: justify;">A partir de l&#8217;anàlisi de la diagnosi s&#8217;estableixen els següents objectius:</p>
<ul>
<li style="text-align: justify;">Organitzar i temporalitzar la competència digital de l&#8217;alumnat segons els ensenyaments per tal de garantir el seu assoliment.</li>
<li style="text-align: justify;">Formar el professorat en eines EVA (Entorn Virtual d’Aprenentatge) per tal d&#8217;aplicar-les en la metodologia.</li>
<li style="text-align: justify;">Formar el professorat en eines d&#8217;avaluació per tal d’aplicar-les en la metodologia.</li>
<li style="text-align: justify;">Crear document EDC (Estratègia Digital de Centre).</li>
<li style="text-align: justify;">Millorar i establir protocol d&#8217;acollida digital del professorat.</li>
<li style="text-align: justify;">Millorar i establir protocol d&#8217;acollida digital de l&#8217;alumnat.</li>
</ul>
<p><span style="color: #ff0000;"><strong>OBJECTIUS, TEMPORITZACIÓ I INDICADORS</strong></span></p>
<p>En el següent enllaç tenim el document: <a href="https://docs.google.com/spreadsheets/d/1pUrywsY9vpHj0VrAzX8Um0lwQbecduEiA5gu4QiegLc/edit?usp=drive_link" target="_blank" rel="noopener">OBJECTIUS, TEMPORITZACIÓ I INDICADORS</a></p>
<p><img loading="lazy" decoding="async" class="aligncenter size-large wp-image-1091" src="https://agora.xtec.cat/cfalacreudebarbera/wp-content/uploads/usu2281/2024/05/objectius-1024x308.png" alt="" width="1024" height="308" srcset="https://agora.xtec.cat/cfalacreudebarbera/wp-content/uploads/usu2281/2024/05/objectius-1024x308.png 1024w, https://agora.xtec.cat/cfalacreudebarbera/wp-content/uploads/usu2281/2024/05/objectius-300x90.png 300w, https://agora.xtec.cat/cfalacreudebarbera/wp-content/uploads/usu2281/2024/05/objectius-768x231.png 768w, https://agora.xtec.cat/cfalacreudebarbera/wp-content/uploads/usu2281/2024/05/objectius.png 1237w" sizes="auto, (max-width: 1024px) 100vw, 1024px" /></p>
<p style="text-align: justify;"><span style="color: #ff0000;"><strong>PLANIFICACIÓ</strong></span></p>
<p>En el següent enllaç tenim el document: <a href="https://docs.google.com/spreadsheets/d/1v7wEOQ00J116sD-agbHr2NDSt_ywuWbA0Mm3bMzly6A/edit?usp=drive_link" target="_blank" rel="noopener">PLANIFICACIÓ I SEGUIMENT</a></p>
<p style="text-align: justify;"><span style="color: #ff0000;"><strong>AVALUACIÓ</strong></span></p>
<p style="text-align: justify;">En el següent enllaç tenim el document: <a href="https://docs.google.com/spreadsheets/d/15S12e4POUGp-fleYcu00OVFkJWfCJAt0sCqBd0xYgvU/edit?usp=drive_link" target="_blank" rel="noopener">AVALUACIÓ &#8211; INDICADORS</a></p>

<p>La primera part de l&#8217;EDC és estratègica i marca l’horitzó on vol arribar el centre a mitjà termini en l’àmbit digital. Inclou una diagnosi, la determinació d’objectius, la planificació d’actuacions concretes i fixa l’avaluació de la mateixa estratègia:<br />
DIAGNOSI<br />
Hem realitzat la diagnosi entre els mesos de&hellip;  <a href="https://agora.xtec.cat/cfalacreudebarbera/estrategia-digital-de-centre/estrategia/" title="Read Estratègia">Llegeix més»</a></p>
