{"id":559,"date":"2020-12-07T23:26:55","date_gmt":"2020-12-07T22:26:55","guid":{"rendered":"https:\/\/agora.xtec.cat\/cfalacreudebarbera\/?page_id=559"},"modified":"2020-12-08T00:07:20","modified_gmt":"2020-12-07T23:07:20","slug":"arts-plastiques-i-disseny-grau-superior","status":"publish","type":"page","link":"https:\/\/agora.xtec.cat\/cfalacreudebarbera\/ensenyaments\/a-cicles-formatius-de-grau-superior\/arts-plastiques-i-disseny-grau-superior\/","title":{"rendered":"Arts pl\u00e0stiques i disseny. Grau superior"},"content":{"rendered":"<p style=\"text-align: justify;\"><em><strong>No et presentar\u00e0s a aquesta prova si tens alguna de les seg\u00fcents <a href=\"https:\/\/agora.xtec.cat\/cfalacreudebarbera\/wp-content\/uploads\/usu2281\/2020\/12\/ACC\u00c9S-DIRECTE-APD-GRAU-SUPERIOR.pdf\">titulacions<\/a><\/strong><\/em>\u00a0(ja que hi tindr\u00e0s acc\u00e9s directe a un cicle de grau superior d&#8217;arts pl\u00e0stiques i disseny)<\/p>\n<p style=\"text-align: justify;\"><strong>Es podran inscriure a la prova:<\/strong><\/p>\n<p style=\"text-align: justify;\">Les persones que tenen el t\u00edtol de <strong>batxillerat<\/strong> o un <a href=\"http:\/\/queestudiar.gencat.cat\/ca\/estudis\/apd\/equivalencies\/equivalencies-btx\/\" target=\"_blank\" rel=\"noopener noreferrer\">t\u00edtol equivalent<\/a> a efectes d&#8217;acc\u00e9s, nom\u00e9s han de fer la <strong>part espec\u00edfica<\/strong> de la prova. Les persones que es troben a l&#8217;\u00faltim curs d&#8217;un d&#8217;aquests t\u00edtols tamb\u00e9 poden fer la prova i han d&#8217;acreditar que tenen la titulaci\u00f3 en el proc\u00e9s de matr\u00edcula.<\/p>\n<p style=\"text-align: justify;\">Les persones que no tenen el t\u00edtol de batxillerat han de fer les dues parts de la prova: la <strong>part comuna<\/strong> i la <strong>part espec\u00edfica<\/strong>. En aquest cas, es poden inscriure a la prova:<\/p>\n<ul style=\"text-align: justify;\">\n<li>les persones que tenen <strong>19 anys<\/strong> o m\u00e9s (o b\u00e9 complir-los durant l&#8217;any en qu\u00e8 es realitza la prova) i<\/li>\n<li>les persones que tenen <strong>18 anys<\/strong> o m\u00e9s (o b\u00e9 complir-los durant l&#8217;any en qu\u00e8 es realitza la prova) i acrediten que tenen un t\u00edtol de t\u00e8cnic d&#8217;un cicle de grau mitj\u00e0 d&#8217;arts pl\u00e0stiques i disseny o de formaci\u00f3 professional d&#8217;una <a href=\"http:\/\/queestudiar.gencat.cat\/ca\/estudis\/apd\/equivalencies\/equivalencies-families-apd-fp\/\" target=\"_blank\" rel=\"noopener noreferrer\">fam\u00edlia equivalent<\/a> en el moment de la matr\u00edcula (o cursen l&#8217;\u00faltim curs del cicle).<\/li>\n<\/ul>\n<p style=\"text-align: justify;\"><strong>PART COMUNA<\/strong> de la prova: es prepara presencialment al nostre centre<\/p>\n<ul style=\"text-align: justify;\">\n<li>llengua catalana<\/li>\n<li>llengua castellana<\/li>\n<li>llengua estrangera (al nostre centre impartim angl\u00e8s. Si et vols preparar franc\u00e8s o alemany li ho comuniques al tutor i et matricularem d&#8217;aquesta mat\u00e8ria per cursar-la a dist\u00e0ncia a trav\u00e9s de l&#8217;IOC)<\/li>\n<li>una quarta a escollir entre hist\u00f2ria i matem\u00e0tiques (al nostre centre impartim matem\u00e0tiques. Si et vols preparar hist\u00f2ria li ho comuniques al tutor i et matricularem d&#8217;aquesta mat\u00e8ria per cursar-la a dist\u00e0ncia a trav\u00e9s de l&#8217;IOC)<\/li>\n<\/ul>\n<p style=\"text-align: justify;\"><strong>PART ESPEC\u00cdFICA<\/strong> de la prova: nosaltres et matriculem per cursar a dist\u00e0ncia les dues mat\u00e8ries espec\u00edfiques a trav\u00e9s de l\u2019IOC a escollir entre tres opcions:<\/p>\n<ul style=\"text-align: justify;\">\n<li>L&#8217;\u00e0mbit de la comunicaci\u00f3 i el disseny que integri els continguts de les mat\u00e8ries de <strong>Cultura audiovisual i Disseny<\/strong>.<\/li>\n<li>L&#8217;\u00e0mbit de l&#8217;expressi\u00f3 art\u00edstica que integri els continguts de les mat\u00e8ries de <strong>Fonaments de les arts i Dibuix art\u00edstic<\/strong>.<\/li>\n<li>L&#8217;\u00e0mbit de l&#8217;art i la tecnologia que integri els continguts de les mat\u00e8ries de <strong>Dibuix t\u00e8cnic i Disseny<\/strong>.<\/li>\n<\/ul>\n<p style=\"text-align: justify;\">La prova est\u00e0 basada en els seg\u00fcents <a href=\"http:\/\/educacio.gencat.cat\/ca\/serveis-tramits\/proves\/proves-acces\/gs-apd\/contingut-temaris-material\/temaris\/\" target=\"_blank\" rel=\"noopener noreferrer\">temaris<\/a><\/p>\n<p style=\"text-align: justify;\">Pots consultar <a href=\"http:\/\/educacio.gencat.cat\/ca\/serveis-tramits\/proves\/proves-acces\/gs-apd\/mostres\/\" target=\"_blank\" rel=\"noopener noreferrer\">mostres<\/a> de la prova<\/p>\n<p style=\"text-align: justify;\">Pots consultar com ser\u00e0 la <a href=\"http:\/\/educacio.gencat.cat\/ca\/serveis-tramits\/proves\/proves-acces\/gs-apd\/qualificacions-certificacions\/\" target=\"_blank\" rel=\"noopener noreferrer\">qualificaci\u00f3<\/a> de la prova.<\/p>\n<p style=\"text-align: justify;\">Pots consultar les <a href=\"http:\/\/educacio.gencat.cat\/ca\/serveis-tramits\/proves\/proves-acces\/gs-apd\/exempcions\/\" target=\"_blank\" rel=\"noopener noreferrer\">exempcions<\/a> que es poden demanar segons les teves circumst\u00e0ncies laborals o acad\u00e8miques.<\/p>\n<p style=\"text-align: justify;\">Tens m\u00e9s informaci\u00f3 al seg\u00fcent <a href=\"http:\/\/educacio.gencat.cat\/ca\/serveis-tramits\/proves\/proves-acces\/gs-apd\/\" target=\"_blank\" rel=\"noopener noreferrer\">enlla\u00e7<\/a><\/p>\n","protected":false},"excerpt":{"rendered":"<p>No et presentar\u00e0s a aquesta prova si tens alguna de les seg\u00fcents <a href=\"https:\/\/agora.xtec.cat\/cfalacreudebarbera\/wp-content\/uploads\/usu2281\/2020\/12\/ACC\u00c9S-DIRECTE-APD-GRAU-SUPERIOR.pdf\">titulacions<\/a>\u00a0(ja que hi tindr\u00e0s acc\u00e9s directe a un cicle de grau superior d&#8217;arts pl\u00e0stiques i disseny)<br \/>\nEs podran inscriure a la prova:<br \/>\nLes persones que tenen el t\u00edtol de batxillerat o un <a href=\"http:\/\/queestudiar.gencat.cat\/ca\/estudis\/apd\/equivalencies\/equivalencies-btx\/\"&hellip;  <a href=\"https:\/\/agora.xtec.cat\/cfalacreudebarbera\/ensenyaments\/a-cicles-formatius-de-grau-superior\/arts-plastiques-i-disseny-grau-superior\/\" title=\"Read Arts pl\u00e0stiques i disseny. Grau superior\">Llegeix m\u00e9s\u00bb<\/a><\/p>\n","protected":false},"author":1,"featured_media":0,"parent":320,"menu_order":2,"comment_status":"closed","ping_status":"closed","template":"page-templates\/side-menu.php","meta":{"_bbp_topic_count":0,"_bbp_reply_count":0,"_bbp_total_topic_count":0,"_bbp_total_reply_count":0,"_bbp_voice_count":0,"_bbp_anonymous_reply_count":0,"_bbp_topic_count_hidden":0,"_bbp_reply_count_hidden":0,"_bbp_forum_subforum_count":0,"footnotes":""},"class_list":["post-559","page","type-page","status-publish","hentry"],"post_mailing_queue_ids":[],"_links":{"self":[{"href":"https:\/\/agora.xtec.cat\/cfalacreudebarbera\/wp-json\/wp\/v2\/pages\/559","targetHints":{"allow":["GET"]}}],"collection":[{"href":"https:\/\/agora.xtec.cat\/cfalacreudebarbera\/wp-json\/wp\/v2\/pages"}],"about":[{"href":"https:\/\/agora.xtec.cat\/cfalacreudebarbera\/wp-json\/wp\/v2\/types\/page"}],"author":[{"embeddable":true,"href":"https:\/\/agora.xtec.cat\/cfalacreudebarbera\/wp-json\/wp\/v2\/users\/1"}],"replies":[{"embeddable":true,"href":"https:\/\/agora.xtec.cat\/cfalacreudebarbera\/wp-json\/wp\/v2\/comments?post=559"}],"version-history":[{"count":3,"href":"https:\/\/agora.xtec.cat\/cfalacreudebarbera\/wp-json\/wp\/v2\/pages\/559\/revisions"}],"predecessor-version":[{"id":578,"href":"https:\/\/agora.xtec.cat\/cfalacreudebarbera\/wp-json\/wp\/v2\/pages\/559\/revisions\/578"}],"up":[{"embeddable":true,"href":"https:\/\/agora.xtec.cat\/cfalacreudebarbera\/wp-json\/wp\/v2\/pages\/320"}],"wp:attachment":[{"href":"https:\/\/agora.xtec.cat\/cfalacreudebarbera\/wp-json\/wp\/v2\/media?parent=559"}],"curies":[{"name":"wp","href":"https:\/\/api.w.org\/{rel}","templated":true}]}}

Arts plàstiques i disseny. Grau superior

<p style="text-align: justify;"><em><strong>No et presentaràs a aquesta prova si tens alguna de les següents <a href="https://agora.xtec.cat/cfalacreudebarbera/wp-content/uploads/usu2281/2020/12/ACCÉS-DIRECTE-APD-GRAU-SUPERIOR.pdf">titulacions</a></strong></em> (ja que hi tindràs accés directe a un cicle de grau superior d&#8217;arts plàstiques i disseny)</p>
<p style="text-align: justify;"><strong>Es podran inscriure a la prova:</strong></p>
<p style="text-align: justify;">Les persones que tenen el títol de <strong>batxillerat</strong> o un <a href="http://queestudiar.gencat.cat/ca/estudis/apd/equivalencies/equivalencies-btx/" target="_blank" rel="noopener noreferrer">títol equivalent</a> a efectes d&#8217;accés, només han de fer la <strong>part específica</strong> de la prova. Les persones que es troben a l&#8217;últim curs d&#8217;un d&#8217;aquests títols també poden fer la prova i han d&#8217;acreditar que tenen la titulació en el procés de matrícula.</p>
<p style="text-align: justify;">Les persones que no tenen el títol de batxillerat han de fer les dues parts de la prova: la <strong>part comuna</strong> i la <strong>part específica</strong>. En aquest cas, es poden inscriure a la prova:</p>
<ul style="text-align: justify;">
<li>les persones que tenen <strong>19 anys</strong> o més (o bé complir-los durant l&#8217;any en què es realitza la prova) i</li>
<li>les persones que tenen <strong>18 anys</strong> o més (o bé complir-los durant l&#8217;any en què es realitza la prova) i acrediten que tenen un títol de tècnic d&#8217;un cicle de grau mitjà d&#8217;arts plàstiques i disseny o de formació professional d&#8217;una <a href="http://queestudiar.gencat.cat/ca/estudis/apd/equivalencies/equivalencies-families-apd-fp/" target="_blank" rel="noopener noreferrer">família equivalent</a> en el moment de la matrícula (o cursen l&#8217;últim curs del cicle).</li>
</ul>
<p style="text-align: justify;"><strong>PART COMUNA</strong> de la prova: es prepara presencialment al nostre centre</p>
<ul style="text-align: justify;">
<li>llengua catalana</li>
<li>llengua castellana</li>
<li>llengua estrangera (al nostre centre impartim anglès. Si et vols preparar francès o alemany li ho comuniques al tutor i et matricularem d&#8217;aquesta matèria per cursar-la a distància a través de l&#8217;IOC)</li>
<li>una quarta a escollir entre història i matemàtiques (al nostre centre impartim matemàtiques. Si et vols preparar història li ho comuniques al tutor i et matricularem d&#8217;aquesta matèria per cursar-la a distància a través de l&#8217;IOC)</li>
</ul>
<p style="text-align: justify;"><strong>PART ESPECÍFICA</strong> de la prova: nosaltres et matriculem per cursar a distància les dues matèries específiques a través de l’IOC a escollir entre tres opcions:</p>
<ul style="text-align: justify;">
<li>L&#8217;àmbit de la comunicació i el disseny que integri els continguts de les matèries de <strong>Cultura audiovisual i Disseny</strong>.</li>
<li>L&#8217;àmbit de l&#8217;expressió artística que integri els continguts de les matèries de <strong>Fonaments de les arts i Dibuix artístic</strong>.</li>
<li>L&#8217;àmbit de l&#8217;art i la tecnologia que integri els continguts de les matèries de <strong>Dibuix tècnic i Disseny</strong>.</li>
</ul>
<p style="text-align: justify;">La prova està basada en els següents <a href="http://educacio.gencat.cat/ca/serveis-tramits/proves/proves-acces/gs-apd/contingut-temaris-material/temaris/" target="_blank" rel="noopener noreferrer">temaris</a></p>
<p style="text-align: justify;">Pots consultar <a href="http://educacio.gencat.cat/ca/serveis-tramits/proves/proves-acces/gs-apd/mostres/" target="_blank" rel="noopener noreferrer">mostres</a> de la prova</p>
<p style="text-align: justify;">Pots consultar com serà la <a href="http://educacio.gencat.cat/ca/serveis-tramits/proves/proves-acces/gs-apd/qualificacions-certificacions/" target="_blank" rel="noopener noreferrer">qualificació</a> de la prova.</p>
<p style="text-align: justify;">Pots consultar les <a href="http://educacio.gencat.cat/ca/serveis-tramits/proves/proves-acces/gs-apd/exempcions/" target="_blank" rel="noopener noreferrer">exempcions</a> que es poden demanar segons les teves circumstàncies laborals o acadèmiques.</p>
<p style="text-align: justify;">Tens més informació al següent <a href="http://educacio.gencat.cat/ca/serveis-tramits/proves/proves-acces/gs-apd/" target="_blank" rel="noopener noreferrer">enllaç</a></p>

<p>No et presentaràs a aquesta prova si tens alguna de les següents <a href="https://agora.xtec.cat/cfalacreudebarbera/wp-content/uploads/usu2281/2020/12/ACCÉS-DIRECTE-APD-GRAU-SUPERIOR.pdf">titulacions</a> (ja que hi tindràs accés directe a un cicle de grau superior d&#8217;arts plàstiques i disseny)<br />
Es podran inscriure a la prova:<br />
Les persones que tenen el títol de batxillerat o un <a href="http://queestudiar.gencat.cat/ca/estudis/apd/equivalencies/equivalencies-btx/"&hellip;  <a href="https://agora.xtec.cat/cfalacreudebarbera/ensenyaments/a-cicles-formatius-de-grau-superior/arts-plastiques-i-disseny-grau-superior/" title="Read Arts plàstiques i disseny. Grau superior">Llegeix més»</a></p>
