{"id":550,"date":"2020-12-07T21:23:35","date_gmt":"2020-12-07T20:23:35","guid":{"rendered":"https:\/\/agora.xtec.cat\/cfalacreudebarbera\/?page_id=550"},"modified":"2023-09-22T12:48:13","modified_gmt":"2023-09-22T10:48:13","slug":"formacio-professional-grau-superior","status":"publish","type":"page","link":"https:\/\/agora.xtec.cat\/cfalacreudebarbera\/ensenyaments\/a-cicles-formatius-de-grau-superior\/formacio-professional-grau-superior\/","title":{"rendered":"Formaci\u00f3 professional. Grau superior"},"content":{"rendered":"<p style=\"text-align: justify;\"><strong><em>No es poden presentar a la prova<\/em><\/strong> les persones que tinguin titulaci\u00f3 acad\u00e8mica o ensenyaments equivalents que permeten l&#8217;acc\u00e9s directe a la formaci\u00f3 professional de grau superior <a href=\"https:\/\/agora.xtec.cat\/cfalacreudebarbera\/wp-content\/uploads\/usu2281\/2020\/12\/ACC\u00c9S-DIRECTE-FORMACI\u00d3-PROFESSIONAL-GRAU-SUPERIOR.pdf\">(batxillerat o equivalent, cicle formatiu de grau mitj\u00e0 d&#8217;FP, &#8230;)<\/a>.<\/p>\n<p style=\"text-align: justify;\"><strong>Per inscriure&#8217;s a la prova<\/strong> cal tenir 19 anys o m\u00e9s (o b\u00e9 complir-los durant l&#8217;any en qu\u00e8 es realitza la prova).<\/p>\n<p style=\"text-align: justify;\"><b>PART COMUNA<\/b> de la prova: es prepara presencialment al nostre centre<\/p>\n<ul style=\"text-align: justify;\">\n<li>llengua catalana<\/li>\n<li>llengua castellana<\/li>\n<li>llengua estrangera (al nostre centre impartim angl\u00e8s. Si et vols preparar franc\u00e8s o alemany li ho comuniques al tutor i et matricularem d&#8217;aquesta mat\u00e8ria per cursar-la a dist\u00e0ncia a trav\u00e9s de l&#8217;IOC)<\/li>\n<li>matem\u00e0tiques<\/li>\n<\/ul>\n<p style=\"text-align: justify;\"><b>PART ESPEC\u00cdFICA<\/b> de la prova: nosaltres et matriculem per cursar a dist\u00e0ncia les dues mat\u00e8ries espec\u00edfiques a trav\u00e9s de l&#8217;IOC<\/p>\n<ul style=\"text-align: justify;\">\n<li>Compr\u00e8n les mat\u00e8ries agrupades en opcions. L&#8217;aspirant ha de triar-ne dues de l&#8217;<a href=\"https:\/\/agora.xtec.cat\/cfalacreudebarbera\/wp-content\/uploads\/usu2281\/2020\/12\/opcions-materies-GS-FP.pdf\" target=\"_blank\" rel=\"noopener noreferrer\">opci\u00f3 de mat\u00e8ries<\/a> que escull segons el <a href=\"http:\/\/queestudiar.gencat.cat\/ca\/estudis\/fp\/cicles\/gs\/\" target=\"_blank\" rel=\"noopener noreferrer\">cicle de grau superior<\/a> a qu\u00e8 vol accedir.<\/li>\n<\/ul>\n<p style=\"text-align: justify;\">La durada aproximada de la formaci\u00f3 d&#8217;aquest curs de preparaci\u00f3 \u00e9s:<\/p>\n<ul style=\"text-align: justify;\">\n<li>Part comuna: 300 hores<\/li>\n<li>Per a les dues mat\u00e8ries de la part espec\u00edfica: 99 hores<\/li>\n<\/ul>\n<p style=\"text-align: justify;\">La prova est\u00e0 basada en els seg\u00fcents <a href=\"http:\/\/educacio.gencat.cat\/ca\/serveis-tramits\/proves\/proves-acces\/gs-fp\/contingut-temaris-material\/temaris\/\" target=\"_blank\" rel=\"noopener noreferrer\">temaris<\/a><\/p>\n<p style=\"text-align: justify;\">Pots consultar <a href=\"http:\/\/educacio.gencat.cat\/ca\/serveis-tramits\/proves\/proves-acces\/gs-fp\/mostres\/\" target=\"_blank\" rel=\"noopener noreferrer\">mostres<\/a> de la prova<\/p>\n<p style=\"text-align: justify;\">Pots consultar com ser\u00e0 la <a href=\"http:\/\/educacio.gencat.cat\/ca\/serveis-tramits\/proves\/proves-acces\/gs-fp\/qualificacions-certificacions\/\" target=\"_blank\" rel=\"noopener noreferrer\">qualificaci\u00f3<\/a> de la prova.<\/p>\n<p style=\"text-align: justify;\">Pots consultar les <a href=\"http:\/\/educacio.gencat.cat\/ca\/serveis-tramits\/proves\/proves-acces\/gs-fp\/exempcions\/\" target=\"_blank\" rel=\"noopener noreferrer\">exempcions<\/a> que es poden demanar segons les teves circumst\u00e0ncies laborals o acad\u00e8miques.<\/p>\n<p style=\"text-align: justify;\">Tens m\u00e9s informaci\u00f3 al seg\u00fcent <a href=\"http:\/\/educacio.gencat.cat\/ca\/serveis-tramits\/proves\/proves-acces\/gs-fp\/\" target=\"_blank\" rel=\"noopener noreferrer\">enlla\u00e7<\/a><\/p>\n","protected":false},"excerpt":{"rendered":"<p>No es poden presentar a la prova les persones que tinguin titulaci\u00f3 acad\u00e8mica o ensenyaments equivalents que permeten l&#8217;acc\u00e9s directe a la formaci\u00f3 professional de grau superior <a href=\"https:\/\/agora.xtec.cat\/cfalacreudebarbera\/wp-content\/uploads\/usu2281\/2020\/12\/ACC\u00c9S-DIRECTE-FORMACI\u00d3-PROFESSIONAL-GRAU-SUPERIOR.pdf\">(batxillerat o equivalent, cicle formatiu de grau mitj\u00e0 d&#8217;FP, &#8230;)<\/a>.<br \/>\nPer inscriure&#8217;s a la prova cal tenir 19&hellip;  <a href=\"https:\/\/agora.xtec.cat\/cfalacreudebarbera\/ensenyaments\/a-cicles-formatius-de-grau-superior\/formacio-professional-grau-superior\/\" title=\"Read Formaci\u00f3 professional. Grau superior\">Llegeix m\u00e9s\u00bb<\/a><\/p>\n","protected":false},"author":1,"featured_media":0,"parent":320,"menu_order":1,"comment_status":"closed","ping_status":"closed","template":"page-templates\/side-menu.php","meta":{"_bbp_topic_count":0,"_bbp_reply_count":0,"_bbp_total_topic_count":0,"_bbp_total_reply_count":0,"_bbp_voice_count":0,"_bbp_anonymous_reply_count":0,"_bbp_topic_count_hidden":0,"_bbp_reply_count_hidden":0,"_bbp_forum_subforum_count":0,"footnotes":""},"class_list":["post-550","page","type-page","status-publish","hentry"],"post_mailing_queue_ids":[],"_links":{"self":[{"href":"https:\/\/agora.xtec.cat\/cfalacreudebarbera\/wp-json\/wp\/v2\/pages\/550","targetHints":{"allow":["GET"]}}],"collection":[{"href":"https:\/\/agora.xtec.cat\/cfalacreudebarbera\/wp-json\/wp\/v2\/pages"}],"about":[{"href":"https:\/\/agora.xtec.cat\/cfalacreudebarbera\/wp-json\/wp\/v2\/types\/page"}],"author":[{"embeddable":true,"href":"https:\/\/agora.xtec.cat\/cfalacreudebarbera\/wp-json\/wp\/v2\/users\/1"}],"replies":[{"embeddable":true,"href":"https:\/\/agora.xtec.cat\/cfalacreudebarbera\/wp-json\/wp\/v2\/comments?post=550"}],"version-history":[{"count":4,"href":"https:\/\/agora.xtec.cat\/cfalacreudebarbera\/wp-json\/wp\/v2\/pages\/550\/revisions"}],"predecessor-version":[{"id":1046,"href":"https:\/\/agora.xtec.cat\/cfalacreudebarbera\/wp-json\/wp\/v2\/pages\/550\/revisions\/1046"}],"up":[{"embeddable":true,"href":"https:\/\/agora.xtec.cat\/cfalacreudebarbera\/wp-json\/wp\/v2\/pages\/320"}],"wp:attachment":[{"href":"https:\/\/agora.xtec.cat\/cfalacreudebarbera\/wp-json\/wp\/v2\/media?parent=550"}],"curies":[{"name":"wp","href":"https:\/\/api.w.org\/{rel}","templated":true}]}}

Formació professional. Grau superior

<p style="text-align: justify;"><strong><em>No es poden presentar a la prova</em></strong> les persones que tinguin titulació acadèmica o ensenyaments equivalents que permeten l&#8217;accés directe a la formació professional de grau superior <a href="https://agora.xtec.cat/cfalacreudebarbera/wp-content/uploads/usu2281/2020/12/ACCÉS-DIRECTE-FORMACIÓ-PROFESSIONAL-GRAU-SUPERIOR.pdf">(batxillerat o equivalent, cicle formatiu de grau mitjà d&#8217;FP, &#8230;)</a>.</p>
<p style="text-align: justify;"><strong>Per inscriure&#8217;s a la prova</strong> cal tenir 19 anys o més (o bé complir-los durant l&#8217;any en què es realitza la prova).</p>
<p style="text-align: justify;"><b>PART COMUNA</b> de la prova: es prepara presencialment al nostre centre</p>
<ul style="text-align: justify;">
<li>llengua catalana</li>
<li>llengua castellana</li>
<li>llengua estrangera (al nostre centre impartim anglès. Si et vols preparar francès o alemany li ho comuniques al tutor i et matricularem d&#8217;aquesta matèria per cursar-la a distància a través de l&#8217;IOC)</li>
<li>matemàtiques</li>
</ul>
<p style="text-align: justify;"><b>PART ESPECÍFICA</b> de la prova: nosaltres et matriculem per cursar a distància les dues matèries específiques a través de l&#8217;IOC</p>
<ul style="text-align: justify;">
<li>Comprèn les matèries agrupades en opcions. L&#8217;aspirant ha de triar-ne dues de l&#8217;<a href="https://agora.xtec.cat/cfalacreudebarbera/wp-content/uploads/usu2281/2020/12/opcions-materies-GS-FP.pdf" target="_blank" rel="noopener noreferrer">opció de matèries</a> que escull segons el <a href="http://queestudiar.gencat.cat/ca/estudis/fp/cicles/gs/" target="_blank" rel="noopener noreferrer">cicle de grau superior</a> a què vol accedir.</li>
</ul>
<p style="text-align: justify;">La durada aproximada de la formació d&#8217;aquest curs de preparació és:</p>
<ul style="text-align: justify;">
<li>Part comuna: 300 hores</li>
<li>Per a les dues matèries de la part específica: 99 hores</li>
</ul>
<p style="text-align: justify;">La prova està basada en els següents <a href="http://educacio.gencat.cat/ca/serveis-tramits/proves/proves-acces/gs-fp/contingut-temaris-material/temaris/" target="_blank" rel="noopener noreferrer">temaris</a></p>
<p style="text-align: justify;">Pots consultar <a href="http://educacio.gencat.cat/ca/serveis-tramits/proves/proves-acces/gs-fp/mostres/" target="_blank" rel="noopener noreferrer">mostres</a> de la prova</p>
<p style="text-align: justify;">Pots consultar com serà la <a href="http://educacio.gencat.cat/ca/serveis-tramits/proves/proves-acces/gs-fp/qualificacions-certificacions/" target="_blank" rel="noopener noreferrer">qualificació</a> de la prova.</p>
<p style="text-align: justify;">Pots consultar les <a href="http://educacio.gencat.cat/ca/serveis-tramits/proves/proves-acces/gs-fp/exempcions/" target="_blank" rel="noopener noreferrer">exempcions</a> que es poden demanar segons les teves circumstàncies laborals o acadèmiques.</p>
<p style="text-align: justify;">Tens més informació al següent <a href="http://educacio.gencat.cat/ca/serveis-tramits/proves/proves-acces/gs-fp/" target="_blank" rel="noopener noreferrer">enllaç</a></p>

<p>No es poden presentar a la prova les persones que tinguin titulació acadèmica o ensenyaments equivalents que permeten l&#8217;accés directe a la formació professional de grau superior <a href="https://agora.xtec.cat/cfalacreudebarbera/wp-content/uploads/usu2281/2020/12/ACCÉS-DIRECTE-FORMACIÓ-PROFESSIONAL-GRAU-SUPERIOR.pdf">(batxillerat o equivalent, cicle formatiu de grau mitjà d&#8217;FP, &#8230;)</a>.<br />
Per inscriure&#8217;s a la prova cal tenir 19&hellip;  <a href="https://agora.xtec.cat/cfalacreudebarbera/ensenyaments/a-cicles-formatius-de-grau-superior/formacio-professional-grau-superior/" title="Read Formació professional. Grau superior">Llegeix més»</a></p>
