{"id":534,"date":"2020-12-07T12:48:56","date_gmt":"2020-12-07T11:48:56","guid":{"rendered":"https:\/\/agora.xtec.cat\/cfalacreudebarbera\/?page_id=534"},"modified":"2025-10-21T19:05:01","modified_gmt":"2025-10-21T17:05:01","slug":"ges-presencial","status":"publish","type":"page","link":"https:\/\/agora.xtec.cat\/cfalacreudebarbera\/ensenyaments\/graduat-en-educacio-secundaria-per-adults\/ges-presencial\/","title":{"rendered":"GES presencial i semipresencial"},"content":{"rendered":"<p style=\"text-align: justify;\">L&#8217;educaci\u00f3 secund\u00e0ria obligat\u00f2ria \u00e9s l&#8217;etapa del sistema educatiu que completa l&#8217;educaci\u00f3 prim\u00e0ria; en acabar el darrer curs s&#8217;obt\u00e9 el t\u00edtol de graduat en educaci\u00f3 secund\u00e0ria obligat\u00f2ria.<\/p>\n<p style=\"text-align: justify;\">Les persones m\u00e9s grans de 18 anys que no tenen aquest t\u00edtol i el volen obtenir poden assistir als cursos presencials que ofereixen el centre.<\/p>\n<p style=\"text-align: justify;\">L&#8217;obtenci\u00f3 del t\u00edtol de Graduat en educaci\u00f3 secund\u00e0ria, a m\u00e9s de millorar la formaci\u00f3 b\u00e0sica o la situaci\u00f3 professional i laboral, permet accedir al <strong>batxillerat<\/strong> i als <strong>cicles formatius de grau mitj\u00e0<\/strong> de formaci\u00f3 professional.<\/p>\n<p style=\"text-align: justify;\">El GES s&#8217;organitza de forma modular en tres \u00e0mbits i dos nivells en cadascun dels \u00e0mbits. Els m\u00f2duls s\u00f3n de dos tipus: <strong>comuns i opcionals<\/strong>.<\/p>\n<p style=\"text-align: justify;\"><strong>Per obtenir la titulaci\u00f3<\/strong> s&#8217;ha de cursar un total de <strong>34 m\u00f2duls<\/strong> o, si escau, convalidar o acreditar.<\/p>\n<p style=\"text-align: justify;\">Els m\u00f2duls i el seu contingut es distribueixen de la manera seg\u00fcent:<\/p>\n<ul>\n<li style=\"text-align: justify;\"><strong>\u00c0mbit de la comunicaci\u00f3<\/strong> 12 m\u00f2duls comuns que inclouen les seg\u00fcents mat\u00e8ries: llengua catalana i literatura, llengua castellana i literatura i llengua estrangera.<\/li>\n<li style=\"text-align: justify;\"><strong>\u00c0mbit cient\u00edfic tecnol\u00f2gic<\/strong> 10 m\u00f2duls comuns que inclouen les seg\u00fcents mat\u00e8ries: matem\u00e0tiques, ci\u00e8ncies de la naturalesa, i tecnologia.<\/li>\n<li style=\"text-align: justify;\"><strong>\u00c0mbit social<\/strong> 6 m\u00f2duls comuns que inclouen: ci\u00e8ncies socials, geografia i hist\u00f2ria.<\/li>\n<li style=\"text-align: justify;\"><strong>M\u00f2duls opcionals<\/strong> 6.<\/li>\n<\/ul>\n<p style=\"text-align: justify;\"><strong>Durada del curs:<\/strong><br \/>\nEl curs est\u00e0 distribu\u00eft en <strong>tres trimestres<\/strong>. Cada trimestre consta de 10 setmanes de classe. Una persona pot incorporar-se al curs a principis de cada trimestre. El temps que es necessita per a aconseguir la titulaci\u00f3 dep\u00e8n del nombre de m\u00f2duls que s&#8217;han de cursar.<\/p>\n<h3><strong><span style=\"color: #993300;\">MODALITAT SEMIPRESENCIAL<\/span><\/strong><\/h3>\n<p>Els ensenyaments en horari de tarda del GES \u00e9s realitzen en <em><strong>MODALITAT SEMIPRESENCIAL. <\/strong><\/em><\/p>\n<p>Aquesta modalitat permet anar al centre els dilluns i dimarts i completar l&#8217;estudi de cada m\u00f2dul amb treball aut\u00f2nom en l\u00ednia.<\/p>\n<p>En cas d&#8217;estar-hi interessats, us recomanem que us poseu en contacte amb el centre trucant al n\u00famero de tel\u00e8fon <strong>937 116 448 \/\/ 699 706 477\u00a0<\/strong><\/p>\n<h3 style=\"text-align: left;\"><strong><span style=\"color: #993300;\">HORARIS<\/span><\/strong><\/h3>\n<p>L&#8217;horari de cada trimestre pot variar en funci\u00f3 de les necessitats del centre, tot i aix\u00f2, l&#8217;horari marc que l&#8217;alumnat ha de reservar per poder assistir a les classes \u00e9s:<\/p>\n<ul>\n<li>\n<h5><strong>GES 1 i GES 2 Mat\u00ed:<\/strong> De dilluns a divendres de les 9.00\u202fh a les 13.30\u202fh.<\/h5>\n<\/li>\n<li>\n<h5><strong>GES 1 i GES 2 Tarda <em>(ENSENYAMENT SEMIPRESENCIAL)<\/em>:<\/strong> De dilluns a dijous de les 15.30\u202fh a les 20.30\u202fh. <span style=\"text-decoration: underline;\"><em>(Dimecres i dijous no \u00e9s obligat\u00f2ria l&#8217;assist\u00e8ncia a les classes.)<\/em><\/span><\/h5>\n<\/li>\n<\/ul>\n","protected":false},"excerpt":{"rendered":"<p>L&#8217;educaci\u00f3 secund\u00e0ria obligat\u00f2ria \u00e9s l&#8217;etapa del sistema educatiu que completa l&#8217;educaci\u00f3 prim\u00e0ria; en acabar el darrer curs s&#8217;obt\u00e9 el t\u00edtol de graduat en educaci\u00f3 secund\u00e0ria obligat\u00f2ria.<br \/>\nLes persones m\u00e9s grans de 18 anys que no tenen aquest t\u00edtol i el volen obtenir poden assistir als cursos&hellip;  <a href=\"https:\/\/agora.xtec.cat\/cfalacreudebarbera\/ensenyaments\/graduat-en-educacio-secundaria-per-adults\/ges-presencial\/\" title=\"Read GES presencial i semipresencial\">Llegeix m\u00e9s\u00bb<\/a><\/p>\n","protected":false},"author":1,"featured_media":0,"parent":303,"menu_order":1,"comment_status":"closed","ping_status":"closed","template":"page-templates\/side-menu.php","meta":{"_bbp_topic_count":0,"_bbp_reply_count":0,"_bbp_total_topic_count":0,"_bbp_total_reply_count":0,"_bbp_voice_count":0,"_bbp_anonymous_reply_count":0,"_bbp_topic_count_hidden":0,"_bbp_reply_count_hidden":0,"_bbp_forum_subforum_count":0,"footnotes":""},"class_list":["post-534","page","type-page","status-publish","hentry"],"post_mailing_queue_ids":[],"_links":{"self":[{"href":"https:\/\/agora.xtec.cat\/cfalacreudebarbera\/wp-json\/wp\/v2\/pages\/534","targetHints":{"allow":["GET"]}}],"collection":[{"href":"https:\/\/agora.xtec.cat\/cfalacreudebarbera\/wp-json\/wp\/v2\/pages"}],"about":[{"href":"https:\/\/agora.xtec.cat\/cfalacreudebarbera\/wp-json\/wp\/v2\/types\/page"}],"author":[{"embeddable":true,"href":"https:\/\/agora.xtec.cat\/cfalacreudebarbera\/wp-json\/wp\/v2\/users\/1"}],"replies":[{"embeddable":true,"href":"https:\/\/agora.xtec.cat\/cfalacreudebarbera\/wp-json\/wp\/v2\/comments?post=534"}],"version-history":[{"count":6,"href":"https:\/\/agora.xtec.cat\/cfalacreudebarbera\/wp-json\/wp\/v2\/pages\/534\/revisions"}],"predecessor-version":[{"id":1305,"href":"https:\/\/agora.xtec.cat\/cfalacreudebarbera\/wp-json\/wp\/v2\/pages\/534\/revisions\/1305"}],"up":[{"embeddable":true,"href":"https:\/\/agora.xtec.cat\/cfalacreudebarbera\/wp-json\/wp\/v2\/pages\/303"}],"wp:attachment":[{"href":"https:\/\/agora.xtec.cat\/cfalacreudebarbera\/wp-json\/wp\/v2\/media?parent=534"}],"curies":[{"name":"wp","href":"https:\/\/api.w.org\/{rel}","templated":true}]}}

<p style="text-align: justify;">L&#8217;educació secundària obligatòria és l&#8217;etapa del sistema educatiu que completa l&#8217;educació primària; en acabar el darrer curs s&#8217;obté el títol de graduat en educació secundària obligatòria.</p>
<p style="text-align: justify;">Les persones més grans de 18 anys que no tenen aquest títol i el volen obtenir poden assistir als cursos presencials que ofereixen el centre.</p>
<p style="text-align: justify;">L&#8217;obtenció del títol de Graduat en educació secundària, a més de millorar la formació bàsica o la situació professional i laboral, permet accedir al <strong>batxillerat</strong> i als <strong>cicles formatius de grau mitjà</strong> de formació professional.</p>
<p style="text-align: justify;">El GES s&#8217;organitza de forma modular en tres àmbits i dos nivells en cadascun dels àmbits. Els mòduls són de dos tipus: <strong>comuns i opcionals</strong>.</p>
<p style="text-align: justify;"><strong>Per obtenir la titulació</strong> s&#8217;ha de cursar un total de <strong>34 mòduls</strong> o, si escau, convalidar o acreditar.</p>
<p style="text-align: justify;">Els mòduls i el seu contingut es distribueixen de la manera següent:</p>
<ul>
<li style="text-align: justify;"><strong>Àmbit de la comunicació</strong> 12 mòduls comuns que inclouen les següents matèries: llengua catalana i literatura, llengua castellana i literatura i llengua estrangera.</li>
<li style="text-align: justify;"><strong>Àmbit científic tecnològic</strong> 10 mòduls comuns que inclouen les següents matèries: matemàtiques, ciències de la naturalesa, i tecnologia.</li>
<li style="text-align: justify;"><strong>Àmbit social</strong> 6 mòduls comuns que inclouen: ciències socials, geografia i història.</li>
<li style="text-align: justify;"><strong>Mòduls opcionals</strong> 6.</li>
</ul>
<p style="text-align: justify;"><strong>Durada del curs:</strong><br />
El curs està distribuït en <strong>tres trimestres</strong>. Cada trimestre consta de 10 setmanes de classe. Una persona pot incorporar-se al curs a principis de cada trimestre. El temps que es necessita per a aconseguir la titulació depèn del nombre de mòduls que s&#8217;han de cursar.</p>
<h3><strong><span style="color: #993300;">MODALITAT SEMIPRESENCIAL</span></strong></h3>
<p>Els ensenyaments en horari de tarda del GES és realitzen en <em><strong>MODALITAT SEMIPRESENCIAL. </strong></em></p>
<p>Aquesta modalitat permet anar al centre els dilluns i dimarts i completar l&#8217;estudi de cada mòdul amb treball autònom en línia.</p>
<p>En cas d&#8217;estar-hi interessats, us recomanem que us poseu en contacte amb el centre trucant al número de telèfon <strong>937 116 448 // 699 706 477 </strong></p>
<h3 style="text-align: left;"><strong><span style="color: #993300;">HORARIS</span></strong></h3>
<p>L&#8217;horari de cada trimestre pot variar en funció de les necessitats del centre, tot i això, l&#8217;horari marc que l&#8217;alumnat ha de reservar per poder assistir a les classes és:</p>
<ul>
<li>
<h5><strong>GES 1 i GES 2 Matí:</strong> De dilluns a divendres de les 9.00 h a les 13.30 h.</h5>
</li>
<li>
<h5><strong>GES 1 i GES 2 Tarda <em>(ENSENYAMENT SEMIPRESENCIAL)</em>:</strong> De dilluns a dijous de les 15.30 h a les 20.30 h. <span style="text-decoration: underline;"><em>(Dimecres i dijous no és obligatòria l&#8217;assistència a les classes.)</em></span></h5>
</li>
</ul>

<p>L&#8217;educació secundària obligatòria és l&#8217;etapa del sistema educatiu que completa l&#8217;educació primària; en acabar el darrer curs s&#8217;obté el títol de graduat en educació secundària obligatòria.<br />
Les persones més grans de 18 anys que no tenen aquest títol i el volen obtenir poden assistir als cursos&hellip;  <a href="https://agora.xtec.cat/cfalacreudebarbera/ensenyaments/graduat-en-educacio-secundaria-per-adults/ges-presencial/" title="Read GES presencial i semipresencial">Llegeix més»</a></p>
