{"id":312,"date":"2015-01-28T11:32:38","date_gmt":"2015-01-28T10:32:38","guid":{"rendered":"http:\/\/agora.xtec.cat\/cfalacreudebarbera\/?page_id=312"},"modified":"2025-10-21T17:04:27","modified_gmt":"2025-10-21T15:04:27","slug":"llengua-anglesa","status":"publish","type":"page","link":"https:\/\/agora.xtec.cat\/cfalacreudebarbera\/ensenyaments\/llengua-anglesa\/","title":{"rendered":"Angl\u00e8s"},"content":{"rendered":"<p>Al nostre centre pots cursar <strong>ANGL\u00c8S<\/strong> en els <strong>tres<\/strong> nivells comuns de refer\u00e8ncia del Marc europeu com\u00fa de refer\u00e8ncia per a les lleng\u00fces (MECR) en el seg\u00fcent horari:<\/p>\n<h4>Horari dels diferents nivells d&#8217;angl\u00e8s.<\/h4>\n<p><img loading=\"lazy\" decoding=\"async\" class=\"aligncenter size-full wp-image-1298\" src=\"https:\/\/agora.xtec.cat\/cfalacreudebarbera\/wp-content\/uploads\/usu2281\/2025\/10\/ANG-1.png\" alt=\"\" width=\"927\" height=\"491\" srcset=\"https:\/\/agora.xtec.cat\/cfalacreudebarbera\/wp-content\/uploads\/usu2281\/2025\/10\/ANG-1.png 927w, https:\/\/agora.xtec.cat\/cfalacreudebarbera\/wp-content\/uploads\/usu2281\/2025\/10\/ANG-1-300x159.png 300w, https:\/\/agora.xtec.cat\/cfalacreudebarbera\/wp-content\/uploads\/usu2281\/2025\/10\/ANG-1-768x407.png 768w\" sizes=\"auto, (max-width: 927px) 100vw, 927px\" \/><\/p>\n<p style=\"text-align: justify;\">Aquest ensenyaments consten de <strong>tres<\/strong> nivells que permeten iniciar el proc\u00e9s d&#8217;aprenentatge en llengua estrangera i tenen com a finalitat, en el primer nivell, formar parlants que siguin capa\u00e7os de comunicar-se en situacions quotidianes i familiars senzilles, encaminades a satisfer les primeres necessitats. En el nivells seg\u00fcents, 2 i 3, l&#8217;objectiu \u00e9s formar parlants que siguin capa\u00e7os de comunicar-se en situacions habituals que exigeixin un intercanvi d&#8217;informaci\u00f3, comprendre i utilitzar expressions sobre temes i assumptes relacionats amb necessitats immediates i accedir al coneixement en un entorn multiling\u00fce i multicultural.<\/p>\n<p style=\"text-align: justify;\">En l&#8217;aprenentatge d&#8217;una llengua estrangera s&#8217;ha de prioritzar l&#8217;ensenyament i aprenentatge de l&#8217;expressi\u00f3 oral; el desenvolupament de la capacitat comunicativa ha de prevaler sobre el desenvolupament de la capacitat ling\u00fc\u00edstica.<\/p>\n<p style=\"text-align: justify;\"><strong>El nivell 1<\/strong> correspon al nivell d&#8217;usuari b\u00e0sic A1, d&#8217;acord amb els nivells comuns de refer\u00e8ncia del Marc europeu com\u00fa de refer\u00e8ncia per a les lleng\u00fces (MECR).<\/p>\n<p style=\"text-align: justify;\"><strong>Els nivell 2 i 3<\/strong> corresponen al nivell d&#8217;usuari b\u00e0sic A2.1 i al nivell d&#8217;usuari b\u00e0sic A2.2, d&#8217;acord amb els nivells comuns de refer\u00e8ncia del MECR. En finalitzar cadascun dels nivells d&#8217;aprenentatge, l&#8217;alumne ha d&#8217;haver assolit els objectius que s&#8217;estableixen en el curr\u00edculum corresponent. Els continguts s\u00f3n acumulatius i, per tant, els continguts del primer nivell s&#8217;amplien en el segon nivell, i aix\u00ed successivament.<\/p>\n<p style=\"text-align: justify;\">Els alumnes de nivell 3 de llengua estrangera han de fer una prova de nivell b\u00e0sic (A2 del MERC) abans de finalitzar el curs per mostrar el grau d&#8217;assoliment de la compet\u00e8ncia ling\u00fc\u00edstica.<\/p>\n<p style=\"text-align: justify;\">Els alumnes que acreditin el nivell 3 de llengua estrangera, i mostrin inter\u00e8s a seguir la seva formaci\u00f3, podran accedir al tercer curs d&#8217;una escola oficial d&#8217;idiomes (EOI).<\/p>\n","protected":false},"excerpt":{"rendered":"<p>Al nostre centre pots cursar ANGL\u00c8S en els tres nivells comuns de refer\u00e8ncia del Marc europeu com\u00fa de refer\u00e8ncia per a les lleng\u00fces (MECR) en el seg\u00fcent horari:<br \/>\nHorari dels diferents nivells d&#8217;angl\u00e8s.<\/p>\n<p>Aquest ensenyaments consten de tres nivells que permeten iniciar el proc\u00e9s d&#8217;aprenentatge en llengua&hellip;  <a href=\"https:\/\/agora.xtec.cat\/cfalacreudebarbera\/ensenyaments\/llengua-anglesa\/\" title=\"Read Angl\u00e8s\">Llegeix m\u00e9s\u00bb<\/a><\/p>\n","protected":false},"author":1,"featured_media":0,"parent":274,"menu_order":3,"comment_status":"closed","ping_status":"closed","template":"page-templates\/side-menu.php","meta":{"_bbp_topic_count":0,"_bbp_reply_count":0,"_bbp_total_topic_count":0,"_bbp_total_reply_count":0,"_bbp_voice_count":0,"_bbp_anonymous_reply_count":0,"_bbp_topic_count_hidden":0,"_bbp_reply_count_hidden":0,"_bbp_forum_subforum_count":0,"footnotes":""},"class_list":["post-312","page","type-page","status-publish","hentry"],"post_mailing_queue_ids":[],"_links":{"self":[{"href":"https:\/\/agora.xtec.cat\/cfalacreudebarbera\/wp-json\/wp\/v2\/pages\/312","targetHints":{"allow":["GET"]}}],"collection":[{"href":"https:\/\/agora.xtec.cat\/cfalacreudebarbera\/wp-json\/wp\/v2\/pages"}],"about":[{"href":"https:\/\/agora.xtec.cat\/cfalacreudebarbera\/wp-json\/wp\/v2\/types\/page"}],"author":[{"embeddable":true,"href":"https:\/\/agora.xtec.cat\/cfalacreudebarbera\/wp-json\/wp\/v2\/users\/1"}],"replies":[{"embeddable":true,"href":"https:\/\/agora.xtec.cat\/cfalacreudebarbera\/wp-json\/wp\/v2\/comments?post=312"}],"version-history":[{"count":6,"href":"https:\/\/agora.xtec.cat\/cfalacreudebarbera\/wp-json\/wp\/v2\/pages\/312\/revisions"}],"predecessor-version":[{"id":1299,"href":"https:\/\/agora.xtec.cat\/cfalacreudebarbera\/wp-json\/wp\/v2\/pages\/312\/revisions\/1299"}],"up":[{"embeddable":true,"href":"https:\/\/agora.xtec.cat\/cfalacreudebarbera\/wp-json\/wp\/v2\/pages\/274"}],"wp:attachment":[{"href":"https:\/\/agora.xtec.cat\/cfalacreudebarbera\/wp-json\/wp\/v2\/media?parent=312"}],"curies":[{"name":"wp","href":"https:\/\/api.w.org\/{rel}","templated":true}]}}

Anglès

<p>Al nostre centre pots cursar <strong>ANGLÈS</strong> en els <strong>tres</strong> nivells comuns de referència del Marc europeu comú de referència per a les llengües (MECR) en el següent horari:</p>
<h4>Horari dels diferents nivells d&#8217;anglès.</h4>
<p><img loading="lazy" decoding="async" class="aligncenter size-full wp-image-1298" src="https://agora.xtec.cat/cfalacreudebarbera/wp-content/uploads/usu2281/2025/10/ANG-1.png" alt="" width="927" height="491" srcset="https://agora.xtec.cat/cfalacreudebarbera/wp-content/uploads/usu2281/2025/10/ANG-1.png 927w, https://agora.xtec.cat/cfalacreudebarbera/wp-content/uploads/usu2281/2025/10/ANG-1-300x159.png 300w, https://agora.xtec.cat/cfalacreudebarbera/wp-content/uploads/usu2281/2025/10/ANG-1-768x407.png 768w" sizes="auto, (max-width: 927px) 100vw, 927px" /></p>
<p style="text-align: justify;">Aquest ensenyaments consten de <strong>tres</strong> nivells que permeten iniciar el procés d&#8217;aprenentatge en llengua estrangera i tenen com a finalitat, en el primer nivell, formar parlants que siguin capaços de comunicar-se en situacions quotidianes i familiars senzilles, encaminades a satisfer les primeres necessitats. En el nivells següents, 2 i 3, l&#8217;objectiu és formar parlants que siguin capaços de comunicar-se en situacions habituals que exigeixin un intercanvi d&#8217;informació, comprendre i utilitzar expressions sobre temes i assumptes relacionats amb necessitats immediates i accedir al coneixement en un entorn multilingüe i multicultural.</p>
<p style="text-align: justify;">En l&#8217;aprenentatge d&#8217;una llengua estrangera s&#8217;ha de prioritzar l&#8217;ensenyament i aprenentatge de l&#8217;expressió oral; el desenvolupament de la capacitat comunicativa ha de prevaler sobre el desenvolupament de la capacitat lingüística.</p>
<p style="text-align: justify;"><strong>El nivell 1</strong> correspon al nivell d&#8217;usuari bàsic A1, d&#8217;acord amb els nivells comuns de referència del Marc europeu comú de referència per a les llengües (MECR).</p>
<p style="text-align: justify;"><strong>Els nivell 2 i 3</strong> corresponen al nivell d&#8217;usuari bàsic A2.1 i al nivell d&#8217;usuari bàsic A2.2, d&#8217;acord amb els nivells comuns de referència del MECR. En finalitzar cadascun dels nivells d&#8217;aprenentatge, l&#8217;alumne ha d&#8217;haver assolit els objectius que s&#8217;estableixen en el currículum corresponent. Els continguts són acumulatius i, per tant, els continguts del primer nivell s&#8217;amplien en el segon nivell, i així successivament.</p>
<p style="text-align: justify;">Els alumnes de nivell 3 de llengua estrangera han de fer una prova de nivell bàsic (A2 del MERC) abans de finalitzar el curs per mostrar el grau d&#8217;assoliment de la competència lingüística.</p>
<p style="text-align: justify;">Els alumnes que acreditin el nivell 3 de llengua estrangera, i mostrin interès a seguir la seva formació, podran accedir al tercer curs d&#8217;una escola oficial d&#8217;idiomes (EOI).</p>

<p>Al nostre centre pots cursar ANGLÈS en els tres nivells comuns de referència del Marc europeu comú de referència per a les llengües (MECR) en el següent horari:<br />
Horari dels diferents nivells d&#8217;anglès.</p>
<p>Aquest ensenyaments consten de tres nivells que permeten iniciar el procés d&#8217;aprenentatge en llengua&hellip;  <a href="https://agora.xtec.cat/cfalacreudebarbera/ensenyaments/llengua-anglesa/" title="Read Anglès">Llegeix més»</a></p>
