{"id":27,"date":"2014-09-17T16:24:03","date_gmt":"2014-09-17T16:24:03","guid":{"rendered":"http:\/\/agora.xtec.cat\/cfalacreudebarbera\/?page_id=27"},"modified":"2020-11-26T19:54:15","modified_gmt":"2020-11-26T18:54:15","slug":"historia","status":"publish","type":"page","link":"https:\/\/agora.xtec.cat\/cfalacreudebarbera\/el-centre\/historia\/","title":{"rendered":"Hist\u00f2ria"},"content":{"rendered":"<p style=\"text-align: justify;\">El CFA La Creu de Barber\u00e0 va n\u00e9ixer al curs 1977-1978. Des de llavors <a href=\"https:\/\/agora.xtec.cat\/cfalacreudebarbera\/wp-content\/uploads\/usu2281\/2020\/11\/Hist\u00f2ria.jpg\"><img loading=\"lazy\" decoding=\"async\" class=\"size-full wp-image-416 alignright\" src=\"https:\/\/agora.xtec.cat\/cfalacreudebarbera\/wp-content\/uploads\/usu2281\/2020\/11\/Hist\u00f2ria.jpg\" alt=\"\" width=\"300\" height=\"225\" srcset=\"https:\/\/agora.xtec.cat\/cfalacreudebarbera\/wp-content\/uploads\/usu2281\/2020\/11\/Hist\u00f2ria.jpg 300w, https:\/\/agora.xtec.cat\/cfalacreudebarbera\/wp-content\/uploads\/usu2281\/2020\/11\/Hist\u00f2ria-200x150.jpg 200w\" sizes=\"auto, (max-width: 300px) 100vw, 300px\" \/><\/a>ofereix a la poblaci\u00f3 adulta un ensenyament ampli que permet adaptar-se a les demandes de la societat i aporta una formaci\u00f3 b\u00e0sica per a accedir a altres nivells d\u2019estudis o al m\u00f3n laboral. Aquesta oferta es complementa amb activitats que enriqueixen el diferents ensenyaments (confer\u00e8ncies, museus, sortides, etc\u2026)<\/p>\n<p style=\"text-align: justify;\">El Centre de Formaci\u00f3 de persones Adultes (CFA) La Creu de Barber\u00e0, \u00e9s un centre educatiu p\u00fablic i gratu\u00eft que dep\u00e8n del Departament d\u2019Educaci\u00f3 de la Generalitat de Catalunya. El centre ofereix un ampli ventall d\u2019activitats formatives a Sabadell.<\/p>\n","protected":false},"excerpt":{"rendered":"<p>El CFA La Creu de Barber\u00e0 va n\u00e9ixer al curs 1977-1978. Des de llavors <a href=\"https:\/\/agora.xtec.cat\/cfalacreudebarbera\/wp-content\/uploads\/usu2281\/2020\/11\/Hist\u00f2ria.jpg\"><\/a>ofereix a la poblaci\u00f3 adulta un ensenyament ampli que permet adaptar-se a les demandes de la societat i aporta una formaci\u00f3 b\u00e0sica per a accedir a altres nivells d\u2019estudis o&hellip;  <a href=\"https:\/\/agora.xtec.cat\/cfalacreudebarbera\/el-centre\/historia\/\" title=\"Read Hist\u00f2ria\">Llegeix m\u00e9s\u00bb<\/a><\/p>\n","protected":false},"author":1,"featured_media":0,"parent":261,"menu_order":20,"comment_status":"closed","ping_status":"closed","template":"page-templates\/side-menu.php","meta":{"_bbp_topic_count":0,"_bbp_reply_count":0,"_bbp_total_topic_count":0,"_bbp_total_reply_count":0,"_bbp_voice_count":0,"_bbp_anonymous_reply_count":0,"_bbp_topic_count_hidden":0,"_bbp_reply_count_hidden":0,"_bbp_forum_subforum_count":0,"footnotes":""},"class_list":["post-27","page","type-page","status-publish","hentry"],"post_mailing_queue_ids":[],"_links":{"self":[{"href":"https:\/\/agora.xtec.cat\/cfalacreudebarbera\/wp-json\/wp\/v2\/pages\/27","targetHints":{"allow":["GET"]}}],"collection":[{"href":"https:\/\/agora.xtec.cat\/cfalacreudebarbera\/wp-json\/wp\/v2\/pages"}],"about":[{"href":"https:\/\/agora.xtec.cat\/cfalacreudebarbera\/wp-json\/wp\/v2\/types\/page"}],"author":[{"embeddable":true,"href":"https:\/\/agora.xtec.cat\/cfalacreudebarbera\/wp-json\/wp\/v2\/users\/1"}],"replies":[{"embeddable":true,"href":"https:\/\/agora.xtec.cat\/cfalacreudebarbera\/wp-json\/wp\/v2\/comments?post=27"}],"version-history":[{"count":2,"href":"https:\/\/agora.xtec.cat\/cfalacreudebarbera\/wp-json\/wp\/v2\/pages\/27\/revisions"}],"predecessor-version":[{"id":418,"href":"https:\/\/agora.xtec.cat\/cfalacreudebarbera\/wp-json\/wp\/v2\/pages\/27\/revisions\/418"}],"up":[{"embeddable":true,"href":"https:\/\/agora.xtec.cat\/cfalacreudebarbera\/wp-json\/wp\/v2\/pages\/261"}],"wp:attachment":[{"href":"https:\/\/agora.xtec.cat\/cfalacreudebarbera\/wp-json\/wp\/v2\/media?parent=27"}],"curies":[{"name":"wp","href":"https:\/\/api.w.org\/{rel}","templated":true}]}}

Història

<p style="text-align: justify;">El CFA La Creu de Barberà va néixer al curs 1977-1978. Des de llavors <a href="https://agora.xtec.cat/cfalacreudebarbera/wp-content/uploads/usu2281/2020/11/Història.jpg"><img loading="lazy" decoding="async" class="size-full wp-image-416 alignright" src="https://agora.xtec.cat/cfalacreudebarbera/wp-content/uploads/usu2281/2020/11/Història.jpg" alt="" width="300" height="225" srcset="https://agora.xtec.cat/cfalacreudebarbera/wp-content/uploads/usu2281/2020/11/Història.jpg 300w, https://agora.xtec.cat/cfalacreudebarbera/wp-content/uploads/usu2281/2020/11/Història-200x150.jpg 200w" sizes="auto, (max-width: 300px) 100vw, 300px" /></a>ofereix a la població adulta un ensenyament ampli que permet adaptar-se a les demandes de la societat i aporta una formació bàsica per a accedir a altres nivells d’estudis o al món laboral. Aquesta oferta es complementa amb activitats que enriqueixen el diferents ensenyaments (conferències, museus, sortides, etc…)</p>
<p style="text-align: justify;">El Centre de Formació de persones Adultes (CFA) La Creu de Barberà, és un centre educatiu públic i gratuït que depèn del Departament d’Educació de la Generalitat de Catalunya. El centre ofereix un ampli ventall d’activitats formatives a Sabadell.</p>

<p>El CFA La Creu de Barberà va néixer al curs 1977-1978. Des de llavors <a href="https://agora.xtec.cat/cfalacreudebarbera/wp-content/uploads/usu2281/2020/11/Història.jpg"></a>ofereix a la població adulta un ensenyament ampli que permet adaptar-se a les demandes de la societat i aporta una formació bàsica per a accedir a altres nivells d’estudis o&hellip;  <a href="https://agora.xtec.cat/cfalacreudebarbera/el-centre/historia/" title="Read Història">Llegeix més»</a></p>
