{"id":318,"date":"2015-01-28T11:34:47","date_gmt":"2015-01-28T10:34:47","guid":{"rendered":"http:\/\/agora.xtec.cat\/cfajujol\/\/?page_id=318"},"modified":"2024-06-02T22:17:54","modified_gmt":"2024-06-02T20:17:54","slug":"a-cicles-formatius-de-grau-mitja","status":"publish","type":"page","link":"https:\/\/agora.xtec.cat\/cfajujol\/el-centre\/ensenyaments\/ensenyament-per-a-la-preparacio-de-proves-dacces\/a-cicles-formatius-de-grau-mitja\/","title":{"rendered":"A cicles formatius de grau mitj\u00e0"},"content":{"rendered":"<h3>Qu\u00e8 \u00e9s?<\/h3>\n<p>\u2022 Aprovar la prova d&#8217;acc\u00e9s a un Cicle formatiu de Grau Mitj\u00e0 no equival a l\u2019 ESO, nom\u00e9s permet estudiar un Cicle.<\/p>\n<h3>Qui pot fer la prova lliure d&#8217;acc\u00e9s?<\/h3>\n<p>Les persones que no tenen el Graduat en Educaci\u00f3 Secund\u00e0ria (l&#8217;ESO aprovada) i facin els 17 anys durant l\u2019any que es presenten a la prova.<\/p>\n<h3>En qu\u00e8 consisteix la prova?<\/h3>\n<p>Consta de les seg\u00fcents mat\u00e8ries:<\/p>\n<p>\u2022 Llengua catalana<br \/>\n\u2022 LLengua castellana<br \/>\n\u2022 LLengua anglesa<br \/>\n\u2022 Matem\u00e0tiques<br \/>\n\u2022 Ci\u00e8ncies\u00a0de\u00a0la\u00a0naturalesa<br \/>\n\u2022 Ci\u00e8ncies\u00a0socials<br \/>\n\u2022 Tecnologia<\/p>\n<h3>En qu\u00e8 consisteix el curs de la preparaci\u00f3 a la prova?<\/h3>\n<p>\u2022 El curs \u00e9s presencial, l\u2019assist\u00e8ncia \u00e9s di\u00e0ria i obligat\u00f2ria, de dilluns a divendres de 9:00 a 13:00<br \/>\n\u2022 Els\u00a0 alumnes\u00a0 reben\u00a0 un\u00a0 certificat\u00a0 de\u00a0 superaci\u00f3\u00a0 del\u00a0 curs\u00a0 de\u00a0 preparaci\u00f3,\u00a0 amb\u00a0 una qualificaci\u00f3\u00a0\u00a0que\u00a0se\u00a0suma\u00a0a\u00a0la\u00a0puntuaci\u00f3\u00a0obtinguda\u00a0a\u00a0la\u00a0prova.<\/p>\n<p><a href=\"https:\/\/triaeducativa.gencat.cat\/ca\/proves\/proves-acces\/fp\/fp-gm\/index.html\">M\u00e9s informaci\u00f3 al web de la Generalitat<\/a><\/p>\n","protected":false},"excerpt":{"rendered":"<p>Qu\u00e8 \u00e9s? \u2022 Aprovar la prova d&#8217;acc\u00e9s a un Cicle formatiu de Grau Mitj\u00e0 no equival a l\u2019 ESO, nom\u00e9s permet estudiar un Cicle. Qui pot fer la prova lliure d&#8217;acc\u00e9s? Les persones que no tenen el Graduat en Educaci\u00f3 Secund\u00e0ria (l&#8217;ESO aprovada) i facin els 17 anys durant l\u2019any que es presenten a la [&hellip;]<\/p>\n","protected":false},"author":2,"featured_media":0,"parent":539,"menu_order":0,"comment_status":"closed","ping_status":"closed","template":"page-templates\/side-menu.php","meta":{"_bbp_topic_count":0,"_bbp_reply_count":0,"_bbp_total_topic_count":0,"_bbp_total_reply_count":0,"_bbp_voice_count":0,"_bbp_anonymous_reply_count":0,"_bbp_topic_count_hidden":0,"_bbp_reply_count_hidden":0,"_bbp_forum_subforum_count":0,"site-sidebar-layout":"default","site-content-layout":"","ast-site-content-layout":"","site-content-style":"default","site-sidebar-style":"default","ast-global-header-display":"","ast-banner-title-visibility":"","ast-main-header-display":"","ast-hfb-above-header-display":"","ast-hfb-below-header-display":"","ast-hfb-mobile-header-display":"","site-post-title":"","ast-breadcrumbs-content":"","ast-featured-img":"","footer-sml-layout":"","theme-transparent-header-meta":"","adv-header-id-meta":"","stick-header-meta":"","header-above-stick-meta":"","header-main-stick-meta":"","header-below-stick-meta":"","astra-migrate-meta-layouts":"default","ast-page-background-enabled":"default","ast-page-background-meta":{"desktop":{"background-color":"var(--ast-global-color-4)","background-image":"","background-repeat":"repeat","background-position":"center center","background-size":"auto","background-attachment":"scroll","background-type":"","background-media":"","overlay-type":"","overlay-color":"","overlay-opacity":"","overlay-gradient":""},"tablet":{"background-color":"","background-image":"","background-repeat":"repeat","background-position":"center center","background-size":"auto","background-attachment":"scroll","background-type":"","background-media":"","overlay-type":"","overlay-color":"","overlay-opacity":"","overlay-gradient":""},"mobile":{"background-color":"","background-image":"","background-repeat":"repeat","background-position":"center center","background-size":"auto","background-attachment":"scroll","background-type":"","background-media":"","overlay-type":"","overlay-color":"","overlay-opacity":"","overlay-gradient":""}},"ast-content-background-meta":{"desktop":{"background-color":"var(--ast-global-color-5)","background-image":"","background-repeat":"repeat","background-position":"center center","background-size":"auto","background-attachment":"scroll","background-type":"","background-media":"","overlay-type":"","overlay-color":"","overlay-opacity":"","overlay-gradient":""},"tablet":{"background-color":"var(--ast-global-color-5)","background-image":"","background-repeat":"repeat","background-position":"center center","background-size":"auto","background-attachment":"scroll","background-type":"","background-media":"","overlay-type":"","overlay-color":"","overlay-opacity":"","overlay-gradient":""},"mobile":{"background-color":"var(--ast-global-color-5)","background-image":"","background-repeat":"repeat","background-position":"center center","background-size":"auto","background-attachment":"scroll","background-type":"","background-media":"","overlay-type":"","overlay-color":"","overlay-opacity":"","overlay-gradient":""}},"footnotes":""},"class_list":["post-318","page","type-page","status-publish","hentry"],"post_mailing_queue_ids":[],"_links":{"self":[{"href":"https:\/\/agora.xtec.cat\/cfajujol\/wp-json\/wp\/v2\/pages\/318","targetHints":{"allow":["GET"]}}],"collection":[{"href":"https:\/\/agora.xtec.cat\/cfajujol\/wp-json\/wp\/v2\/pages"}],"about":[{"href":"https:\/\/agora.xtec.cat\/cfajujol\/wp-json\/wp\/v2\/types\/page"}],"author":[{"embeddable":true,"href":"https:\/\/agora.xtec.cat\/cfajujol\/wp-json\/wp\/v2\/users\/2"}],"replies":[{"embeddable":true,"href":"https:\/\/agora.xtec.cat\/cfajujol\/wp-json\/wp\/v2\/comments?post=318"}],"version-history":[{"count":4,"href":"https:\/\/agora.xtec.cat\/cfajujol\/wp-json\/wp\/v2\/pages\/318\/revisions"}],"predecessor-version":[{"id":2057,"href":"https:\/\/agora.xtec.cat\/cfajujol\/wp-json\/wp\/v2\/pages\/318\/revisions\/2057"}],"up":[{"embeddable":true,"href":"https:\/\/agora.xtec.cat\/cfajujol\/wp-json\/wp\/v2\/pages\/539"}],"wp:attachment":[{"href":"https:\/\/agora.xtec.cat\/cfajujol\/wp-json\/wp\/v2\/media?parent=318"}],"curies":[{"name":"wp","href":"https:\/\/api.w.org\/{rel}","templated":true}]}}