{"id":52,"date":"2021-09-22T16:58:07","date_gmt":"2021-09-22T14:58:07","guid":{"rendered":"http:\/\/agora.xtec.cat\/cfajosepamassanes\/?page_id=52"},"modified":"2026-03-05T12:01:02","modified_gmt":"2026-03-05T11:01:02","slug":"calendari-del-curs","status":"publish","type":"page","link":"https:\/\/agora.xtec.cat\/cfajosepamassanes\/el-centre\/calendari-del-curs\/","title":{"rendered":"Calendari del curs"},"content":{"rendered":"<h3><strong>\u00a0<\/strong><\/h3>\n<h3><strong>CALENDARI 2025 \u2013 2026<\/strong><\/h3>\n<p>A m\u00e9s de les festes oficials el calendari escolar de festius \u00e9s:<\/p>\n<table style=\"width: 53.0426%;\">\n<tbody>\n<tr>\n<td style=\"width: 32.0868%;\" width=\"206\"><strong>1r dia de lliure disposici\u00f3<\/strong><\/td>\n<td style=\"width: 92.6051%;\" width=\"371\">Dilluns 22 de setembre 2025<\/td>\n<\/tr>\n<tr>\n<td style=\"width: 32.0868%;\" width=\"206\"><strong>2n dia de lliure disposici\u00f3<\/strong><\/td>\n<td style=\"width: 92.6051%;\" width=\"371\">Dilluns 3 de novembre de 2025<\/td>\n<\/tr>\n<tr>\n<td style=\"width: 32.0868%;\" width=\"206\"><strong>Vacances de Nadal<\/strong><\/td>\n<td style=\"width: 92.6051%;\" width=\"371\">Del 22 de desembre 2025 al 7 de gener de 2026 ambd\u00f3s inclosos.<\/td>\n<\/tr>\n<tr>\n<td style=\"width: 32.0868%;\" width=\"206\"><strong>3r dia de lliure disposici\u00f3<\/strong><\/td>\n<td style=\"width: 92.6051%;\" width=\"371\">Divendres 5 de desembre de 2025<\/td>\n<\/tr>\n<tr>\n<td style=\"width: 32.0868%;\" width=\"206\"><strong>4rt dia de lliure disposici\u00f3<\/strong><\/td>\n<td style=\"width: 92.6051%;\" width=\"371\">Dilluns, dia 16 de febrer de 2026<\/td>\n<\/tr>\n<tr>\n<td style=\"width: 32.0868%;\" width=\"206\"><strong>Vacances de Setmana Santa<\/strong><\/td>\n<td style=\"width: 92.6051%;\" width=\"371\">Del dilluns 30 de mar\u00e7 al dilluns 6 d&#8217;abril de 2026 ambd\u00f3s inclosos.<\/td>\n<\/tr>\n<tr>\n<td style=\"width: 32.0868%;\" width=\"206\"><strong>5\u00e8 dia de lliure disposici\u00f3<\/strong><\/td>\n<td style=\"width: 92.6051%;\" width=\"371\">\u00a0Dilluns 4 de maig de 2026<\/td>\n<\/tr>\n<\/tbody>\n<\/table>\n<h3><strong>\u00a0<\/strong><\/h3>\n","protected":false},"excerpt":{"rendered":"<p>\u00a0 CALENDARI 2025 \u2013 2026 A m\u00e9s de les festes oficials el calendari escolar de festius \u00e9s: 1r dia de lliure disposici\u00f3 Dilluns 22 de setembre 2025 2n dia de lliure disposici\u00f3 Dilluns 3 de novembre de 2025 Vacances de Nadal Del 22 de desembre 2025 al 7 de gener de 2026 ambd\u00f3s inclosos. 3r [&hellip;]<\/p>\n","protected":false},"author":1,"featured_media":0,"parent":261,"menu_order":40,"comment_status":"closed","ping_status":"closed","template":"","meta":{"_bbp_topic_count":0,"_bbp_reply_count":0,"_bbp_total_topic_count":0,"_bbp_total_reply_count":0,"_bbp_voice_count":0,"_bbp_anonymous_reply_count":0,"_bbp_topic_count_hidden":0,"_bbp_reply_count_hidden":0,"_bbp_forum_subforum_count":0,"site-sidebar-layout":"default","site-content-layout":"","ast-site-content-layout":"default","site-content-style":"default","site-sidebar-style":"default","ast-global-header-display":"","ast-banner-title-visibility":"","ast-main-header-display":"","ast-hfb-above-header-display":"","ast-hfb-below-header-display":"","ast-hfb-mobile-header-display":"","site-post-title":"","ast-breadcrumbs-content":"","ast-featured-img":"","footer-sml-layout":"","theme-transparent-header-meta":"default","adv-header-id-meta":"","stick-header-meta":"","header-above-stick-meta":"","header-main-stick-meta":"","header-below-stick-meta":"","astra-migrate-meta-layouts":"set","ast-page-background-enabled":"default","ast-page-background-meta":{"desktop":{"background-color":"var(--ast-global-color-4)","background-image":"","background-repeat":"repeat","background-position":"center center","background-size":"auto","background-attachment":"scroll","background-type":"","background-media":"","overlay-type":"","overlay-color":"","overlay-opacity":"","overlay-gradient":""},"tablet":{"background-color":"","background-image":"","background-repeat":"repeat","background-position":"center center","background-size":"auto","background-attachment":"scroll","background-type":"","background-media":"","overlay-type":"","overlay-color":"","overlay-opacity":"","overlay-gradient":""},"mobile":{"background-color":"","background-image":"","background-repeat":"repeat","background-position":"center center","background-size":"auto","background-attachment":"scroll","background-type":"","background-media":"","overlay-type":"","overlay-color":"","overlay-opacity":"","overlay-gradient":""}},"ast-content-background-meta":{"desktop":{"background-color":"var(--ast-global-color-5)","background-image":"","background-repeat":"repeat","background-position":"center center","background-size":"auto","background-attachment":"scroll","background-type":"","background-media":"","overlay-type":"","overlay-color":"","overlay-opacity":"","overlay-gradient":""},"tablet":{"background-color":"var(--ast-global-color-5)","background-image":"","background-repeat":"repeat","background-position":"center center","background-size":"auto","background-attachment":"scroll","background-type":"","background-media":"","overlay-type":"","overlay-color":"","overlay-opacity":"","overlay-gradient":""},"mobile":{"background-color":"var(--ast-global-color-5)","background-image":"","background-repeat":"repeat","background-position":"center center","background-size":"auto","background-attachment":"scroll","background-type":"","background-media":"","overlay-type":"","overlay-color":"","overlay-opacity":"","overlay-gradient":""}},"footnotes":""},"class_list":["post-52","page","type-page","status-publish","hentry"],"post_mailing_queue_ids":[],"_links":{"self":[{"href":"https:\/\/agora.xtec.cat\/cfajosepamassanes\/wp-json\/wp\/v2\/pages\/52","targetHints":{"allow":["GET"]}}],"collection":[{"href":"https:\/\/agora.xtec.cat\/cfajosepamassanes\/wp-json\/wp\/v2\/pages"}],"about":[{"href":"https:\/\/agora.xtec.cat\/cfajosepamassanes\/wp-json\/wp\/v2\/types\/page"}],"author":[{"embeddable":true,"href":"https:\/\/agora.xtec.cat\/cfajosepamassanes\/wp-json\/wp\/v2\/users\/1"}],"replies":[{"embeddable":true,"href":"https:\/\/agora.xtec.cat\/cfajosepamassanes\/wp-json\/wp\/v2\/comments?post=52"}],"version-history":[{"count":6,"href":"https:\/\/agora.xtec.cat\/cfajosepamassanes\/wp-json\/wp\/v2\/pages\/52\/revisions"}],"predecessor-version":[{"id":1993,"href":"https:\/\/agora.xtec.cat\/cfajosepamassanes\/wp-json\/wp\/v2\/pages\/52\/revisions\/1993"}],"up":[{"embeddable":true,"href":"https:\/\/agora.xtec.cat\/cfajosepamassanes\/wp-json\/wp\/v2\/pages\/261"}],"wp:attachment":[{"href":"https:\/\/agora.xtec.cat\/cfajosepamassanes\/wp-json\/wp\/v2\/media?parent=52"}],"curies":[{"name":"wp","href":"https:\/\/api.w.org\/{rel}","templated":true}]}}