{"id":27,"date":"2014-09-17T16:24:03","date_gmt":"2014-09-17T16:24:03","guid":{"rendered":"http:\/\/agora.xtec.cat\/cfajosepamassanes\/?page_id=27"},"modified":"2026-03-05T11:57:08","modified_gmt":"2026-03-05T10:57:08","slug":"historia","status":"publish","type":"page","link":"https:\/\/agora.xtec.cat\/cfajosepamassanes\/el-centre\/historia\/","title":{"rendered":"Hist\u00f2ria"},"content":{"rendered":"<p style=\"text-align: center;\">Hist\u00f2ria del Centre<\/p>\n<p>Durant el curs 1981-82 es va rehabilitar part de l\u2019edifici del col\u00b7legi p\u00fablic Jaume I amb l\u2019objectiu de crear un centre pilot d\u2019educaci\u00f3 de persones adultes.<\/p>\n<p>En els seus or\u00edgens, el <strong>CFA C<\/strong>asc <strong>A<\/strong>ntic va dependre de l\u2019Ajuntament de Tarragona. Comptava amb dos professors i una persona col\u00b7laboradora, una mestra jubilada. Al curs seg\u00fcent, l\u2019Ajuntament va tornar a organitzar un curs sobre Educaci\u00f3 d\u2019Adults. Una vegada finalitzat, va convocar un concurs-oposici\u00f3 per a cobrir noves places per a educaci\u00f3 d\u2019adults.<\/p>\n<p>En el curs 1983-84, mitjan\u00e7ant un acord entre l\u2019Ajuntament i la Generalitat es va constituir un equip de cinc professionals, els quals van passar a dependre org\u00e0nicament del Departament d\u2019Ensenyament, amb la qual cosa es va poder ampliar l\u2019oferta formativa del centre.<\/p>\n<p>L\u2019any 1988, la Formaci\u00f3 d\u2019Adults passa del Departament d\u2019Ensenyament al Departament de Benestar Social. L\u2019any 1989, el Centre de Formaci\u00f3 d\u2019Adults deixa d\u2019\u00e9sser un centre pilot i es crea formalment amb la denominaci\u00f3 de Centre P\u00fablic de Formaci\u00f3 Permanent d\u2019Adults.<\/p>\n<p>El mes de gener de 2000 es va inaugurar l\u2019actual seu del <strong>CFA C<\/strong>asc <strong>A<\/strong>ntic i es crea l\u2019aula d\u2019Autoformaci\u00f3 <strong>J<\/strong>osepa <strong>M<\/strong>assan\u00e9s i <strong>D<\/strong>almau. La nova seu \u00e9s al carrer Fra Antoni Cardona i Grau, s.n., molt a prop d\u2019una de les art\u00e8ries principals de la ciutat, l\u2019avinguda de Catalunya.<\/p>\n<p>At\u00e8s que el canvi d\u2019ubicaci\u00f3 del centre comportava l\u2019allunyament del barri del Casc Antic de Tarragona, i per tant, la denominaci\u00f3 de Casc Antic deixava de tenir sentit, es propos\u00e0 canviar aquesta denominaci\u00f3 per la de Centre de formaci\u00f3 d\u2019adults <strong>J<\/strong>osepa <strong>M<\/strong>assan\u00e9s i <strong>D<\/strong>almau. Per la Resoluci\u00f3 BES\/1166\/2002, de 17 d\u2019abril, s\u2019atribueix aquesta denominaci\u00f3 espec\u00edfica al nostre Centre.<\/p>\n<p>&nbsp;<\/p>\n","protected":false},"excerpt":{"rendered":"<p>Hist\u00f2ria del Centre Durant el curs 1981-82 es va rehabilitar part de l\u2019edifici del col\u00b7legi p\u00fablic Jaume I amb l\u2019objectiu de crear un centre pilot d\u2019educaci\u00f3 de persones adultes. En els seus or\u00edgens, el CFA Casc Antic va dependre de l\u2019Ajuntament de Tarragona. Comptava amb dos professors i una persona col\u00b7laboradora, una mestra jubilada. Al [&hellip;]<\/p>\n","protected":false},"author":1,"featured_media":0,"parent":261,"menu_order":1,"comment_status":"closed","ping_status":"closed","template":"","meta":{"_bbp_topic_count":0,"_bbp_reply_count":0,"_bbp_total_topic_count":0,"_bbp_total_reply_count":0,"_bbp_voice_count":0,"_bbp_anonymous_reply_count":0,"_bbp_topic_count_hidden":0,"_bbp_reply_count_hidden":0,"_bbp_forum_subforum_count":0,"site-sidebar-layout":"default","site-content-layout":"","ast-site-content-layout":"default","site-content-style":"default","site-sidebar-style":"default","ast-global-header-display":"","ast-banner-title-visibility":"","ast-main-header-display":"","ast-hfb-above-header-display":"","ast-hfb-below-header-display":"","ast-hfb-mobile-header-display":"","site-post-title":"","ast-breadcrumbs-content":"","ast-featured-img":"","footer-sml-layout":"","theme-transparent-header-meta":"default","adv-header-id-meta":"","stick-header-meta":"","header-above-stick-meta":"","header-main-stick-meta":"","header-below-stick-meta":"","astra-migrate-meta-layouts":"set","ast-page-background-enabled":"default","ast-page-background-meta":{"desktop":{"background-color":"var(--ast-global-color-4)","background-image":"","background-repeat":"repeat","background-position":"center center","background-size":"auto","background-attachment":"scroll","background-type":"","background-media":"","overlay-type":"","overlay-color":"","overlay-opacity":"","overlay-gradient":""},"tablet":{"background-color":"","background-image":"","background-repeat":"repeat","background-position":"center center","background-size":"auto","background-attachment":"scroll","background-type":"","background-media":"","overlay-type":"","overlay-color":"","overlay-opacity":"","overlay-gradient":""},"mobile":{"background-color":"","background-image":"","background-repeat":"repeat","background-position":"center center","background-size":"auto","background-attachment":"scroll","background-type":"","background-media":"","overlay-type":"","overlay-color":"","overlay-opacity":"","overlay-gradient":""}},"ast-content-background-meta":{"desktop":{"background-color":"var(--ast-global-color-5)","background-image":"","background-repeat":"repeat","background-position":"center center","background-size":"auto","background-attachment":"scroll","background-type":"","background-media":"","overlay-type":"","overlay-color":"","overlay-opacity":"","overlay-gradient":""},"tablet":{"background-color":"var(--ast-global-color-5)","background-image":"","background-repeat":"repeat","background-position":"center center","background-size":"auto","background-attachment":"scroll","background-type":"","background-media":"","overlay-type":"","overlay-color":"","overlay-opacity":"","overlay-gradient":""},"mobile":{"background-color":"var(--ast-global-color-5)","background-image":"","background-repeat":"repeat","background-position":"center center","background-size":"auto","background-attachment":"scroll","background-type":"","background-media":"","overlay-type":"","overlay-color":"","overlay-opacity":"","overlay-gradient":""}},"footnotes":""},"class_list":["post-27","page","type-page","status-publish","hentry"],"post_mailing_queue_ids":[],"_links":{"self":[{"href":"https:\/\/agora.xtec.cat\/cfajosepamassanes\/wp-json\/wp\/v2\/pages\/27","targetHints":{"allow":["GET"]}}],"collection":[{"href":"https:\/\/agora.xtec.cat\/cfajosepamassanes\/wp-json\/wp\/v2\/pages"}],"about":[{"href":"https:\/\/agora.xtec.cat\/cfajosepamassanes\/wp-json\/wp\/v2\/types\/page"}],"author":[{"embeddable":true,"href":"https:\/\/agora.xtec.cat\/cfajosepamassanes\/wp-json\/wp\/v2\/users\/1"}],"replies":[{"embeddable":true,"href":"https:\/\/agora.xtec.cat\/cfajosepamassanes\/wp-json\/wp\/v2\/comments?post=27"}],"version-history":[{"count":4,"href":"https:\/\/agora.xtec.cat\/cfajosepamassanes\/wp-json\/wp\/v2\/pages\/27\/revisions"}],"predecessor-version":[{"id":2189,"href":"https:\/\/agora.xtec.cat\/cfajosepamassanes\/wp-json\/wp\/v2\/pages\/27\/revisions\/2189"}],"up":[{"embeddable":true,"href":"https:\/\/agora.xtec.cat\/cfajosepamassanes\/wp-json\/wp\/v2\/pages\/261"}],"wp:attachment":[{"href":"https:\/\/agora.xtec.cat\/cfajosepamassanes\/wp-json\/wp\/v2\/media?parent=27"}],"curies":[{"name":"wp","href":"https:\/\/api.w.org\/{rel}","templated":true}]}}