{"id":57,"date":"2014-09-17T17:01:07","date_gmt":"2014-09-17T17:01:07","guid":{"rendered":"http:\/\/agora.xtec.cat\/cfajaumetuset\/?page_id=57"},"modified":"2017-03-06T16:55:09","modified_gmt":"2017-03-06T15:55:09","slug":"projecte-educatiu","status":"publish","type":"page","link":"https:\/\/agora.xtec.cat\/cfajaumetuset\/el-centre\/projecte-educatiu\/","title":{"rendered":"Projecte Educatiu de Centre"},"content":{"rendered":"<p>&nbsp;<\/p>\n<pre><\/pre>\n<h1>CENTRE D\u2019EDUCACI\u00d3 DE PERSONES ADULTES DE RIPOLLET. \u00a0 \u00a0 Comptem amb les persones!<\/h1>\n<p><em>Tots nosaltres sabem alguna cosa. Tots <\/em><em>nosaltres ignorem alguna cosa. Per aix\u00f2, aprenem sempre. <\/em><\/p>\n<p>Per tant, <em>ensenyar <\/em><em>exigeix el respecte a l\u2019autonomia de l\u2019\u00e9sser de l\u2019educand<\/em>\u2026 i als seus sabers.<\/p>\n<p>I tanmateix\u2026 <em>Ensenyar exigeix disponibilitat per al di\u00e0leg\u2026 la curiositat \u2026 i la convicci\u00f3 que el canvi \u00e9s possible.<\/em><\/p>\n<p>FREIRE, P. <em>Pedagogia de l\u2019autonomia <\/em>(2006- Siglo XXI)<\/p>\n<p><img loading=\"lazy\" decoding=\"async\" class=\"\" src=\"http:\/\/www.escolajoseechegaray.cat\/uploads\/IMATGE_pec519.jpg\" alt=\"PEC\" width=\"531\" height=\"313\" \/><\/p>\n<p>El Projecte Educatiu de Centre (PEC) del CFA Jaume Tuset. Ripollet (Vall\u00e8s Occidental) s&#8217;emmarca en la LEC (Llei d&#8217;Educaci\u00f3 de Catalunya) \u00a0segons s&#8217;estableix en el\u00a0Cap\u00edtol IV de l&#8217;Educaci\u00f3 de persones adultes.<\/p>\n<ul>\n<li>\n<h3>\u00a0Objecte i \u00e0mbit de l\u2019educaci\u00f3 de persones adultes<\/h3>\n<\/li>\n<\/ul>\n<ol>\n<li>T\u00e9 per finalitat, en els termes que determina la llei espec\u00edfica que la regula, fer efectiu el dret a l\u2019educaci\u00f3 en qualsevol etapa de la vida, amb els objectius espec\u00edfics seg\u00fcents: a) Formar els alumnes en els ensenyaments obligatoris, amb les metodologies adequades a llur edat. b) Preparar els alumnes per a l\u2019acc\u00e9s a les etapes del sistema educatiu de r\u00e8gim general i, si escau, de r\u00e8gim especial. c) Possibilitar a totes les persones el desenvolupament de llur projecte personal i professional i facilitar-los la participaci\u00f3 social. d) Informar i orientar les persones sobre les accions formatives m\u00e9s adequades a llurs interessos i possibilitats. e) Validar les compet\u00e8ncies adquirides per altres vies formatives.<\/li>\n<li>Els programes i les accions formatives corresponents han d\u2019incloure, si m\u00e9s no, els \u00e0mbits seg\u00fcents: a) L\u2019educaci\u00f3 general i l\u2019acc\u00e9s al sistema educatiu, que compr\u00e8n les compet\u00e8ncies b\u00e0siques, els ensenyaments obligatoris i la preparaci\u00f3 per a l\u2019acc\u00e9s a les diverses etapes del sistema educatiu. b) L\u2019educaci\u00f3 per a adquirir compet\u00e8ncies transprofessionals, que compr\u00e8n la formaci\u00f3 en tecnologies de la informaci\u00f3 i la comunicaci\u00f3 i l\u2019ensenyament de lleng\u00fces. c) L\u2019educaci\u00f3 per a la cohesi\u00f3 i la participaci\u00f3 social, que compr\u00e8n l\u2019acollida formativa a immigrants adults, la iniciaci\u00f3 a les lleng\u00fces oficials i a una llengua estrangera, la introducci\u00f3 a les tecnologies de la informaci\u00f3 i la comunicaci\u00f3 i la capacitaci\u00f3 en l\u2019\u00fas d\u2019estrat\u00e8gies per a l\u2019adquisici\u00f3 de les compet\u00e8ncies b\u00e0siques.<\/li>\n<\/ol>\n<ul>\n<li>\n<h3>Definici\u00f3<\/h3>\n<\/li>\n<\/ul>\n<p>El CFA Jaume Tuset \u00e9s un centre educatiu p\u00fablic i gratu\u00eft que dep\u00e8n del Departament d\u2019Ensenyament de la Generalitat de Catalunya. Ofereix un ampli ventall d\u2019activitats formatives a Ripollet en coordinaci\u00f3 amb l\u2019Associaci\u00f3 Cultural i d\u2019EA Jaume Tuset.<\/p>\n<p>El CFA Jaume Tuset \u00e9s un centre:<\/p>\n<ul>\n<li>Adre\u00e7at a persones adultes amb una \u00e0mplia oferta formativa, en diferents horaris de mat\u00ed, tarda i nit.<\/li>\n<li>Amb voluntat d\u2019inserir-se en el context sociocultural del poble i, per tant, comprom\u00e8s amb la resta d\u2019entitats p\u00fabliques i populars.<\/li>\n<li>Que potencia la participaci\u00f3 democr\u00e0tica a trav\u00e9s del seu funcionament; mitjan\u00e7ant el consell de centre, comissions, assemblees i l\u2019Associaci\u00f3 Cultural i d\u2019Educaci\u00f3 d\u2019Adults Jaume Tuset.<\/li>\n<\/ul>\n<ul>\n<li>\n<h3>Identitat<\/h3>\n<\/li>\n<\/ul>\n<p>El Centre es defineix com un centre p\u00fablic, pluralista i democr\u00e0tic que es proposa potenciar la igualtat entre les persones i combatre les discriminacions per ra\u00f3 d\u2019edat, g\u00e8nere, nivell de formaci\u00f3 i proced\u00e8ncia sociocultural.<\/p>\n<p>La gratu\u00eftat \u00e9s un dels principis b\u00e0sics d\u2019aquest objectiu, aix\u00ed com la voluntat d\u2019\u00e9sser un eix per a la participaci\u00f3.<\/p>\n<p>\u00c9s un centre que vol estar integrat en el territori i que es proposa oferir una formaci\u00f3 integral basada en els principis de la pedagogia cr\u00edtica i transformadora.<\/p>\n<p>Per dur a terme aquests principis \u00e9s necessari:<\/p>\n<ul>\n<li>Adequar l\u2019oferta a les exig\u00e8ncies de l\u2019actual societat de la informaci\u00f3\n<ul>\n<li>Organitzar\u00a0l\u2019oferta del centre a la demanda<\/li>\n<li>Flexibilitzar els horaris<\/li>\n<li>Avan\u00e7ar en el proc\u00e9s d\u2019autoformaci\u00f3<\/li>\n<\/ul>\n<\/li>\n<li>Incloure els \u00e0mbits formatius seg\u00fcents\n<ul>\n<li>Educaci\u00f3 b\u00e0sica de persones adultes<\/li>\n<li>Formaci\u00f3 per al m\u00f3n laboral<\/li>\n<li>Educaci\u00f3 per al lleure, la cultura i la participaci\u00f3 social<\/li>\n<\/ul>\n<\/li>\n<li>Ser un centre obert al poble\n<ul>\n<li>Mantenir la relaci\u00f3 amb les entitats del poble<\/li>\n<li>Afavorir la comunicaci\u00f3 amb l\u2019entorn<\/li>\n<\/ul>\n<\/li>\n<li>Promoure una educaci\u00f3 superadora del racisme, sexisme, edisme<a href=\"http:\/\/Edisme: Segregaci\u00f3 per ra\u00f3 d\u2019edat i vinculat a l\u2019adultesa, de la mateixa manera que sexisme obeeix a la segregaci\u00f3 per ra\u00f3 de sexe.\" name=\"_ftnref1\">[1]<\/a> i elitisme afavorint el di\u00e0leg entre iguals<\/li>\n<li>Desenvolupar l\u2019aprenentatge b\u00e0sic com a eix vertebrador de la comunitat\n<ul>\n<li>Prioritzar els nivells b\u00e0sics<\/li>\n<\/ul>\n<\/li>\n<li>Facilitar l\u2019acc\u00e9s a la formaci\u00f3 a totes les persones i intentar donar resposta a totes les demandes<\/li>\n<li>Fomentar una gesti\u00f3 democr\u00e0tica i participativa que afavoreixi el m\u00e0xim grau de participaci\u00f3 de les persones adultes\n<ul>\n<li>Totes les decisions es prenen en el Consell de Centre<\/li>\n<\/ul>\n<\/li>\n<li>Articular l\u2019acreditaci\u00f3 de l\u2019experi\u00e8ncia i de la formaci\u00f3 pr\u00e8via a trav\u00e9s del reconeixement i, si s\u2019escau la convalidaci\u00f3<\/li>\n<\/ul>\n<ul>\n<li>\n<h3>Criteris d\u2019ordenaci\u00f3 pedag\u00f2gica del CFA Jaume Tuset<\/h3>\n<\/li>\n<\/ul>\n<ol>\n<li><strong> Ensenyament-Aprenentatge<\/strong><\/li>\n<\/ol>\n<ul>\n<li><u>Educar sense excloure<\/u><\/li>\n<\/ul>\n<p><img loading=\"lazy\" decoding=\"async\" class=\"alignleft\" src=\"http:\/\/descargas.pntic.mec.es\/cedec\/proyectoedia\/realengua\/contenidos\/nuestrojuego\/Tarea6_support.jpg\" alt=\"Tarea6_support\" width=\"226\" height=\"127\" \/>Pla d&#8217;Acci\u00f3 Tutorial vers l\u2019aprenentatge exit\u00f3s (PAT). Tutories individuals i de grup, Assessorament segons\u00a0expectatives i compet\u00e8ncies personals, Plans Individualitzats de Formaci\u00f3, Persones de suport a l&#8217;aula, Ajut per a la formaci\u00f3 &#8220;Cap persona sense formaci\u00f3 per ra\u00f3 econ\u00f2mica&#8221;, Avaluaci\u00f3 compartida<\/p>\n<p>&nbsp;<\/p>\n<p>&nbsp;<\/p>\n<ul>\n<li><u>Projecte de dinamitzaci\u00f3 multiling\u00fce<\/u><\/li>\n<\/ul>\n<p><img loading=\"lazy\" decoding=\"async\" class=\"alignleft\" src=\"http:\/\/2.bp.blogspot.com\/-P_GxpwWZvmI\/U2vH_jVMMTI\/AAAAAAAACEU\/H1oqW558p4U\/s1600\/6bf702eb2b4cb6bf8bbe5df14301c5e2no+racisme.jpg\" width=\"218\" height=\"140\" \/>Suport a l&#8217;aprenentatge oral de l&#8217;angl\u00e8s i l&#8217;acreditaci\u00f3, <a href=\"https:\/\/agora.xtec.cat\/cfajaumetuset\/general\/vine-a-parlar-angles-a-lescola-dadults\/\">grups de conversa d&#8217;angl\u00e8s<\/a> i catal\u00e0, dinamitzaci\u00f3 de parelles multiling\u00fces catal\u00e0-castell\u00e0-angl\u00e8s, llengua d&#8217;acollida per a persones nouvingudes, curs de lleng\u00fces intensiu estiu.<\/p>\n<p>&nbsp;<\/p>\n<p>&nbsp;<\/p>\n<ul>\n<li><u>Hi som per aprendre<\/u><\/li>\n<\/ul>\n<p><img loading=\"lazy\" decoding=\"async\" class=\"alignleft\" src=\"https:\/\/bonavoluntatenaccio.files.wordpress.com\/2013\/02\/formacic3b3.jpg?w=280&amp;h=186\" alt=\"Formaci\u00f3\" width=\"223\" height=\"148\" \/>Afavorir millor aprenentatge<\/p>\n<p>&nbsp;<\/p>\n<p>&nbsp;<\/p>\n<p>&nbsp;<\/p>\n<ul>\n<li><u>Acollida i seguiment<\/u>\u00a0Pla d&#8217;Acollida personal de les persones que arriben al centre (PLAC). Atenci\u00f3 de secretaria i cita pr\u00e8via, entrevista individual d&#8217;acollida amb la persona tutora de refer\u00e8ncia, di\u00e0leg sobre interessos, expectatives i compet\u00e8ncies, -si s&#8217;escau- prova pr\u00e0ctica, de nivell, acreditaci\u00f3 de compet\u00e8ncies o nivell, presentaci\u00f3 d&#8217;opcions formatives, assessorament orientaci\u00f3 i matr\u00edcula<\/li>\n<li><u>Asessorament i orientaci\u00f3<\/u><\/li>\n<\/ul>\n<p><img loading=\"lazy\" decoding=\"async\" class=\"alignleft\" src=\"http:\/\/gpsamillorfutur.hol.es\/wp-content\/uploads\/2012\/12\/GPSLOGO2014.jpg\" alt=\"Resultat d'imatges de gps a un futur millor\" width=\"229\" height=\"104\" \/>\u00a0Servei psicopedag\u00f2gic d&#8217;assessorament individual &#8220;<a href=\"http:\/\/gpsamillorfutur.info\/\">GPS a un futur millor<\/a>&#8221;<\/p>\n<p>&nbsp;<\/p>\n<p>&nbsp;<\/p>\n<ul>\n<li><u>Programacions<\/u><\/li>\n<\/ul>\n<p><img loading=\"lazy\" decoding=\"async\" class=\"alignleft\" src=\"http:\/\/i2.wp.com\/www.mouelcos.cat\/wp-content\/uploads\/2016\/10\/equips-docents.png?resize=717%2C340\" alt=\"Programar per compet\u00e8ncies a educaci\u00f3 f\u00edsica\" width=\"234\" height=\"111\" \/> Compet\u00e8ncies per a l\u2019aprenentatge permanent.\u00a0<u>Metodologia<\/u> Materials elaborats per l\u2019equip com a recurs i eina de millora<\/p>\n<p>&nbsp;<\/p>\n<p>&nbsp;<\/p>\n<ol start=\"2\">\n<li><strong> Formaci\u00f3<\/strong><\/li>\n<\/ol>\n<ul>\n<li><u>Un temps per a cada cosa<\/u><\/li>\n<\/ul>\n<p><img loading=\"lazy\" decoding=\"async\" class=\"alignleft\" src=\"http:\/\/cdludere.es\/wp-content\/uploads\/2016\/06\/Metodolog%C3%ADa-300x282.jpg\" alt=\"Metodolog\u00eda\" width=\"176\" height=\"165\" \/>\u00a0 \u00a0 \u00a0 \u00a0 \u00a0 Temps per als aspectes pedag\u00f2gics i metodol\u00f2gics, temps per compartir experi\u00e8ncies, temps per dialogar, temps per aprendre de l&#8217;altre, temps per conviure<\/p>\n<p>&nbsp;<\/p>\n<p>&nbsp;<\/p>\n<p>&nbsp;<\/p>\n<ul>\n<li><u>Autogesti\u00f3 de la formaci\u00f3 en centre<\/u> Inclou la innovaci\u00f3 pedag\u00f2gica i de processos des de la perspectiva de l\u2019intercanvi de coneixements o la requerida<\/li>\n<\/ul>\n<ol start=\"3\">\n<li><strong> Conviv\u00e8ncia <\/strong><\/li>\n<\/ol>\n<ul>\n<li><u>Parlem! Espais de di\u00e0leg<\/u> Treballem la conviv\u00e8ncia i participaci\u00f3 de l\u2019alumnat.\u00a0Basem la conviv\u00e8ncia en el di\u00e0leg, la prevenci\u00f3 de conflictes i el foment de la responsabilitat vers el comprom\u00eds educatiu<\/li>\n<li><u>Espais per compartir<\/u><\/li>\n<\/ul>\n<p><img loading=\"lazy\" decoding=\"async\" class=\"alignleft\" src=\"https:\/\/lh3.googleusercontent.com\/GLOXGHNWwh7ay8lcdhq1LDTixbUgO5sQK2PnPJoWN1T9TQ-PcYMkOUFU8eG8JqP7W9TOY3xiJMNu3A=w293-h220-rw\" alt=\"Foto: \" width=\"217\" height=\"163\" \/>Valoraci\u00f3 i cura dels espais naturals de di\u00e0leg<\/p>\n<p>&nbsp;<\/p>\n<p>&nbsp;<\/p>\n<p>&nbsp;<\/p>\n<ol start=\"4\">\n<li><strong> Organitzaci\u00f3 i funcionament<\/strong><\/li>\n<\/ol>\n<ul>\n<li><u>Un lloc per a cada cosa<\/u>\u00a0Treballem per l&#8217;organitzaci\u00f3 dels materials des dels equips de Coordinaci\u00f3; dels espais petits que, de moment, tenim. Treballem per a un edifici nou i millor per l&#8217;escola<\/li>\n<li><u>Procediments<\/u><\/li>\n<\/ul>\n<p><img loading=\"lazy\" decoding=\"async\" class=\"alignleft\" src=\"https:\/\/1.bp.blogspot.com\/-uK3HzJqmLQI\/WAleKkbYNOI\/AAAAAAAAE60\/8-6zyBhkMaMUiOFj_CVGC1Ze0OR5vi94wCLcB\/s1600\/images%2B%25282%2529.jpg\" width=\"124\" height=\"164\" \/>\u00a0 \u00a0 \u00a0 \u00a0 \u00a0 \u00a0 \u00a0 \u00a0 \u00a0 Revisi\u00f3 i adequaci\u00f3 del PLAC, el PAT i les NOFC (Normes d\u2019Organitzaci\u00f3 i Funcionament de Centre), \u00a0des de les aportacions de les persones, la coher\u00e8ncia funcional i pedag\u00f2gica<\/p>\n<p>&nbsp;<\/p>\n<p>&nbsp;<\/p>\n<p>&nbsp;<\/p>\n<ul>\n<li><u>Ens coordinem millor<\/u><\/li>\n<\/ul>\n<p><img loading=\"lazy\" decoding=\"async\" class=\"alignleft\" src=\"http:\/\/www.idoiamendia.com\/wp-content\/uploads\/2016\/01\/idoia-mendia-blog-psoe-acuerdos.jpg\" alt=\"Resultat d'imatges de acuerdo\" width=\"194\" height=\"86\" \/>\u00a0 Afavorim la implicaci\u00f3 en la gesti\u00f3 per la coordinaci\u00f3 entre els Ensenyaments<\/p>\n<p>&nbsp;<\/p>\n<p>&nbsp;<\/p>\n<ul>\n<li><u>Parlem! Espais de di\u00e0leg<\/u><\/li>\n<\/ul>\n<p><img decoding=\"async\" class=\"alignleft\" src=\"https:\/\/sites.google.com\/a\/xtec.cat\/escola-catalunya-sabadell\/_\/rsrc\/1423936994834\/noticies\/consell-escolar\/Consell%202.jpg?height=80&amp;width=200\" \/>\u00a0Facilita els espais de col\u00b7laboraci\u00f3 i di\u00e0leg. Potenciaci\u00f3 de la participaci\u00f3 de l&#8217;alumnat en el Consell de Centre, comissions i activitats<\/p>\n<p>&nbsp;<\/p>\n<p>&nbsp;<\/p>\n<ul>\n<li><u>Cada cosa al seu lloc<\/u>\u00a0Cura general dels espais del centre, retolaci\u00f3 i ordenaci\u00f3 en col\u00b7laboraci\u00f3 amb les aportacions i suggeriments de l&#8217;alumnat<\/li>\n<li><u>Pla TAC<\/u><\/li>\n<\/ul>\n<p><img loading=\"lazy\" decoding=\"async\" class=\"alignleft\" src=\"https:\/\/festes.files.wordpress.com\/2011\/11\/tac.jpg\" alt=\"Resultat d'imatges de pla tac\" width=\"216\" height=\"144\" \/> Pla de tecnologies per a l&#8217;Aprenentatge i el Coneixment (Pla TAC) i \u00a0\u2018Pla renove\u2019<\/p>\n<p>&nbsp;<\/p>\n<p>&nbsp;<\/p>\n<p>&nbsp;<\/p>\n<ul>\n<li><u>Espais i \u00fas<\/u>\u00a0\u00das d\u2019espais compartits; tamb\u00e9 amb la cessi\u00f3 d\u2019aules disponibles a entitats (i viceversa)<\/li>\n<\/ul>\n<ol start=\"5\">\n<li><strong> Participaci\u00f3 i Comunitat Educativa<\/strong><\/li>\n<\/ol>\n<ul>\n<li><u>Espai digital<\/u><\/li>\n<\/ul>\n<p><img loading=\"lazy\" decoding=\"async\" class=\"alignleft\" src=\"http:\/\/www.economiadigital.es\/cat\/img2\/2015\/01\/mujer-smartphone-29116.jpg\" alt=\"Resultat d'imatges de utilitzar el m\u00f2bil\" width=\"219\" height=\"88\" \/> Utilitzem eines digitals per a comunicar-nos.\u00a0Actualitzaci\u00f3 del web i difusi\u00f3 del centre<\/p>\n<p>&nbsp;<\/p>\n<p>&nbsp;<\/p>\n<ul>\n<li><u>Escola-Entorn<\/u><\/li>\n<\/ul>\n<p><img loading=\"lazy\" decoding=\"async\" class=\"alignleft\" src=\"http:\/\/www.pix-associates.com\/wp-content\/uploads\/2014\/04\/formation-community-management-300x218.jpg\" alt=\"Community-management sur les r\u00e9seaux sociaux\" width=\"226\" height=\"165\" \/>Relaci\u00f3 amb els serveis i centres del poble per adequar-nos millor a les necessitats d\u2019educaci\u00f3 permanent; relaci\u00f3 amb els centres de refer\u00e8ncia per a l\u2019acc\u00e9s a estudis superiors, amb els serveis de la comunitat com la\u00a0<a href=\"http:\/\/biblioteca.ripollet.cat\/WORDPRESS\/?cat=1\">Biblioteca Municipal<\/a>, <a href=\"http:\/\/casanatura.ripollet.cat\/\">Casa Natura<\/a>, <a href=\"http:\/\/pmo.ripollet.cat\/\">Patronat Municipal d&#8217;Ocupaci\u00f3<\/a>, <a href=\"http:\/\/COPEVO\">COPEVO<\/a>, <a href=\"http:\/\/www.pame-ripollet.org\/\">Patronat Municipal d&#8217;Esports<\/a>, <a href=\"http:\/\/pmc.ripollet.cat\/dev\/index.asp\">Patronat de Cultura<\/a>, <a href=\"http:\/\/ripollet.cat\/asp\/content.asp?id=6641\">Serveis Socials<\/a>, Pla Educatiu Local<\/p>\n<p>&nbsp;<\/p>\n<p>&nbsp;<\/p>\n<ul>\n<li><u>Escola-Associaci\u00f3<\/u><\/li>\n<\/ul>\n<p><img loading=\"lazy\" decoding=\"async\" class=\"alignleft\" src=\"https:\/\/lh3.googleusercontent.com\/DVuZw1Tn-K-JJydPZxay3Gbmd2BTItQ4Up2klSQcRxAmTjoy7lfET3r2IsvxsZ7JH5gl78cBWOq8ag=w293-h220-rw\" alt=\"Foto: \" width=\"213\" height=\"160\" \/>\u00a0 \u00a0Coordinaci\u00f3 amb l\u2019Associaci\u00f3 Cultural i d&#8217;EA Jaume Tuset per a les activitats culturals, el\u00a0funcionament i l&#8217;organitzaci\u00f3 de projectes per a la formaci\u00f3 al llarg de tota la vida<\/p>\n<p>&nbsp;<\/p>\n<p>&nbsp;<\/p>\n<p>&nbsp;<\/p>\n<p>&nbsp;<\/p>\n<ol start=\"6\">\n<li><strong> Innovaci\u00f3<\/strong><\/li>\n<\/ol>\n<ul>\n<li><u>TIC-TAC <\/u>\u00a0Potenciem l&#8217;\u00fas les TIC<\/li>\n<li><u>Espais per compartir<\/u> Mantenir i potenciar els espais per compartir aprenentatges, materials, recursos did\u00e0ctics i pr\u00e0ctica reflexiva per a la millora. Reflexionar sobre la Innovaci\u00f3 en els Ensenyaments a partir de l\u2019an\u00e0lisi del seu sentit pedag\u00f2gic<strong><em> (Per a qu\u00e8? Per a qui?) <\/em><\/strong>\u00a0i efic\u00e0cia<\/li>\n<li><u>Innovaci\u00f3 docent<\/u> Continuar amb les propostes d\u2019innovaci\u00f3 per tipus d\u2019Ensenyaments i el seu seguiment reflexiu<\/li>\n<\/ul>\n<p>&nbsp;<\/p>\n<p><a href=\"http:\/\/agora.xtec.cat\/cfajaumetuset\/wp-content\/uploads\/usu147\/2014\/09\/PEC_reelaboraci\u00f3_2016.pdf\">Projecte Educatiu de Centre complet<\/a><\/p>\n<p><img loading=\"lazy\" decoding=\"async\" class=\"\" src=\"http:\/\/www.standbypersonnel.com\/wp-content\/uploads\/2013\/10\/Featured-Documents.jpg\" alt=\"Resultat d'imatges de documents\" width=\"224\" height=\"200\" \/><\/p>\n","protected":false},"excerpt":{"rendered":"<p>&nbsp;<\/p>\n<p>CENTRE D\u2019EDUCACI\u00d3 DE PERSONES ADULTES DE RIPOLLET. \u00a0 \u00a0 Comptem amb les persones!<br \/>\nTots nosaltres sabem alguna cosa. Tots nosaltres ignorem alguna cosa. Per aix\u00f2, aprenem sempre.<br \/>\nPer tant, ensenyar exigeix el respecte a l\u2019autonomia de l\u2019\u00e9sser de l\u2019educand\u2026 i als seus sabers.<br \/>\nI tanmateix\u2026 Ensenyar exigeix&hellip;  <a href=\"https:\/\/agora.xtec.cat\/cfajaumetuset\/el-centre\/projecte-educatiu\/\" title=\"Read Projecte Educatiu de Centre\">Llegeix m\u00e9s\u00bb<\/a><\/p>\n","protected":false},"author":1,"featured_media":0,"parent":261,"menu_order":5,"comment_status":"closed","ping_status":"closed","template":"page-templates\/side-menu.php","meta":{"_bbp_topic_count":0,"_bbp_reply_count":0,"_bbp_total_topic_count":0,"_bbp_total_reply_count":0,"_bbp_voice_count":0,"_bbp_anonymous_reply_count":0,"_bbp_topic_count_hidden":0,"_bbp_reply_count_hidden":0,"_bbp_forum_subforum_count":0,"footnotes":""},"class_list":["post-57","page","type-page","status-publish","hentry"],"post_mailing_queue_ids":[],"_links":{"self":[{"href":"https:\/\/agora.xtec.cat\/cfajaumetuset\/wp-json\/wp\/v2\/pages\/57","targetHints":{"allow":["GET"]}}],"collection":[{"href":"https:\/\/agora.xtec.cat\/cfajaumetuset\/wp-json\/wp\/v2\/pages"}],"about":[{"href":"https:\/\/agora.xtec.cat\/cfajaumetuset\/wp-json\/wp\/v2\/types\/page"}],"author":[{"embeddable":true,"href":"https:\/\/agora.xtec.cat\/cfajaumetuset\/wp-json\/wp\/v2\/users\/1"}],"replies":[{"embeddable":true,"href":"https:\/\/agora.xtec.cat\/cfajaumetuset\/wp-json\/wp\/v2\/comments?post=57"}],"version-history":[{"count":4,"href":"https:\/\/agora.xtec.cat\/cfajaumetuset\/wp-json\/wp\/v2\/pages\/57\/revisions"}],"predecessor-version":[{"id":1008,"href":"https:\/\/agora.xtec.cat\/cfajaumetuset\/wp-json\/wp\/v2\/pages\/57\/revisions\/1008"}],"up":[{"embeddable":true,"href":"https:\/\/agora.xtec.cat\/cfajaumetuset\/wp-json\/wp\/v2\/pages\/261"}],"wp:attachment":[{"href":"https:\/\/agora.xtec.cat\/cfajaumetuset\/wp-json\/wp\/v2\/media?parent=57"}],"curies":[{"name":"wp","href":"https:\/\/api.w.org\/{rel}","templated":true}]}}