{"id":2391,"date":"2023-07-11T13:29:01","date_gmt":"2023-07-11T11:29:01","guid":{"rendered":"https:\/\/agora.xtec.cat\/cfajaumetuset\/?page_id=2391"},"modified":"2023-09-14T12:45:42","modified_gmt":"2023-09-14T10:45:42","slug":"estrategia-digital","status":"publish","type":"page","link":"https:\/\/agora.xtec.cat\/cfajaumetuset\/estrategia-digital\/","title":{"rendered":"Estrategia Digital"},"content":{"rendered":"<p dir=\"ltr\">L&#8217;estrat\u00e8gia digital de centre (EDC) defineix i concreta les l\u00ednies d&#8217;actuaci\u00f3 d&#8217;un centre que fan possible que docents, alumnat i centre assoleixin la compet\u00e8ncia digital. Per aconseguir aquesta compet\u00e8ncia digital, l&#8217;EDC compr\u00e8n tots els \u00e0mbits del centre: organitzatius, metodol\u00f2gics, curriculars i comunicatius, els quals s&#8217;han de veure necess\u00e0riament implicats i, si escau, transformats, des d\u2019una perspectiva d&#8217;innovaci\u00f3 i de millora cont\u00ednua.<a href=\"https:\/\/agora.xtec.cat\/cfajaumetuset\/wp-content\/uploads\/usu147\/2023\/09\/Imatge-nodes.png\"><img loading=\"lazy\" decoding=\"async\" class=\"size-medium wp-image-2433 alignright\" src=\"https:\/\/agora.xtec.cat\/cfajaumetuset\/wp-content\/uploads\/usu147\/2023\/09\/Imatge-nodes-300x96.png\" alt=\"\" width=\"300\" height=\"96\" srcset=\"https:\/\/agora.xtec.cat\/cfajaumetuset\/wp-content\/uploads\/usu147\/2023\/09\/Imatge-nodes-300x96.png 300w, https:\/\/agora.xtec.cat\/cfajaumetuset\/wp-content\/uploads\/usu147\/2023\/09\/Imatge-nodes-1024x327.png 1024w, https:\/\/agora.xtec.cat\/cfajaumetuset\/wp-content\/uploads\/usu147\/2023\/09\/Imatge-nodes-768x245.png 768w, https:\/\/agora.xtec.cat\/cfajaumetuset\/wp-content\/uploads\/usu147\/2023\/09\/Imatge-nodes.png 1256w\" sizes=\"auto, (max-width: 300px) 100vw, 300px\" \/><\/a><\/p>\n<p dir=\"ltr\">Durant el curs 2022-23, el CFA Jaume Tuset ha treballat per definir la seva EDC, que es pot consultar <strong><a href=\"https:\/\/sites.google.com\/xtec.cat\/edc-cfa-jaumetuset\/inici\">AQU\u00cd<\/a><\/strong>.<\/p>\n<p>&nbsp;<\/p>\n","protected":false},"excerpt":{"rendered":"<p>L&#8217;estrat\u00e8gia digital de centre (EDC) defineix i concreta les l\u00ednies d&#8217;actuaci\u00f3 d&#8217;un centre que fan possible que docents, alumnat i centre assoleixin la compet\u00e8ncia digital. Per aconseguir aquesta compet\u00e8ncia digital, l&#8217;EDC compr\u00e8n tots els \u00e0mbits del centre: organitzatius, metodol\u00f2gics, curriculars i comunicatius, els quals s&#8217;han&hellip;  <a href=\"https:\/\/agora.xtec.cat\/cfajaumetuset\/estrategia-digital\/\" title=\"Read Estrategia Digital\">Llegeix m\u00e9s\u00bb<\/a><\/p>\n","protected":false},"author":1,"featured_media":0,"parent":0,"menu_order":0,"comment_status":"closed","ping_status":"closed","template":"","meta":{"_bbp_topic_count":0,"_bbp_reply_count":0,"_bbp_total_topic_count":0,"_bbp_total_reply_count":0,"_bbp_voice_count":0,"_bbp_anonymous_reply_count":0,"_bbp_topic_count_hidden":0,"_bbp_reply_count_hidden":0,"_bbp_forum_subforum_count":0,"footnotes":""},"class_list":["post-2391","page","type-page","status-publish","hentry"],"post_mailing_queue_ids":[],"_links":{"self":[{"href":"https:\/\/agora.xtec.cat\/cfajaumetuset\/wp-json\/wp\/v2\/pages\/2391","targetHints":{"allow":["GET"]}}],"collection":[{"href":"https:\/\/agora.xtec.cat\/cfajaumetuset\/wp-json\/wp\/v2\/pages"}],"about":[{"href":"https:\/\/agora.xtec.cat\/cfajaumetuset\/wp-json\/wp\/v2\/types\/page"}],"author":[{"embeddable":true,"href":"https:\/\/agora.xtec.cat\/cfajaumetuset\/wp-json\/wp\/v2\/users\/1"}],"replies":[{"embeddable":true,"href":"https:\/\/agora.xtec.cat\/cfajaumetuset\/wp-json\/wp\/v2\/comments?post=2391"}],"version-history":[{"count":3,"href":"https:\/\/agora.xtec.cat\/cfajaumetuset\/wp-json\/wp\/v2\/pages\/2391\/revisions"}],"predecessor-version":[{"id":2432,"href":"https:\/\/agora.xtec.cat\/cfajaumetuset\/wp-json\/wp\/v2\/pages\/2391\/revisions\/2432"}],"wp:attachment":[{"href":"https:\/\/agora.xtec.cat\/cfajaumetuset\/wp-json\/wp\/v2\/media?parent=2391"}],"curies":[{"name":"wp","href":"https:\/\/api.w.org\/{rel}","templated":true}]}}