{"id":727,"date":"2023-03-17T17:26:51","date_gmt":"2023-03-17T16:26:51","guid":{"rendered":"https:\/\/agora.xtec.cat\/cfaguixols\/?page_id=727"},"modified":"2024-06-21T13:39:26","modified_gmt":"2024-06-21T11:39:26","slug":"equip-directiu-ed","status":"publish","type":"page","link":"https:\/\/agora.xtec.cat\/cfaguixols\/equip-directiu-ed\/","title":{"rendered":"Equip directiu ( ED)"},"content":{"rendered":"<p id=\"yui_3_17_2_1_1679070331284_1173\">Els membres de l&#8217;equip directiu del Centre s\u00f3n:<\/p>\n<ul>\n<li><strong>DIRECTOR<\/strong>: \u00c0lex Bonany Capdeferro<\/li>\n<\/ul>\n<ul>\n<li><strong>CAP D&#8217;ESTUDIS<\/strong>: M\u00aa \u00c0ngels R\u00edo N\u00fa\u00f1ez<\/li>\n<\/ul>\n<ul>\n<li><strong>SECRET\u00c0RIA-ADMINIS<\/strong><strong>TRADORA<\/strong>: Coral Bonet Ginesta<\/li>\n<\/ul>\n","protected":false},"excerpt":{"rendered":"<p>Els membres de l&#8217;equip directiu del Centre s\u00f3n:<\/p>\n<ul>\n<li>DIRECTOR: \u00c0lex Bonany Capdeferro<\/li>\n<\/ul>\n<ul>\n<li>CAP D&#8217;ESTUDIS: M\u00aa \u00c0ngels R\u00edo N\u00fa\u00f1ez<\/li>\n<\/ul>\n<ul>\n<li>SECRET\u00c0RIA-ADMINISTRADORA: Coral Bonet Ginesta<\/li>\n<\/ul>\n","protected":false},"author":1,"featured_media":0,"parent":0,"menu_order":0,"comment_status":"closed","ping_status":"closed","template":"","meta":{"_bbp_topic_count":0,"_bbp_reply_count":0,"_bbp_total_topic_count":0,"_bbp_total_reply_count":0,"_bbp_voice_count":0,"_bbp_anonymous_reply_count":0,"_bbp_topic_count_hidden":0,"_bbp_reply_count_hidden":0,"_bbp_forum_subforum_count":0,"footnotes":""},"class_list":["post-727","page","type-page","status-publish","hentry"],"post_mailing_queue_ids":[],"_links":{"self":[{"href":"https:\/\/agora.xtec.cat\/cfaguixols\/wp-json\/wp\/v2\/pages\/727","targetHints":{"allow":["GET"]}}],"collection":[{"href":"https:\/\/agora.xtec.cat\/cfaguixols\/wp-json\/wp\/v2\/pages"}],"about":[{"href":"https:\/\/agora.xtec.cat\/cfaguixols\/wp-json\/wp\/v2\/types\/page"}],"author":[{"embeddable":true,"href":"https:\/\/agora.xtec.cat\/cfaguixols\/wp-json\/wp\/v2\/users\/1"}],"replies":[{"embeddable":true,"href":"https:\/\/agora.xtec.cat\/cfaguixols\/wp-json\/wp\/v2\/comments?post=727"}],"version-history":[{"count":3,"href":"https:\/\/agora.xtec.cat\/cfaguixols\/wp-json\/wp\/v2\/pages\/727\/revisions"}],"predecessor-version":[{"id":1423,"href":"https:\/\/agora.xtec.cat\/cfaguixols\/wp-json\/wp\/v2\/pages\/727\/revisions\/1423"}],"wp:attachment":[{"href":"https:\/\/agora.xtec.cat\/cfaguixols\/wp-json\/wp\/v2\/media?parent=727"}],"curies":[{"name":"wp","href":"https:\/\/api.w.org\/{rel}","templated":true}]}}