{"id":322,"date":"2015-01-28T11:36:17","date_gmt":"2015-01-28T10:36:17","guid":{"rendered":"http:\/\/agora.xtec.cat\/cfagransol\/\/?page_id=322"},"modified":"2017-02-03T13:24:17","modified_gmt":"2017-02-03T12:24:17","slug":"a-la-universitat-per-a-majors-de-25-anys","status":"publish","type":"page","link":"https:\/\/agora.xtec.cat\/cfagransol\/ensenyaments\/ensenyaments-per-a-la-preparacio-de-proves-dacces\/a-la-universitat-per-a-majors-de-25-anys\/","title":{"rendered":"A la universitat per a majors de 25 anys"},"content":{"rendered":"<p>Aquests estudis preparen les persones m\u00e9s grans de 25 anys per a les proves d&#8217;acc\u00e9s a la universitat.<\/p>\n<p>Poden accedir a aquests estudis les persones m\u00e9s grans de 25 anys o que els compleixin l&#8217;any natural en qu\u00e8 es realitza la prova.<\/p>\n<p>Les persones que hi volen accedir no han de tenir superades les PAU (o equivalent), no han d&#8217;estar en possessi\u00f3 d&#8217;un t\u00edtol de t\u00e8cnic superior de formaci\u00f3 professional, d&#8217;arts pl\u00e0stiques i disseny o d&#8217;esports (o equivalent), ni tenir cap titulaci\u00f3 universit\u00e0ria.<\/p>\n<p>Aquest estudi \u00e9s gratu\u00eft en els centres dependents del Departament d&#8217;Ensenyament.<\/p>\n<ul>\n<li><strong>Durada<\/strong><\/li>\n<li><strong>Continguts<\/strong>\n<ul>\n<li>Mat\u00e8ries de la fase general (igual per a tots els candidats)<br \/>\na. Comentari de text<br \/>\nb. Llengua catalana<br \/>\nc. Llengua castellana<br \/>\nd. Llengua estrangera (a triar entre angl\u00e8s, franc\u00e8s,<br \/>\nalemany, itali\u00e0 o portugu\u00e8s)<br \/>\nEls exercicis de comentari de text, llengua catalana i\u00a0llengua castellana s\u00f3n comuns a les proves per a m\u00e9s\u00a0grans de 25 anys i les proves per a m\u00e9s grans de 45 anys.<\/li>\n<li>Mat\u00e8ries de la fase espec\u00edfica<br \/>\nL&#8217;alumne ha d&#8217;escollir dues mat\u00e8ries relacionades amb una\u00a0de les branques de coneixement, entorn de les quals\u00a0s&#8217;organitzen els t\u00edtols universitaris de grau.<\/li>\n<\/ul>\n<\/li>\n<li><strong>Relaci\u00f3 de branques i mat\u00e8ries<\/strong><\/li>\n<\/ul>\n<p>Opcions d&#8217;acc\u00e9s Mat\u00e8ries<br \/>\nA) <strong>Arts i humanitats<\/strong><br \/>\nFilosofia<br \/>\nGeografia<br \/>\nHist\u00f2ria contempor\u00e0nia<br \/>\nHist\u00f2ria de l&#8217;art<br \/>\nLiteratura<br \/>\nB) <strong>Ci\u00e8ncies<\/strong><br \/>\nBiologia<br \/>\nF\u00edsica<br \/>\nMatem\u00e0tiques<br \/>\nQu\u00edmica<br \/>\nEstad\u00edstica<br \/>\nC) <strong>Ci\u00e8ncies de la salut<\/strong><br \/>\nBiologia<br \/>\nEstad\u00edstica<br \/>\nF\u00edsica<br \/>\nMatem\u00e0tiques<br \/>\nQu\u00edmica<br \/>\nD) <strong>Ci\u00e8ncies socials i\u00a0jur\u00eddiques<\/strong><br \/>\nEconomia de l&#8217;empresa<br \/>\nEstad\u00edstica<br \/>\nGeografia<br \/>\nHist\u00f2ria contempor\u00e0nia<br \/>\nMatem\u00e0tiques<br \/>\nE) <strong>Enginyeria i arquitectura<\/strong><br \/>\nDibuix t\u00e8cnic<br \/>\nEconomia de l&#8217;empresa<br \/>\nF\u00edsica<br \/>\nMatem\u00e0tiques<br \/>\nQu\u00edmica<\/p>\n<p><a href=\"http:\/\/queestudiar.gencat.cat\/ca\/estudis\/adults\/estudis\/preparacio-proves-acces\/?p_id=285&amp;estudi\">M\u00e9s informaci\u00f3&#8230;<\/a><\/p>\n","protected":false},"excerpt":{"rendered":"<p>Aquests estudis preparen les persones m\u00e9s grans de 25 anys per a les proves d&#8217;acc\u00e9s a la universitat.<br \/>\nPoden accedir a aquests estudis les persones m\u00e9s grans de 25 anys o que els compleixin l&#8217;any natural en qu\u00e8 es realitza la prova.<br \/>\nLes persones que hi volen&hellip;  <a href=\"https:\/\/agora.xtec.cat\/cfagransol\/ensenyaments\/ensenyaments-per-a-la-preparacio-de-proves-dacces\/a-la-universitat-per-a-majors-de-25-anys\/\" title=\"Read A la universitat per a majors de 25 anys\">Llegeix m\u00e9s\u00bb<\/a><\/p>\n","protected":false},"author":2,"featured_media":0,"parent":288,"menu_order":0,"comment_status":"closed","ping_status":"closed","template":"page-templates\/side-menu.php","meta":{"_bbp_topic_count":0,"_bbp_reply_count":0,"_bbp_total_topic_count":0,"_bbp_total_reply_count":0,"_bbp_voice_count":0,"_bbp_anonymous_reply_count":0,"_bbp_topic_count_hidden":0,"_bbp_reply_count_hidden":0,"_bbp_forum_subforum_count":0,"footnotes":""},"class_list":["post-322","page","type-page","status-publish","hentry"],"post_mailing_queue_ids":[],"_links":{"self":[{"href":"https:\/\/agora.xtec.cat\/cfagransol\/wp-json\/wp\/v2\/pages\/322","targetHints":{"allow":["GET"]}}],"collection":[{"href":"https:\/\/agora.xtec.cat\/cfagransol\/wp-json\/wp\/v2\/pages"}],"about":[{"href":"https:\/\/agora.xtec.cat\/cfagransol\/wp-json\/wp\/v2\/types\/page"}],"author":[{"embeddable":true,"href":"https:\/\/agora.xtec.cat\/cfagransol\/wp-json\/wp\/v2\/users\/2"}],"replies":[{"embeddable":true,"href":"https:\/\/agora.xtec.cat\/cfagransol\/wp-json\/wp\/v2\/comments?post=322"}],"version-history":[{"count":4,"href":"https:\/\/agora.xtec.cat\/cfagransol\/wp-json\/wp\/v2\/pages\/322\/revisions"}],"predecessor-version":[{"id":1073,"href":"https:\/\/agora.xtec.cat\/cfagransol\/wp-json\/wp\/v2\/pages\/322\/revisions\/1073"}],"up":[{"embeddable":true,"href":"https:\/\/agora.xtec.cat\/cfagransol\/wp-json\/wp\/v2\/pages\/288"}],"wp:attachment":[{"href":"https:\/\/agora.xtec.cat\/cfagransol\/wp-json\/wp\/v2\/media?parent=322"}],"curies":[{"name":"wp","href":"https:\/\/api.w.org\/{rel}","templated":true}]}}

<p>Aquests estudis preparen les persones més grans de 25 anys per a les proves d&#8217;accés a la universitat.</p>
<p>Poden accedir a aquests estudis les persones més grans de 25 anys o que els compleixin l&#8217;any natural en què es realitza la prova.</p>
<p>Les persones que hi volen accedir no han de tenir superades les PAU (o equivalent), no han d&#8217;estar en possessió d&#8217;un títol de tècnic superior de formació professional, d&#8217;arts plàstiques i disseny o d&#8217;esports (o equivalent), ni tenir cap titulació universitària.</p>
<p>Aquest estudi és gratuït en els centres dependents del Departament d&#8217;Ensenyament.</p>
<ul>
<li><strong>Durada</strong></li>
<li><strong>Continguts</strong>
<ul>
<li>Matèries de la fase general (igual per a tots els candidats)<br />
a. Comentari de text<br />
b. Llengua catalana<br />
c. Llengua castellana<br />
d. Llengua estrangera (a triar entre anglès, francès,<br />
alemany, italià o portuguès)<br />
Els exercicis de comentari de text, llengua catalana i llengua castellana són comuns a les proves per a més grans de 25 anys i les proves per a més grans de 45 anys.</li>
<li>Matèries de la fase específica<br />
L&#8217;alumne ha d&#8217;escollir dues matèries relacionades amb una de les branques de coneixement, entorn de les quals s&#8217;organitzen els títols universitaris de grau.</li>
</ul>
</li>
<li><strong>Relació de branques i matèries</strong></li>
</ul>
<p>Opcions d&#8217;accés Matèries<br />
A) <strong>Arts i humanitats</strong><br />
Filosofia<br />
Geografia<br />
Història contemporània<br />
Història de l&#8217;art<br />
Literatura<br />
B) <strong>Ciències</strong><br />
Biologia<br />
Física<br />
Matemàtiques<br />
Química<br />
Estadística<br />
C) <strong>Ciències de la salut</strong><br />
Biologia<br />
Estadística<br />
Física<br />
Matemàtiques<br />
Química<br />
D) <strong>Ciències socials i jurídiques</strong><br />
Economia de l&#8217;empresa<br />
Estadística<br />
Geografia<br />
Història contemporània<br />
Matemàtiques<br />
E) <strong>Enginyeria i arquitectura</strong><br />
Dibuix tècnic<br />
Economia de l&#8217;empresa<br />
Física<br />
Matemàtiques<br />
Química</p>
<p><a href="http://queestudiar.gencat.cat/ca/estudis/adults/estudis/preparacio-proves-acces/?p_id=285&amp;estudi">Més informació&#8230;</a></p>

<p>Aquests estudis preparen les persones més grans de 25 anys per a les proves d&#8217;accés a la universitat.<br />
Poden accedir a aquests estudis les persones més grans de 25 anys o que els compleixin l&#8217;any natural en què es realitza la prova.<br />
Les persones que hi volen&hellip;  <a href="https://agora.xtec.cat/cfagransol/ensenyaments/ensenyaments-per-a-la-preparacio-de-proves-dacces/a-la-universitat-per-a-majors-de-25-anys/" title="Read A la universitat per a majors de 25 anys">Llegeix més»</a></p>
