{"id":27,"date":"2014-09-17T16:24:03","date_gmt":"2014-09-17T16:24:03","guid":{"rendered":"http:\/\/agora.xtec.cat\/cfagransol\/\/?page_id=27"},"modified":"2016-01-29T14:29:25","modified_gmt":"2016-01-29T13:29:25","slug":"historia","status":"publish","type":"page","link":"https:\/\/agora.xtec.cat\/cfagransol\/el-centre\/historia\/","title":{"rendered":"Hist\u00f2ria"},"content":{"rendered":"<p>&nbsp;<\/p>\n<p><strong><em>Els l\u00edmits dels tres barris que conformen el districte n\u00famero cinc no es van definir : fins a l\u2019any 1980. Amb el nom de L1 Llefi\u00e0 sempre s\u2019ha conegut una zona de Badalona, molt superior a l&#8217;actual, que arribava fins a Can Peixauet.<\/em><\/strong><\/p>\n<p><strong><em>La primera refer\u00e8ncia documentada data del 1012 quan trobem una donaci\u00f3 de terres a Nimphianus, top\u00f2nim que en escriptures posteriors del mateix segle XI apareixia\u00a0 com Niphiano, Liphiano i Liphian. Aquest \u00faltim va donar lloc a l&#8217;actual mot L1efi\u00e0 i\u00a0 podria tractar-se de la perviv\u00e8ncia del nom d\u2019un propietari rom\u00e0.\u00a0<\/em><\/strong><\/p>\n<p><em><a href=\"http:\/\/agora.xtec.cat\/cfagransol\/wp-content\/uploads\/usu259\/2014\/09\/Historia-web.jpg\"><img loading=\"lazy\" decoding=\"async\" class=\"aligncenter wp-image-371 size-full\" src=\"http:\/\/agora.xtec.cat\/cfagransol\/wp-content\/uploads\/usu259\/2014\/09\/Historia-web.jpg\" alt=\"\" width=\"265\" height=\"190\" \/><\/a><\/em><\/p>\n<p><em><span lang=\"ca\"><span style=\"font-size: large;\"><b>Llefi\u00e0: una mica d\u2019hist\u00f2ria<\/b><\/span><\/span><\/em><\/p>\n<p><em><span lang=\"ca\"><span style=\"font-size: large;\">Davant de la necessitat de subdividir el barri, l&#8217;Ajuntament va prendre la decisi\u00f3 d\u2019adoptar aquest nom pel fet que en aquest barri hi havia dues associacions de ve\u00efns i altres entitats que l\u2019havien adoptat.<\/span><\/span><\/em><\/p>\n<p><em><span lang=\"ca\"><span style=\"font-size: large;\">Actualment s\u00f3n tres els barris que formen L1efi\u00e0: Sant Antoni de L1efi\u00e0, Sant Mori de L1efi\u00e0 i Sant Joan de L1efi\u00e0.<\/span><\/span><\/em><\/p>\n<p><em><span lang=\"ca\"><span style=\"font-size: large;\">Una de les vies m\u00e9s antigues de Badalona travessava tota l\u2019\u00e0rea de camps de conreus del que durant molts segles va ser L1efi\u00e0, i que ocupava una extensi\u00f3 superior a la que t\u00e9 ara el districte n\u00famero cinc.<\/span><\/span><\/em><\/p>\n<p><em><span lang=\"ca\"><span style=\"font-size: large;\">La carretera de Val\u00e8ncia, un cam\u00ed amb arbres a banda i banda, passava per L1efi\u00e0, travessava el riu Bes\u00f2s i arribava fins a les portes de Barcelona per continuar despr\u00e9s cap al sud fins a Val\u00e8ncia. A tocar d\u2019aquesta carretera s\u2019al\u00e7ava la torre Hospital, una edificaci\u00f3 avui desapareguda que era propietat de l\u2019hospital de la Santa Creu i Sant Pau de Barcelona. Aquesta torre, que havia estat envoltada de camps de conreus, va desapar\u00e8ixer durant el proc\u00e9s d\u2019urbanitzaci\u00f3 de la zona.<\/span><\/span><\/em><\/p>\n<p><em><span lang=\"ca\"><span style=\"font-size: large;\">Fins al 1923, l&#8217;\u00fanica edificaci\u00f3 notable era la torre Mena, casa colonial constru\u00efda el 1880 sobre les runes d\u2019una altra de m\u00e9s antiga, la masia de can Mena, que va ser propietat de Pere Jeroni de Mena, administrador general de les rendes reials de Mallorca.<\/span><\/span><\/em><\/p>\n<p><em><span lang=\"ca\"><span style=\"font-size: large;\">La propietat tenia una torre semblant, la de can Canyad\u00f3 i l\u2019acc\u00e9s era un pont llevad\u00eds. Tamb\u00e9 tenia una capella on es venerava un sant crist que, segons sembla, era el mateix que havien portat els segadors de la revolta del Corpus de Sang del 1640.<\/span><\/span><\/em><\/p>\n<p><em><span lang=\"ca\"><span style=\"font-size: large;\">L\u2019aspecte dels voltants de la torre era ben diferent fa poc m\u00e9s d\u2019un segle. Tot i que costa d\u2019imaginar, la masia estava envoltada de camps de conreus. Les vinyes ocupaven la major part del s\u00f2l i s\u2019estenien fins al que ara \u00e9s el barri de Sant Mori de L1efi\u00e0. A la part m\u00e9s alta, el paisatge canviava de forma radical i es convertia en gaireb\u00e9 agrest. Els boscos de pins creixien en indrets com el que \u00e9s ara el carrer de Sant Frederic.<\/span><\/span><\/em><\/p>\n<p><em><span lang=\"ca\"><span style=\"font-size: large;\">Durant els primers anys anteriors a la Guerra Civil, les cases modestes d\u2019autoconstrucci\u00f3 compartien espai amb torres d\u2019estiueig com ara la torre de l\u2019ou, avui desapareguda.<\/span><\/span><\/em><\/p>\n<p><em><span lang=\"ca\"><span style=\"font-size: large;\">AI llarg dels primers anys del segle EX, els camps de conreus van deixar pas a les b\u00f2biles.<\/span><\/span><\/em><\/p>\n<p><em><span lang=\"ca\"><span style=\"font-size: large;\">Fins als anys 50, les b\u00f2biles que formaven part del paisatge de la zona estaven situades al barri de Sant Joan de L1efi\u00e0, per\u00f2 tamb\u00e9 a Sant Antoni i a Sant Mori. Aquests forns de llenya explotaven les terres argiloses de la zona, d\u2019un color vermell\u00f3s for\u00e7a caracter\u00edstic.<\/span><\/span><\/em><\/p>\n<p><em><span lang=\"ca\"><span style=\"font-size: large;\">Despr\u00e9s de segles de vida rural l\u2019arribada de la immigraci\u00f3 acceler\u00e0 els canvis a la zona.<\/span><\/span><\/em><\/p>\n<p><em><span lang=\"ca\"><span style=\"font-size: large;\">Els primers immigrants es van instal\u00b7lar sense perm\u00eds als terrenys m\u00e9s alts i all\u00e0 van construir-me els habitatges amb materials for\u00e7a modestos.<\/span><\/span><\/em><\/p>\n<p><em><span lang=\"ca\"><span style=\"font-size: large;\">S\u00f3n estampes t\u00edpiques de l\u2019\u00e8poca les coves que s\u2019utilitzaven com a habitatges, on fam\u00edlies senceres s\u2019encabien per trobar un recer, i tamb\u00e9 les barraques fetes sense cap mirament.<\/span><\/span><\/em><\/p>\n<p><em><span lang=\"ca\"><span style=\"font-size: large;\">La construcci\u00f3 del Ferrocarril Metropolit\u00e0 de Barcelona, el metro i l\u2019exposici\u00f3 Universal de Barcelona de l\u2019any 1929 van atraure una gran quantitat de gent (200.000 persones a l\u2019\u00e0rea de Barcelona), i a Badalona va venir gent de tot l&#8217;Estat atreta per la feina.<\/span><\/span><\/em><\/p>\n<p><em><span lang=\"ca\"><span style=\"font-size: large;\">Durant el per\u00edode de la Guerra Civil van continuar arribant nous habitants, la majoria fugitius de les zones m\u00e9s castigades per la lluita.<\/span><\/span><\/em><\/p>\n<p><em><span lang=\"ca\"><span style=\"font-size: large;\">La gran explosi\u00f3 demogr\u00e0fica es va produir en el per\u00edode de postguerra. La gent arribava a Catalunya empesa per les necessitats i l\u2019esperan\u00e7a de trobar-hi feina.<\/span><\/span><\/em><\/p>\n<p><em><span lang=\"ca\"><span style=\"font-size: large;\">L\u2019opci\u00f3 de l\u2019autoconstrucci\u00f3 de l\u2019habitatge va ser generalitzada.<\/span><\/span><\/em><\/p>\n<p><em><span lang=\"ca\"><span style=\"font-size: large;\">M\u00e9s endavant van apar\u00e8ixer constructors que oferien opcions de permuta(a canvi de terreny oferien un pis o dos)\u00c9s en aquesta \u00e8poca que comen\u00e7a l\u2019activitat associativa dels habitants dels diferents carrers per anar resolent els principals problemes, especialment els urban\u00edstics.<\/span><\/span><\/em><\/p>\n<p><em><span lang=\"ca\"><span style=\"font-size: large;\">EI pla urban\u00edstic del 1967 consagra l\u2019edificabilitat de la resta del barri que fins aleshores havia estat considerada com a zona r\u00fastica. Aquesta va ser la resposta de l\u2019ajuntament a la pressi\u00f3 especulativa davant de l\u2019onada de la segona immigraci\u00f3.<\/span><\/span><\/em><\/p>\n<p><em><span lang=\"ca\"><span style=\"font-size: large;\">Amb l\u2019onada de poblaci\u00f3 dels anys 60 es construeix el pol\u00edgon de La Gallina Blanca, el pol\u00edgon de Promociones Arga, els blocs de l\u2019avinguda del Marqu\u00e8s de Sant Mori, la pla\u00e7a de Trafalgar i els pol\u00edgons del Patronat de la Vivenda de Renda Limitada de Badalona.<\/span><\/span><\/em><\/p>\n<p><em><span lang=\"ca\"><span style=\"font-size: large;\">La hist\u00f2ria de l\u2019evoluci\u00f3 urbana del barri \u00e9s molt recent. A mesura que s\u2019aprop\u00e0 l\u2019any 1979, els moviments associatius i ve\u00efnals creixen.<\/span><\/span><\/em><\/p>\n<p><em><span lang=\"ca\"><span style=\"font-size: large;\">Les principals aportacions d\u2019aquests moviments associatius van ser l\u2019any 1976, l\u2019aprovaci\u00f3 del PARI, que va consistir en la reducci\u00f3 de la construcci\u00f3 dels habitatges, la preservaci\u00f3 de zones verdes i equipaments i la construcci\u00f3 d\u2019aparcaments als terrenys de les comunitat de propietaris. Aquesta darrera iniciativa va ser reconeguda l\u2019any 2003 amb la concessi\u00f3 a l&#8217;Associaci\u00f3 de Ve\u00efns Sant Joan de L1efi\u00e0-Gran Sol el guard\u00f3 de la Creu de Sant Jordi.<\/span><\/span><\/em><\/p>\n<p><em><span style=\"font-size: large;\"><span lang=\"ca\">AI 1999 es va crear Llefi@net &#8220;Xarxa Ciutadana de Llefi\u00e0&#8221;, un espai de comunicaci\u00f3 s\u00f2cio-tecnol\u00f2gic de les entitats i ve\u00efns del barri mitjan\u00e7ant el qual es d\u00f3na acc\u00e9s a l\u2019arxiu hist\u00f2ric de L1efi\u00e0 (<a href=\"http:\/\/l1efia.org\/arxiu2\/\">http:\/\/l1efia.org\/arxiu2\/<\/a>)<\/span><\/span><\/em><\/p>\n<p align=\"center\"><em><img loading=\"lazy\" decoding=\"async\" src=\"http:\/\/www.xtec.cat\/cfagransol\/images\/Breu%20h1.gif\" alt=\"\" width=\"407\" height=\"310\" border=\"0\" \/><\/em><\/p>\n<p>&nbsp;<\/p>\n<p>&nbsp;<\/p>\n","protected":false},"excerpt":{"rendered":"<p>&nbsp;<br \/>\nEls l\u00edmits dels tres barris que conformen el districte n\u00famero cinc no es van definir : fins a l\u2019any 1980. Amb el nom de L1 Llefi\u00e0 sempre s\u2019ha conegut una zona de Badalona, molt superior a l&#8217;actual, que arribava fins a Can Peixauet.<br \/>\nLa primera refer\u00e8ncia&hellip;  <a href=\"https:\/\/agora.xtec.cat\/cfagransol\/el-centre\/historia\/\" title=\"Read Hist\u00f2ria\">Llegeix m\u00e9s\u00bb<\/a><\/p>\n","protected":false},"author":1,"featured_media":0,"parent":261,"menu_order":20,"comment_status":"closed","ping_status":"closed","template":"page-templates\/side-menu.php","meta":{"_bbp_topic_count":0,"_bbp_reply_count":0,"_bbp_total_topic_count":0,"_bbp_total_reply_count":0,"_bbp_voice_count":0,"_bbp_anonymous_reply_count":0,"_bbp_topic_count_hidden":0,"_bbp_reply_count_hidden":0,"_bbp_forum_subforum_count":0,"footnotes":""},"class_list":["post-27","page","type-page","status-publish","hentry"],"post_mailing_queue_ids":[],"_links":{"self":[{"href":"https:\/\/agora.xtec.cat\/cfagransol\/wp-json\/wp\/v2\/pages\/27","targetHints":{"allow":["GET"]}}],"collection":[{"href":"https:\/\/agora.xtec.cat\/cfagransol\/wp-json\/wp\/v2\/pages"}],"about":[{"href":"https:\/\/agora.xtec.cat\/cfagransol\/wp-json\/wp\/v2\/types\/page"}],"author":[{"embeddable":true,"href":"https:\/\/agora.xtec.cat\/cfagransol\/wp-json\/wp\/v2\/users\/1"}],"replies":[{"embeddable":true,"href":"https:\/\/agora.xtec.cat\/cfagransol\/wp-json\/wp\/v2\/comments?post=27"}],"version-history":[{"count":3,"href":"https:\/\/agora.xtec.cat\/cfagransol\/wp-json\/wp\/v2\/pages\/27\/revisions"}],"predecessor-version":[{"id":402,"href":"https:\/\/agora.xtec.cat\/cfagransol\/wp-json\/wp\/v2\/pages\/27\/revisions\/402"}],"up":[{"embeddable":true,"href":"https:\/\/agora.xtec.cat\/cfagransol\/wp-json\/wp\/v2\/pages\/261"}],"wp:attachment":[{"href":"https:\/\/agora.xtec.cat\/cfagransol\/wp-json\/wp\/v2\/media?parent=27"}],"curies":[{"name":"wp","href":"https:\/\/api.w.org\/{rel}","templated":true}]}}

Història

<p>&nbsp;</p>
<p><strong><em>Els límits dels tres barris que conformen el districte número cinc no es van definir : fins a l’any 1980. Amb el nom de L1 Llefià sempre s’ha conegut una zona de Badalona, molt superior a l&#8217;actual, que arribava fins a Can Peixauet.</em></strong></p>
<p><strong><em>La primera referència documentada data del 1012 quan trobem una donació de terres a Nimphianus, topònim que en escriptures posteriors del mateix segle XI apareixia  com Niphiano, Liphiano i Liphian. Aquest últim va donar lloc a l&#8217;actual mot L1efià i  podria tractar-se de la pervivència del nom d’un propietari romà. </em></strong></p>
<p><em><a href="http://agora.xtec.cat/cfagransol/wp-content/uploads/usu259/2014/09/Historia-web.jpg"><img loading="lazy" decoding="async" class="aligncenter wp-image-371 size-full" src="http://agora.xtec.cat/cfagransol/wp-content/uploads/usu259/2014/09/Historia-web.jpg" alt="" width="265" height="190" /></a></em></p>
<p><em><span lang="ca"><span style="font-size: large;"><b>Llefià: una mica d’història</b></span></span></em></p>
<p><em><span lang="ca"><span style="font-size: large;">Davant de la necessitat de subdividir el barri, l&#8217;Ajuntament va prendre la decisió d’adoptar aquest nom pel fet que en aquest barri hi havia dues associacions de veïns i altres entitats que l’havien adoptat.</span></span></em></p>
<p><em><span lang="ca"><span style="font-size: large;">Actualment són tres els barris que formen L1efià: Sant Antoni de L1efià, Sant Mori de L1efià i Sant Joan de L1efià.</span></span></em></p>
<p><em><span lang="ca"><span style="font-size: large;">Una de les vies més antigues de Badalona travessava tota l’àrea de camps de conreus del que durant molts segles va ser L1efià, i que ocupava una extensió superior a la que té ara el districte número cinc.</span></span></em></p>
<p><em><span lang="ca"><span style="font-size: large;">La carretera de València, un camí amb arbres a banda i banda, passava per L1efià, travessava el riu Besòs i arribava fins a les portes de Barcelona per continuar després cap al sud fins a València. A tocar d’aquesta carretera s’alçava la torre Hospital, una edificació avui desapareguda que era propietat de l’hospital de la Santa Creu i Sant Pau de Barcelona. Aquesta torre, que havia estat envoltada de camps de conreus, va desaparèixer durant el procés d’urbanització de la zona.</span></span></em></p>
<p><em><span lang="ca"><span style="font-size: large;">Fins al 1923, l&#8217;única edificació notable era la torre Mena, casa colonial construïda el 1880 sobre les runes d’una altra de més antiga, la masia de can Mena, que va ser propietat de Pere Jeroni de Mena, administrador general de les rendes reials de Mallorca.</span></span></em></p>
<p><em><span lang="ca"><span style="font-size: large;">La propietat tenia una torre semblant, la de can Canyadó i l’accés era un pont llevadís. També tenia una capella on es venerava un sant crist que, segons sembla, era el mateix que havien portat els segadors de la revolta del Corpus de Sang del 1640.</span></span></em></p>
<p><em><span lang="ca"><span style="font-size: large;">L’aspecte dels voltants de la torre era ben diferent fa poc més d’un segle. Tot i que costa d’imaginar, la masia estava envoltada de camps de conreus. Les vinyes ocupaven la major part del sòl i s’estenien fins al que ara és el barri de Sant Mori de L1efià. A la part més alta, el paisatge canviava de forma radical i es convertia en gairebé agrest. Els boscos de pins creixien en indrets com el que és ara el carrer de Sant Frederic.</span></span></em></p>
<p><em><span lang="ca"><span style="font-size: large;">Durant els primers anys anteriors a la Guerra Civil, les cases modestes d’autoconstrucció compartien espai amb torres d’estiueig com ara la torre de l’ou, avui desapareguda.</span></span></em></p>
<p><em><span lang="ca"><span style="font-size: large;">AI llarg dels primers anys del segle EX, els camps de conreus van deixar pas a les bòbiles.</span></span></em></p>
<p><em><span lang="ca"><span style="font-size: large;">Fins als anys 50, les bòbiles que formaven part del paisatge de la zona estaven situades al barri de Sant Joan de L1efià, però també a Sant Antoni i a Sant Mori. Aquests forns de llenya explotaven les terres argiloses de la zona, d’un color vermellós força característic.</span></span></em></p>
<p><em><span lang="ca"><span style="font-size: large;">Després de segles de vida rural l’arribada de la immigració accelerà els canvis a la zona.</span></span></em></p>
<p><em><span lang="ca"><span style="font-size: large;">Els primers immigrants es van instal·lar sense permís als terrenys més alts i allà van construir-me els habitatges amb materials força modestos.</span></span></em></p>
<p><em><span lang="ca"><span style="font-size: large;">Són estampes típiques de l’època les coves que s’utilitzaven com a habitatges, on famílies senceres s’encabien per trobar un recer, i també les barraques fetes sense cap mirament.</span></span></em></p>
<p><em><span lang="ca"><span style="font-size: large;">La construcció del Ferrocarril Metropolità de Barcelona, el metro i l’exposició Universal de Barcelona de l’any 1929 van atraure una gran quantitat de gent (200.000 persones a l’àrea de Barcelona), i a Badalona va venir gent de tot l&#8217;Estat atreta per la feina.</span></span></em></p>
<p><em><span lang="ca"><span style="font-size: large;">Durant el període de la Guerra Civil van continuar arribant nous habitants, la majoria fugitius de les zones més castigades per la lluita.</span></span></em></p>
<p><em><span lang="ca"><span style="font-size: large;">La gran explosió demogràfica es va produir en el període de postguerra. La gent arribava a Catalunya empesa per les necessitats i l’esperança de trobar-hi feina.</span></span></em></p>
<p><em><span lang="ca"><span style="font-size: large;">L’opció de l’autoconstrucció de l’habitatge va ser generalitzada.</span></span></em></p>
<p><em><span lang="ca"><span style="font-size: large;">Més endavant van aparèixer constructors que oferien opcions de permuta(a canvi de terreny oferien un pis o dos)És en aquesta època que comença l’activitat associativa dels habitants dels diferents carrers per anar resolent els principals problemes, especialment els urbanístics.</span></span></em></p>
<p><em><span lang="ca"><span style="font-size: large;">EI pla urbanístic del 1967 consagra l’edificabilitat de la resta del barri que fins aleshores havia estat considerada com a zona rústica. Aquesta va ser la resposta de l’ajuntament a la pressió especulativa davant de l’onada de la segona immigració.</span></span></em></p>
<p><em><span lang="ca"><span style="font-size: large;">Amb l’onada de població dels anys 60 es construeix el polígon de La Gallina Blanca, el polígon de Promociones Arga, els blocs de l’avinguda del Marquès de Sant Mori, la plaça de Trafalgar i els polígons del Patronat de la Vivenda de Renda Limitada de Badalona.</span></span></em></p>
<p><em><span lang="ca"><span style="font-size: large;">La història de l’evolució urbana del barri és molt recent. A mesura que s’apropà l’any 1979, els moviments associatius i veïnals creixen.</span></span></em></p>
<p><em><span lang="ca"><span style="font-size: large;">Les principals aportacions d’aquests moviments associatius van ser l’any 1976, l’aprovació del PARI, que va consistir en la reducció de la construcció dels habitatges, la preservació de zones verdes i equipaments i la construcció d’aparcaments als terrenys de les comunitat de propietaris. Aquesta darrera iniciativa va ser reconeguda l’any 2003 amb la concessió a l&#8217;Associació de Veïns Sant Joan de L1efià-Gran Sol el guardó de la Creu de Sant Jordi.</span></span></em></p>
<p><em><span style="font-size: large;"><span lang="ca">AI 1999 es va crear Llefi@net &#8220;Xarxa Ciutadana de Llefià&#8221;, un espai de comunicació sòcio-tecnològic de les entitats i veïns del barri mitjançant el qual es dóna accés a l’arxiu històric de L1efià (<a href="http://l1efia.org/arxiu2/">http://l1efia.org/arxiu2/</a>)</span></span></em></p>
<p align="center"><em><img loading="lazy" decoding="async" src="http://www.xtec.cat/cfagransol/images/Breu%20h1.gif" alt="" width="407" height="310" border="0" /></em></p>
<p>&nbsp;</p>
<p>&nbsp;</p>

<p>&nbsp;<br />
Els límits dels tres barris que conformen el districte número cinc no es van definir : fins a l’any 1980. Amb el nom de L1 Llefià sempre s’ha conegut una zona de Badalona, molt superior a l&#8217;actual, que arribava fins a Can Peixauet.<br />
La primera referència&hellip;  <a href="https://agora.xtec.cat/cfagransol/el-centre/historia/" title="Read Història">Llegeix més»</a></p>
