{"id":1337,"date":"2017-09-17T21:38:03","date_gmt":"2017-09-17T19:38:03","guid":{"rendered":"http:\/\/agora.xtec.cat\/cfagransol\/?page_id=1337"},"modified":"2020-02-21T13:28:12","modified_gmt":"2020-02-21T12:28:12","slug":"competic-2","status":"publish","type":"page","link":"https:\/\/agora.xtec.cat\/cfagransol\/ensenyaments\/ensenyaments-transprofessionals\/competencia-digital-competic\/competic-2\/","title":{"rendered":"Competic 2"},"content":{"rendered":"<p>&nbsp;<\/p>\n<p>Els diferents nivells usuari d&#8217;inform\u00e0tica (COMPETIC 1, 2 i 3) van adre\u00e7ats a persones que tenen uns coneixements b\u00e0sics del funcionament de l&#8217;ordinador, del tractament de textos, de l&#8217;\u00fas del correu electr\u00f2nic i de la cerca d&#8217;informaci\u00f3 per Internet, el civisme digital, full de c\u00e0lcul i tractament de la imatge i el so.<\/p>\n<p><strong>Continguts<\/strong> COMPETIC 2 (equival a certificat ACTIC Mitj\u00e0) Recull les vuit compet\u00e8ncies del nivell mitj\u00e0 de l&#8217;acreditaci\u00f3 de compet\u00e8ncies en tecnologies de la informaci\u00f3 i la comunicaci\u00f3 (ACTIC- Mitj\u00e0)<\/p>\n<p>\u2022 Cultura, participaci\u00f3 i civisme digital.<\/p>\n<p>\u2022 Tecnologia digital, \u00fas de l&#8217;ordinador i del sistema operatiu.<\/p>\n<p>\u2022 Navegaci\u00f3 i comunicaci\u00f3 en el m\u00f3n digital.<\/p>\n<p>\u2022 Tractament de la informaci\u00f3 escrita.<\/p>\n<p>\u2022Tractament de la informaci\u00f3 gr\u00e0fica, sonora i de la imatge en moviment.<\/p>\n<p>\u2022Tractament de la informaci\u00f3 num\u00e8rica.<\/p>\n<p>\u2022 Tractament de les dades.<\/p>\n<p>\u2022 Presentaci\u00f3 de continguts.<\/p>\n<p><strong>Acc\u00e9s<\/strong> Poden accedir a aquests estudis les persones m\u00e9s grans de 18 anys i les que els compleixen durant l&#8217;any natural en qu\u00e8 s&#8217;inicia la formaci\u00f3.<\/p>\n<p><strong>Tr\u00e0mits<\/strong> Per cursar aquest ensenyament cal formalitzar la preinscripci\u00f3 i la matr\u00edcula d&#8217;acord amb els criteris fixats pel Departament d&#8217;Ensenyament. Aquest estudi \u00e9s gratu\u00eft en els centres dependents del Departament d&#8217;Ensenyament. Per a la resta de centres, consulteu l&#8217;import en el centre corresponent.<\/p>\n<p><strong>Avaluaci\u00f3<\/strong>: Un 60 per cent de la qualificaci\u00f3 correspon a les tasques fetes durant el curs i un 40 per cent correspon al projecte de final de curs.<\/p>\n<p>Si voleu veure algunes de les tasques que fem podeu entrar a:<\/p>\n<p>Blog: <a href=\"https:\/\/elnostrecompetic2.blogspot.com.es\/\">El nostre Competic 2<\/a><\/p>\n<p>&nbsp;<\/p>\n","protected":false},"excerpt":{"rendered":"<p>&nbsp;<br \/>\nEls diferents nivells usuari d&#8217;inform\u00e0tica (COMPETIC 1, 2 i 3) van adre\u00e7ats a persones que tenen uns coneixements b\u00e0sics del funcionament de l&#8217;ordinador, del tractament de textos, de l&#8217;\u00fas del correu electr\u00f2nic i de la cerca d&#8217;informaci\u00f3 per Internet, el civisme digital, full de c\u00e0lcul&hellip;  <a href=\"https:\/\/agora.xtec.cat\/cfagransol\/ensenyaments\/ensenyaments-transprofessionals\/competencia-digital-competic\/competic-2\/\" title=\"Read Competic 2\">Llegeix m\u00e9s\u00bb<\/a><\/p>\n","protected":false},"author":1,"featured_media":0,"parent":316,"menu_order":2,"comment_status":"closed","ping_status":"closed","template":"","meta":{"_bbp_topic_count":0,"_bbp_reply_count":0,"_bbp_total_topic_count":0,"_bbp_total_reply_count":0,"_bbp_voice_count":0,"_bbp_anonymous_reply_count":0,"_bbp_topic_count_hidden":0,"_bbp_reply_count_hidden":0,"_bbp_forum_subforum_count":0,"footnotes":""},"class_list":["post-1337","page","type-page","status-publish","hentry"],"post_mailing_queue_ids":[],"_links":{"self":[{"href":"https:\/\/agora.xtec.cat\/cfagransol\/wp-json\/wp\/v2\/pages\/1337","targetHints":{"allow":["GET"]}}],"collection":[{"href":"https:\/\/agora.xtec.cat\/cfagransol\/wp-json\/wp\/v2\/pages"}],"about":[{"href":"https:\/\/agora.xtec.cat\/cfagransol\/wp-json\/wp\/v2\/types\/page"}],"author":[{"embeddable":true,"href":"https:\/\/agora.xtec.cat\/cfagransol\/wp-json\/wp\/v2\/users\/1"}],"replies":[{"embeddable":true,"href":"https:\/\/agora.xtec.cat\/cfagransol\/wp-json\/wp\/v2\/comments?post=1337"}],"version-history":[{"count":3,"href":"https:\/\/agora.xtec.cat\/cfagransol\/wp-json\/wp\/v2\/pages\/1337\/revisions"}],"predecessor-version":[{"id":1958,"href":"https:\/\/agora.xtec.cat\/cfagransol\/wp-json\/wp\/v2\/pages\/1337\/revisions\/1958"}],"up":[{"embeddable":true,"href":"https:\/\/agora.xtec.cat\/cfagransol\/wp-json\/wp\/v2\/pages\/316"}],"wp:attachment":[{"href":"https:\/\/agora.xtec.cat\/cfagransol\/wp-json\/wp\/v2\/media?parent=1337"}],"curies":[{"name":"wp","href":"https:\/\/api.w.org\/{rel}","templated":true}]}}