{"id":983,"date":"2022-10-31T16:20:15","date_gmt":"2022-10-31T15:20:15","guid":{"rendered":"https:\/\/agora.xtec.cat\/cfagornal\/?page_id=983"},"modified":"2023-05-31T13:48:40","modified_gmt":"2023-05-31T11:48:40","slug":"diagnosi","status":"publish","type":"page","link":"https:\/\/agora.xtec.cat\/cfagornal\/estrategia-digital-de-centre\/part-estrategica\/diagnosi\/","title":{"rendered":"Diagnosi"},"content":{"rendered":"<p>L\u2019eina utilitzada per a realitzar la diagnosi de centre \u00e9s el SELFIE.<\/p>\n<p>Aquesta eina la van realitzar l\u2019equip directiu, el claustre i alumnat de Competic, Ges, Angl\u00e8s, Catal\u00e0 3, Instrumental 3, Acc\u00e9s a Universitat i Acc\u00e9s a Grau superior.<\/p>\n<p>Un cop realitzada la diagnosi cal destacar els seg\u00fcents aspectes:<br \/>\nLa diagnosi correspon al per\u00edode de finals del segon trimestre del curs 21-22.<br \/>\nEn aquest exercici d\u2019autoreflexi\u00f3 la participaci\u00f3 va ser com segueix:<br \/>\nEquip directiu: 100% de participaci\u00f3<br \/>\nProfessorat: 100% de participaci\u00f3<br \/>\nAlumnat: 67% de participaci\u00f3.<\/p>\n<p>FORTALESES (intern)<\/p>\n<p>\u2022 Equip amb inter\u00e8s en la formaci\u00f3 continuada.<br \/>\n\u2022 Excel\u00b7lent ambient de treball.<br \/>\n\u2022 Alta autopercepci\u00f3 de l\u2019\u00fas de suports i recursos pedag\u00f2gics.<br \/>\n\u2022 Alta valoraci\u00f3 de lideratge i coordinaci\u00f3 en l\u2019equip.<br \/>\n\u2022 Consciencia positiva de col\u00b7laboraci\u00f3 i treball en xarxa.<br \/>\n\u2022 Les diferents edats i coneixements digitals del claustre ens permeten explorar i con\u00e8ixer nous aprenentatges TIC (per aquest motiu emprenem iniciatives TIC transversals).<\/p>\n<p>OPORTUNITATS (extern)<\/p>\n<p>\u2022 La digitalitzaci\u00f3 encomanada als sistemes p\u00fablics ens permet repensar, analitzar i dissenyar el pla digital de la nostra escola.<br \/>\n\u2022 Els recursos que podem obtenir degut al pla de digitalitzaci\u00f3.<\/p>\n<p>&nbsp;<\/p>\n","protected":false},"excerpt":{"rendered":"<p>L\u2019eina utilitzada per a realitzar la diagnosi de centre \u00e9s el SELFIE.<br \/>\nAquesta eina la van realitzar l\u2019equip directiu, el claustre i alumnat de Competic, Ges, Angl\u00e8s, Catal\u00e0 3, Instrumental 3, Acc\u00e9s a Universitat i Acc\u00e9s a Grau superior.<br \/>\nUn cop realitzada la diagnosi cal destacar els&hellip;  <a href=\"https:\/\/agora.xtec.cat\/cfagornal\/estrategia-digital-de-centre\/part-estrategica\/diagnosi\/\" title=\"Read Diagnosi\">Llegeix m\u00e9s\u00bb<\/a><\/p>\n","protected":false},"author":1,"featured_media":0,"parent":874,"menu_order":1,"comment_status":"closed","ping_status":"closed","template":"","meta":{"_bbp_topic_count":0,"_bbp_reply_count":0,"_bbp_total_topic_count":0,"_bbp_total_reply_count":0,"_bbp_voice_count":0,"_bbp_anonymous_reply_count":0,"_bbp_topic_count_hidden":0,"_bbp_reply_count_hidden":0,"_bbp_forum_subforum_count":0,"footnotes":""},"class_list":["post-983","page","type-page","status-publish","hentry"],"post_mailing_queue_ids":[],"_links":{"self":[{"href":"https:\/\/agora.xtec.cat\/cfagornal\/wp-json\/wp\/v2\/pages\/983","targetHints":{"allow":["GET"]}}],"collection":[{"href":"https:\/\/agora.xtec.cat\/cfagornal\/wp-json\/wp\/v2\/pages"}],"about":[{"href":"https:\/\/agora.xtec.cat\/cfagornal\/wp-json\/wp\/v2\/types\/page"}],"author":[{"embeddable":true,"href":"https:\/\/agora.xtec.cat\/cfagornal\/wp-json\/wp\/v2\/users\/1"}],"replies":[{"embeddable":true,"href":"https:\/\/agora.xtec.cat\/cfagornal\/wp-json\/wp\/v2\/comments?post=983"}],"version-history":[{"count":3,"href":"https:\/\/agora.xtec.cat\/cfagornal\/wp-json\/wp\/v2\/pages\/983\/revisions"}],"predecessor-version":[{"id":1178,"href":"https:\/\/agora.xtec.cat\/cfagornal\/wp-json\/wp\/v2\/pages\/983\/revisions\/1178"}],"up":[{"embeddable":true,"href":"https:\/\/agora.xtec.cat\/cfagornal\/wp-json\/wp\/v2\/pages\/874"}],"wp:attachment":[{"href":"https:\/\/agora.xtec.cat\/cfagornal\/wp-json\/wp\/v2\/media?parent=983"}],"curies":[{"name":"wp","href":"https:\/\/api.w.org\/{rel}","templated":true}]}}

<p>L’eina utilitzada per a realitzar la diagnosi de centre és el SELFIE.</p>
<p>Aquesta eina la van realitzar l’equip directiu, el claustre i alumnat de Competic, Ges, Anglès, Català 3, Instrumental 3, Accés a Universitat i Accés a Grau superior.</p>
<p>Un cop realitzada la diagnosi cal destacar els següents aspectes:<br />
La diagnosi correspon al període de finals del segon trimestre del curs 21-22.<br />
En aquest exercici d’autoreflexió la participació va ser com segueix:<br />
Equip directiu: 100% de participació<br />
Professorat: 100% de participació<br />
Alumnat: 67% de participació.</p>
<p>FORTALESES (intern)</p>
<p>• Equip amb interès en la formació continuada.<br />
• Excel·lent ambient de treball.<br />
• Alta autopercepció de l’ús de suports i recursos pedagògics.<br />
• Alta valoració de lideratge i coordinació en l’equip.<br />
• Consciencia positiva de col·laboració i treball en xarxa.<br />
• Les diferents edats i coneixements digitals del claustre ens permeten explorar i conèixer nous aprenentatges TIC (per aquest motiu emprenem iniciatives TIC transversals).</p>
<p>OPORTUNITATS (extern)</p>
<p>• La digitalització encomanada als sistemes públics ens permet repensar, analitzar i dissenyar el pla digital de la nostra escola.<br />
• Els recursos que podem obtenir degut al pla de digitalització.</p>
<p>&nbsp;</p>

<p>L’eina utilitzada per a realitzar la diagnosi de centre és el SELFIE.<br />
Aquesta eina la van realitzar l’equip directiu, el claustre i alumnat de Competic, Ges, Anglès, Català 3, Instrumental 3, Accés a Universitat i Accés a Grau superior.<br />
Un cop realitzada la diagnosi cal destacar els&hellip;  <a href="https://agora.xtec.cat/cfagornal/estrategia-digital-de-centre/part-estrategica/diagnosi/" title="Read Diagnosi">Llegeix més»</a></p>
