{"id":303,"date":"2015-01-28T11:23:05","date_gmt":"2015-01-28T10:23:05","guid":{"rendered":"http:\/\/agora.xtec.cat\/cfagirona\/?page_id=303"},"modified":"2025-09-05T12:16:59","modified_gmt":"2025-09-05T10:16:59","slug":"graduat-en-educacio-secundaria-per-adults","status":"publish","type":"page","link":"https:\/\/agora.xtec.cat\/cfagirona\/ensenyaments\/ensenyaments-inicials-i-formacio-basica\/graduat-en-educacio-secundaria-per-adults\/","title":{"rendered":"Graduat en educaci\u00f3 secundaria per adults (GESO)"},"content":{"rendered":"<p>El Graduat en Educaci\u00f3 Secund\u00e0ria (GES) \u00e9s l&#8217;\u00fanica titulaci\u00f3 oficial d\u2019ensenyament b\u00e0sic (equival a l\u2019ESO que s\u2019obt\u00e9 als instituts de secund\u00e0ria).<br \/>\nDes del curs 1999- 2000 la Generalitat de Catalunya autoritza que l\u2019Escola d\u2019Adults de Girona ofereixi el programa \u201cGraduat en Educaci\u00f3 Secund\u00e0ria\u201d que permetr\u00e0 a una persona adulta, a partir de 18 anys, obtenir la nova titulaci\u00f3 amb un proc\u00e9s d\u2019avaluaci\u00f3 cont\u00ednua o b\u00e9 seguir la modalitat a dist\u00e0ncia o b\u00e9 preparar-se per a les proves lliures.<br \/>\nLa titulaci\u00f3 del GES permet accedir a estudis superiors (grau mitj\u00e0 o batxillerat, per exemple) i preparar-se per a les proves d\u2019acc\u00e9s a grau superior o d&#8217;acc\u00e9s a universitat.<\/p>\n<h5>ESTRUCTURA<\/h5>\n<ul>\n<li>El GES s\u2019organitza de forma modular en tres \u00e0mbits i dos nivells en cadascun dels \u00e0mbits.<\/li>\n<li>Els m\u00f2duls s\u00f3n de dos tipus: comuns i opcionals.<\/li>\n<li>Per obtenir la titulaci\u00f3 s\u2019ha de cursar un total de 34 m\u00f2duls o, si escau, convalidar o acreditar.<\/li>\n<li>Els m\u00f2duls i el seu contingut es distribueixen de la manera seg\u00fcent:<\/li>\n<\/ul>\n<ul>\n<li style=\"list-style-type: none;\">\n<ul>\n<li style=\"list-style-type: none;\">\n<ul>\n<li>\u00c0mbit de la comunicaci\u00f3: 12 m\u00f2duls comuns que inclouen les seg\u00fcents mat\u00e8ries: llengua catalana i literatura, llengua castellana i literatura i llengua estrangera.<\/li>\n<li>\u00c0mbit cient\u00edfic tecnol\u00f2gic: 10 m\u00f2duls comuns que inclouen les seg\u00fcents mat\u00e8ries: matem\u00e0tiques, ci\u00e8ncies de la naturalesa i tecnologies.<\/li>\n<li>\u00c0mbit social: 6 m\u00f2duls comuns que inclouen: ci\u00e8ncies socials, geografia i hist\u00f2ria i educaci\u00f3 per a la ciutadania.<\/li>\n<li>Optatius dels tres \u00e0mbits: 6 m\u00f2duls.<\/li>\n<\/ul>\n<\/li>\n<\/ul>\n<\/li>\n<\/ul>\n<h5>ACC\u00c9S<\/h5>\n<p>Cal tenir 18 anys o m\u00e9s, o complir-los dintre de l\u2019any natural de matriculaci\u00f3. En alguns casos (si \u00e9s esportista d\u2019elit, si es t\u00e9 un programa de formaci\u00f3 o altres) s&#8217;hi pot accedir amb 17 anys.<\/p>\n<h5>DURADA DEL CURS<\/h5>\n<p>El curs est\u00e0 distribu\u00eft en tres trimestres. Cada trimestre consta de 10 setmanes de classe. Una persona pot incorporar-se al curs a principis de cada trimestre. El temps que es necessita per a aconseguir la titulaci\u00f3 dep\u00e8n del nombre de m\u00f2duls que s\u2019han de cursar.<\/p>\n<h5>TUTORIA<\/h5>\n<p>A cadascuna de les persones que accedeixen al GES se\u2019ls efectuar\u00e0 una avaluaci\u00f3 inicial que tindr\u00e0 en compte l\u2019expedient acad\u00e8mic, proves i una entrevista personal. El programa disposa d\u2019un servei de tutoria per informar i orientar sobre l\u2019itinerari formatiu.<\/p>\n<h5><\/h5>\n<h5>AVALUACI\u00d3, CONVALIDACI\u00d3, ACREDITACI\u00d3 I CALENDARI<\/h5>\n<p>PRESENCIAL I AVALUACI\u00d3 CONT\u00cdNUA<\/p>\n<p>S\u2019establiran pautes per a l\u2019observaci\u00f3 sistem\u00e0tica i el seguiment de cada persona al llarg del seu proc\u00e9s d\u2019aprenentatge:<\/p>\n<ul>\n<li style=\"list-style-type: none;\">\n<ul>\n<li style=\"list-style-type: none;\">\n<ul>\n<li>Sistema modular: s\u2019estableixen uns m\u00f2duls per als diferents \u00e0mbits que s\u2019hauran de cursar, convalidar i\/o acreditar.<\/li>\n<li>Trimestral: al final de cada trimestre es far\u00e0 una sessi\u00f3 d\u2019avaluaci\u00f3 que quedar\u00e0 reflectida en les actes de cada \u00e0mbit.<\/li>\n<li>Itinerari personal: cada persona tindr\u00e0 un pla personalitzat, que es podr\u00e0 revisar cada trimestre.<\/li>\n<li>Flexible: la persona pot escollir fer un nivell en un curs (4 dies per setmana), o fer m\u00f2duls d\u2019un o de diversos \u00e0mbits per trimestre, per exemple.<\/li>\n<\/ul>\n<\/li>\n<\/ul>\n<\/li>\n<\/ul>\n<p>La titulaci\u00f3 presentada, la prova de nivell i l\u2019entrevista poden permetre una s\u00e8rie de convalidacions i acreditacions de nivells i m\u00f2duls:<\/p>\n<p>Si una persona ja t\u00e9 el graduat escolar o el primer cicle d\u2019ESO se li podran convalidar 16 m\u00f2duls (nivell 1) i se la ubicar\u00e0 al nivell 2. Ara b\u00e9, \u00e9s possible que un cop realitzades les proves de nivell i l\u2019entrevista<br \/>\nse li puguin acreditar m\u00e9s m\u00f2duls o se li aconselli fer-ne algun m\u00f2dul de refor\u00e7.<\/p>\n<p>Si una persona t\u00e9 superats cr\u00e8dits del 2n cicle d\u2019ESO (4t d\u2019ESO), 1r de BUP o 1r curs de FP1, se li poden convalidar els m\u00f2duls corresponents.<\/p>\n<p>Per a la resta de casu\u00edstiques caldr\u00e0 fer una proposta d\u2019acreditacions a la Direcci\u00f3 General de Formaci\u00f3 de Persones Adultes amb la presentaci\u00f3 de la prova de nivell efectuada.<\/p>\n<p>PROVES LLIURES<\/p>\n<p>El Departament d\u2019Educaci\u00f3 estableix un calendari de proves lliures per \u00e0mbits al llarg del curs (hi ha dues convocat\u00f2ries anuals).<\/p>\n","protected":false},"excerpt":{"rendered":"<p>El Graduat en Educaci\u00f3 Secund\u00e0ria (GES) \u00e9s l&#8217;\u00fanica titulaci\u00f3 oficial d\u2019ensenyament b\u00e0sic (equival a l\u2019ESO que s\u2019obt\u00e9 als instituts de secund\u00e0ria). Des del curs 1999- 2000 la Generalitat de Catalunya autoritza que l\u2019Escola d\u2019Adults de Girona ofereixi el programa \u201cGraduat en Educaci\u00f3 Secund\u00e0ria\u201d que permetr\u00e0 a una persona adulta, a partir de 18 anys, obtenir [&hellip;]<\/p>\n","protected":false},"author":1,"featured_media":0,"parent":283,"menu_order":0,"comment_status":"closed","ping_status":"closed","template":"","meta":{"_bbp_topic_count":0,"_bbp_reply_count":0,"_bbp_total_topic_count":0,"_bbp_total_reply_count":0,"_bbp_voice_count":0,"_bbp_anonymous_reply_count":0,"_bbp_topic_count_hidden":0,"_bbp_reply_count_hidden":0,"_bbp_forum_subforum_count":0,"site-sidebar-layout":"default","site-content-layout":"","ast-site-content-layout":"default","site-content-style":"default","site-sidebar-style":"default","ast-global-header-display":"","ast-banner-title-visibility":"","ast-main-header-display":"","ast-hfb-above-header-display":"","ast-hfb-below-header-display":"","ast-hfb-mobile-header-display":"","site-post-title":"","ast-breadcrumbs-content":"","ast-featured-img":"","footer-sml-layout":"","theme-transparent-header-meta":"default","adv-header-id-meta":"","stick-header-meta":"","header-above-stick-meta":"","header-main-stick-meta":"","header-below-stick-meta":"","astra-migrate-meta-layouts":"set","ast-page-background-enabled":"default","ast-page-background-meta":{"desktop":{"background-color":"var(--ast-global-color-4)","background-image":"","background-repeat":"repeat","background-position":"center center","background-size":"auto","background-attachment":"scroll","background-type":"","background-media":"","overlay-type":"","overlay-color":"","overlay-opacity":"","overlay-gradient":""},"tablet":{"background-color":"","background-image":"","background-repeat":"repeat","background-position":"center center","background-size":"auto","background-attachment":"scroll","background-type":"","background-media":"","overlay-type":"","overlay-color":"","overlay-opacity":"","overlay-gradient":""},"mobile":{"background-color":"","background-image":"","background-repeat":"repeat","background-position":"center center","background-size":"auto","background-attachment":"scroll","background-type":"","background-media":"","overlay-type":"","overlay-color":"","overlay-opacity":"","overlay-gradient":""}},"ast-content-background-meta":{"desktop":{"background-color":"var(--ast-global-color-5)","background-image":"","background-repeat":"repeat","background-position":"center center","background-size":"auto","background-attachment":"scroll","background-type":"","background-media":"","overlay-type":"","overlay-color":"","overlay-opacity":"","overlay-gradient":""},"tablet":{"background-color":"var(--ast-global-color-5)","background-image":"","background-repeat":"repeat","background-position":"center center","background-size":"auto","background-attachment":"scroll","background-type":"","background-media":"","overlay-type":"","overlay-color":"","overlay-opacity":"","overlay-gradient":""},"mobile":{"background-color":"var(--ast-global-color-5)","background-image":"","background-repeat":"repeat","background-position":"center center","background-size":"auto","background-attachment":"scroll","background-type":"","background-media":"","overlay-type":"","overlay-color":"","overlay-opacity":"","overlay-gradient":""}},"footnotes":""},"class_list":["post-303","page","type-page","status-publish","hentry"],"post_mailing_queue_ids":[],"_links":{"self":[{"href":"https:\/\/agora.xtec.cat\/cfagirona\/wp-json\/wp\/v2\/pages\/303","targetHints":{"allow":["GET"]}}],"collection":[{"href":"https:\/\/agora.xtec.cat\/cfagirona\/wp-json\/wp\/v2\/pages"}],"about":[{"href":"https:\/\/agora.xtec.cat\/cfagirona\/wp-json\/wp\/v2\/types\/page"}],"author":[{"embeddable":true,"href":"https:\/\/agora.xtec.cat\/cfagirona\/wp-json\/wp\/v2\/users\/1"}],"replies":[{"embeddable":true,"href":"https:\/\/agora.xtec.cat\/cfagirona\/wp-json\/wp\/v2\/comments?post=303"}],"version-history":[{"count":5,"href":"https:\/\/agora.xtec.cat\/cfagirona\/wp-json\/wp\/v2\/pages\/303\/revisions"}],"predecessor-version":[{"id":4232,"href":"https:\/\/agora.xtec.cat\/cfagirona\/wp-json\/wp\/v2\/pages\/303\/revisions\/4232"}],"up":[{"embeddable":true,"href":"https:\/\/agora.xtec.cat\/cfagirona\/wp-json\/wp\/v2\/pages\/283"}],"wp:attachment":[{"href":"https:\/\/agora.xtec.cat\/cfagirona\/wp-json\/wp\/v2\/media?parent=303"}],"curies":[{"name":"wp","href":"https:\/\/api.w.org\/{rel}","templated":true}]}}