{"id":265,"date":"2015-01-27T17:28:56","date_gmt":"2015-01-27T16:28:56","guid":{"rendered":"http:\/\/agora.xtec.cat\/cfaescolamartamata\/?page_id=265"},"modified":"2026-05-13T09:56:48","modified_gmt":"2026-05-13T07:56:48","slug":"organitzacio-interna","status":"publish","type":"page","link":"https:\/\/agora.xtec.cat\/cfaescolamartamata\/el-centre\/organitzacio-interna\/","title":{"rendered":"Organitzaci\u00f3 interna"},"content":{"rendered":"\n<p><strong>Equip directiu:<\/strong><\/p>\n\n\n\n<ul class=\"wp-block-list\">\n<li>Directora: Ester Mascar\u00f3.<\/li>\n\n\n\n<li>Cap d&#8217;estudis: Eug\u00e8nia Toledano.<\/li>\n\n\n\n<li>Secretari: Enric Aragon\u00e8s.<\/li>\n<\/ul>\n\n\n\n<p><strong>Coordinacions:<\/strong><\/p>\n\n\n\n<ul class=\"wp-block-list\">\n<li>Coordinadora del Cicle de Formaci\u00f3 Instrumental: Anna Fern\u00e1ndez.<\/li>\n\n\n\n<li>Responsable de l\u2019\u00e0mbit de la Comunicaci\u00f3 GES: Vanesa Casares<\/li>\n\n\n\n<li>Responsable de l\u2019\u00e0mbit de les matem\u00e0tiques, les ci\u00e8ncies i la tecnologia del GES: Marc P\u00e9rez.<\/li>\n\n\n\n<li>Responsable de l\u2019\u00e0mbit de les Ci\u00e8ncies Socials i la Participaci\u00f3 del GES: Enric Aragon\u00e8s.<\/li>\n\n\n\n<li>Tutors i tutores del Graduat en Educaci\u00f3 Secund\u00e0ria: tots i totes les membres del claustre.<\/li>\n\n\n\n<li>Tutors dels cursos de COMPETIC: Diego Padilla i Llu\u00eds Ribes.<\/li>\n\n\n\n<li>Tutora del curs de preparaci\u00f3 a les Proves d\u2019Acc\u00e9s a Cicles Formatius de Grau Superior  o CAS: Ester Mascar\u00f3.<\/li>\n\n\n\n<li>Tutora del curs de preparaci\u00f3 a les Proves d\u2019Acc\u00e9s a la Universitat per a persones majors de 25 i de 45 anys: Eug\u00e8nia Toledano.<\/li>\n<\/ul>\n\n\n\n<p>A m\u00e9s de les responsabilitats anteriors, l\u2019escola estableix les seg\u00fcents per desplegar la totalitat de l\u2019acci\u00f3 educativa:<\/p>\n\n\n\n<ul class=\"wp-block-list\">\n<li>Coordinador Digital: Diego Padilla.<\/li>\n\n\n\n<li>Responsable de la Comissi\u00f3 d\u2019Atenci\u00f3 a la Diversitat: Ester Mascar\u00f3.<\/li>\n\n\n\n<li>Coordinador Pedag\u00f2gic: Enric Aragon\u00e8s.<\/li>\n<\/ul>\n\n\n\n<p><strong>PAS:<\/strong><\/p>\n\n\n\n<ul class=\"wp-block-list\">\n<li>Ana Teresa P\u00e9rez.<\/li>\n<\/ul>\n\n\n\n<p><\/p>\n","protected":false},"excerpt":{"rendered":"<p>Equip directiu: Coordinacions: A m\u00e9s de les responsabilitats anteriors, l\u2019escola estableix les seg\u00fcents per desplegar la totalitat de l\u2019acci\u00f3 educativa: PAS:<\/p>\n","protected":false},"author":1,"featured_media":0,"parent":261,"menu_order":4,"comment_status":"closed","ping_status":"closed","template":"","meta":{"_bbp_topic_count":0,"_bbp_reply_count":0,"_bbp_total_topic_count":0,"_bbp_total_reply_count":0,"_bbp_voice_count":0,"_bbp_anonymous_reply_count":0,"_bbp_topic_count_hidden":0,"_bbp_reply_count_hidden":0,"_bbp_forum_subforum_count":0,"site-sidebar-layout":"default","site-content-layout":"","ast-site-content-layout":"default","site-content-style":"default","site-sidebar-style":"default","ast-global-header-display":"","ast-banner-title-visibility":"","ast-main-header-display":"","ast-hfb-above-header-display":"","ast-hfb-below-header-display":"","ast-hfb-mobile-header-display":"","site-post-title":"","ast-breadcrumbs-content":"","ast-featured-img":"","footer-sml-layout":"","theme-transparent-header-meta":"","adv-header-id-meta":"","stick-header-meta":"","header-above-stick-meta":"","header-main-stick-meta":"","header-below-stick-meta":"","astra-migrate-meta-layouts":"set","ast-page-background-enabled":"default","ast-page-background-meta":{"desktop":{"background-color":"var(--ast-global-color-4)","background-image":"","background-repeat":"repeat","background-position":"center center","background-size":"auto","background-attachment":"scroll","background-type":"","background-media":"","overlay-type":"","overlay-color":"","overlay-opacity":"","overlay-gradient":""},"tablet":{"background-color":"","background-image":"","background-repeat":"repeat","background-position":"center center","background-size":"auto","background-attachment":"scroll","background-type":"","background-media":"","overlay-type":"","overlay-color":"","overlay-opacity":"","overlay-gradient":""},"mobile":{"background-color":"","background-image":"","background-repeat":"repeat","background-position":"center center","background-size":"auto","background-attachment":"scroll","background-type":"","background-media":"","overlay-type":"","overlay-color":"","overlay-opacity":"","overlay-gradient":""}},"ast-content-background-meta":{"desktop":{"background-color":"var(--ast-global-color-5)","background-image":"","background-repeat":"repeat","background-position":"center center","background-size":"auto","background-attachment":"scroll","background-type":"","background-media":"","overlay-type":"","overlay-color":"","overlay-opacity":"","overlay-gradient":""},"tablet":{"background-color":"var(--ast-global-color-5)","background-image":"","background-repeat":"repeat","background-position":"center center","background-size":"auto","background-attachment":"scroll","background-type":"","background-media":"","overlay-type":"","overlay-color":"","overlay-opacity":"","overlay-gradient":""},"mobile":{"background-color":"var(--ast-global-color-5)","background-image":"","background-repeat":"repeat","background-position":"center center","background-size":"auto","background-attachment":"scroll","background-type":"","background-media":"","overlay-type":"","overlay-color":"","overlay-opacity":"","overlay-gradient":""}},"footnotes":""},"class_list":["post-265","page","type-page","status-publish","hentry"],"post_mailing_queue_ids":[],"_links":{"self":[{"href":"https:\/\/agora.xtec.cat\/cfaescolamartamata\/wp-json\/wp\/v2\/pages\/265","targetHints":{"allow":["GET"]}}],"collection":[{"href":"https:\/\/agora.xtec.cat\/cfaescolamartamata\/wp-json\/wp\/v2\/pages"}],"about":[{"href":"https:\/\/agora.xtec.cat\/cfaescolamartamata\/wp-json\/wp\/v2\/types\/page"}],"author":[{"embeddable":true,"href":"https:\/\/agora.xtec.cat\/cfaescolamartamata\/wp-json\/wp\/v2\/users\/1"}],"replies":[{"embeddable":true,"href":"https:\/\/agora.xtec.cat\/cfaescolamartamata\/wp-json\/wp\/v2\/comments?post=265"}],"version-history":[{"count":6,"href":"https:\/\/agora.xtec.cat\/cfaescolamartamata\/wp-json\/wp\/v2\/pages\/265\/revisions"}],"predecessor-version":[{"id":3912,"href":"https:\/\/agora.xtec.cat\/cfaescolamartamata\/wp-json\/wp\/v2\/pages\/265\/revisions\/3912"}],"up":[{"embeddable":true,"href":"https:\/\/agora.xtec.cat\/cfaescolamartamata\/wp-json\/wp\/v2\/pages\/261"}],"wp:attachment":[{"href":"https:\/\/agora.xtec.cat\/cfaescolamartamata\/wp-json\/wp\/v2\/media?parent=265"}],"curies":[{"name":"wp","href":"https:\/\/api.w.org\/{rel}","templated":true}]}}