{"id":301,"date":"2015-01-28T11:21:46","date_gmt":"2015-01-28T10:21:46","guid":{"rendered":"http:\/\/agora.xtec.cat\/cfaelcarmel\/?page_id=301"},"modified":"2026-01-03T12:32:05","modified_gmt":"2026-01-03T11:32:05","slug":"formacio-instrumental","status":"publish","type":"page","link":"https:\/\/agora.xtec.cat\/cfaelcarmel\/oferta-formativa-2\/formacio-instrumental\/","title":{"rendered":"Formaci\u00f3 B\u00e0sica"},"content":{"rendered":"<section class=\"home-cfa\" style=\"padding: 2rem 1rem;\">\n<p class=\"titol-principal\"><img loading=\"lazy\" decoding=\"async\" class=\" wp-image-2621 alignleft\" src=\"https:\/\/agora.xtec.cat\/cfaelcarmel\/wp-content\/uploads\/usu53\/2026\/01\/CFA_GESO-scaled.jpg\" alt=\"\" width=\"271\" height=\"339\" srcset=\"https:\/\/agora.xtec.cat\/cfaelcarmel\/wp-content\/uploads\/usu53\/2026\/01\/CFA_GESO-scaled.jpg 2048w, https:\/\/agora.xtec.cat\/cfaelcarmel\/wp-content\/uploads\/usu53\/2026\/01\/CFA_GESO-240x300.jpg 240w, https:\/\/agora.xtec.cat\/cfaelcarmel\/wp-content\/uploads\/usu53\/2026\/01\/CFA_GESO-819x1024.jpg 819w, https:\/\/agora.xtec.cat\/cfaelcarmel\/wp-content\/uploads\/usu53\/2026\/01\/CFA_GESO-768x960.jpg 768w, https:\/\/agora.xtec.cat\/cfaelcarmel\/wp-content\/uploads\/usu53\/2026\/01\/CFA_GESO-1229x1536.jpg 1229w, https:\/\/agora.xtec.cat\/cfaelcarmel\/wp-content\/uploads\/usu53\/2026\/01\/CFA_GESO-1638x2048.jpg 1638w\" sizes=\"auto, (max-width: 271px) 100vw, 271px\" \/>Al nostre centre oferim la Formaci\u00f3 B\u00e0sica, que inclou la Formaci\u00f3 Instrumental i l\u2019Ensenyament de Graduat en Educaci\u00f3 Secund\u00e0ria (GES), adre\u00e7ada a persones adultes que volen adquirir o completar els estudis b\u00e0sics. Si vols informaci\u00f3 pots consultar en cada ensenyament:<\/p>\n<ul>\n<li>l\u2019<a href=\"https:\/\/agora.xtec.cat\/cfaelcarmel\/oferta-formativa-2\/formacio-instrumental\/formacio-instrumental-2\/\">Ensenyament de formaci\u00f3 instrumental<\/a><\/li>\n<li>l\u2019<a href=\"https:\/\/agora.xtec.cat\/cfaelcarmel\/oferta-formativa-2\/formacio-instrumental\/ges\/\">Ensenyament de graduat en educaci\u00f3 secund\u00e0ria (GES)<\/a><\/li>\n<\/ul>\n<\/section>\n<div class=\"av\u00eds-construccio\"><span style=\"color: #ffffff;\">llll<\/span><\/div>\n<div><span style=\"color: #ffffff;\">llll<\/span><\/div>\n<div><span style=\"color: #ffffff;\">lll<\/span><\/div>\n<div><span style=\"color: #ffffff;\">w<\/span><\/div>\n<div><\/div>\n","protected":false},"excerpt":{"rendered":"<p>Al nostre centre oferim la Formaci\u00f3 B\u00e0sica, que inclou la Formaci\u00f3 Instrumental i l\u2019Ensenyament de Graduat en Educaci\u00f3 Secund\u00e0ria (GES), adre\u00e7ada a persones adultes que volen adquirir o completar els estudis b\u00e0sics. Si vols informaci\u00f3 pots consultar en cada ensenyament: l\u2019Ensenyament de formaci\u00f3 instrumental l\u2019Ensenyament de graduat en educaci\u00f3 secund\u00e0ria (GES) llll llll lll w<\/p>\n","protected":false},"author":2,"featured_media":0,"parent":2093,"menu_order":1,"comment_status":"closed","ping_status":"closed","template":"","meta":{"_bbp_topic_count":0,"_bbp_reply_count":0,"_bbp_total_topic_count":0,"_bbp_total_reply_count":0,"_bbp_voice_count":0,"_bbp_anonymous_reply_count":0,"_bbp_topic_count_hidden":0,"_bbp_reply_count_hidden":0,"_bbp_forum_subforum_count":0,"site-sidebar-layout":"default","site-content-layout":"","ast-site-content-layout":"default","site-content-style":"default","site-sidebar-style":"default","ast-global-header-display":"","ast-banner-title-visibility":"","ast-main-header-display":"","ast-hfb-above-header-display":"","ast-hfb-below-header-display":"","ast-hfb-mobile-header-display":"","site-post-title":"","ast-breadcrumbs-content":"","ast-featured-img":"","footer-sml-layout":"","theme-transparent-header-meta":"default","adv-header-id-meta":"","stick-header-meta":"","header-above-stick-meta":"","header-main-stick-meta":"","header-below-stick-meta":"","astra-migrate-meta-layouts":"set","ast-page-background-enabled":"default","ast-page-background-meta":{"desktop":{"background-color":"var(--ast-global-color-4)","background-image":"","background-repeat":"repeat","background-position":"center center","background-size":"auto","background-attachment":"scroll","background-type":"","background-media":"","overlay-type":"","overlay-color":"","overlay-opacity":"","overlay-gradient":""},"tablet":{"background-color":"","background-image":"","background-repeat":"repeat","background-position":"center center","background-size":"auto","background-attachment":"scroll","background-type":"","background-media":"","overlay-type":"","overlay-color":"","overlay-opacity":"","overlay-gradient":""},"mobile":{"background-color":"","background-image":"","background-repeat":"repeat","background-position":"center center","background-size":"auto","background-attachment":"scroll","background-type":"","background-media":"","overlay-type":"","overlay-color":"","overlay-opacity":"","overlay-gradient":""}},"ast-content-background-meta":{"desktop":{"background-color":"var(--ast-global-color-5)","background-image":"","background-repeat":"repeat","background-position":"center center","background-size":"auto","background-attachment":"scroll","background-type":"","background-media":"","overlay-type":"","overlay-color":"","overlay-opacity":"","overlay-gradient":""},"tablet":{"background-color":"var(--ast-global-color-5)","background-image":"","background-repeat":"repeat","background-position":"center center","background-size":"auto","background-attachment":"scroll","background-type":"","background-media":"","overlay-type":"","overlay-color":"","overlay-opacity":"","overlay-gradient":""},"mobile":{"background-color":"var(--ast-global-color-5)","background-image":"","background-repeat":"repeat","background-position":"center center","background-size":"auto","background-attachment":"scroll","background-type":"","background-media":"","overlay-type":"","overlay-color":"","overlay-opacity":"","overlay-gradient":""}},"footnotes":""},"class_list":["post-301","page","type-page","status-publish","hentry"],"post_mailing_queue_ids":[],"_links":{"self":[{"href":"https:\/\/agora.xtec.cat\/cfaelcarmel\/wp-json\/wp\/v2\/pages\/301","targetHints":{"allow":["GET"]}}],"collection":[{"href":"https:\/\/agora.xtec.cat\/cfaelcarmel\/wp-json\/wp\/v2\/pages"}],"about":[{"href":"https:\/\/agora.xtec.cat\/cfaelcarmel\/wp-json\/wp\/v2\/types\/page"}],"author":[{"embeddable":true,"href":"https:\/\/agora.xtec.cat\/cfaelcarmel\/wp-json\/wp\/v2\/users\/2"}],"replies":[{"embeddable":true,"href":"https:\/\/agora.xtec.cat\/cfaelcarmel\/wp-json\/wp\/v2\/comments?post=301"}],"version-history":[{"count":7,"href":"https:\/\/agora.xtec.cat\/cfaelcarmel\/wp-json\/wp\/v2\/pages\/301\/revisions"}],"predecessor-version":[{"id":2625,"href":"https:\/\/agora.xtec.cat\/cfaelcarmel\/wp-json\/wp\/v2\/pages\/301\/revisions\/2625"}],"up":[{"embeddable":true,"href":"https:\/\/agora.xtec.cat\/cfaelcarmel\/wp-json\/wp\/v2\/pages\/2093"}],"wp:attachment":[{"href":"https:\/\/agora.xtec.cat\/cfaelcarmel\/wp-json\/wp\/v2\/media?parent=301"}],"curies":[{"name":"wp","href":"https:\/\/api.w.org\/{rel}","templated":true}]}}