{"id":2097,"date":"2025-12-12T13:29:03","date_gmt":"2025-12-12T12:29:03","guid":{"rendered":"https:\/\/agora.xtec.cat\/cfaelcarmel\/?page_id=2097"},"modified":"2026-01-20T18:13:20","modified_gmt":"2026-01-20T17:13:20","slug":"fem-barri-2","status":"publish","type":"page","link":"https:\/\/agora.xtec.cat\/cfaelcarmel\/fem-barri-2\/","title":{"rendered":"Fem barri"},"content":{"rendered":"<p>El Centre de Formaci\u00f3 de Persones Adultes col\u00b7labora amb diverses entitats del barri per fomentar la cohesi\u00f3 i el treball en xarxa. Aquestes s\u00f3n les entitats amb qui col\u00b7laborem:<\/p>\n<table style=\"border-collapse: collapse; width: 97.3018%; height: 960px;\">\n<tbody>\n<tr>\n<td style=\"width: 24.0848%;\"><img loading=\"lazy\" decoding=\"async\" class=\"alignright size-full wp-image-2599\" src=\"https:\/\/agora.xtec.cat\/cfaelcarmel\/wp-content\/uploads\/usu53\/2026\/01\/Disseny-sense-titol-14.jpg\" alt=\"\" width=\"292\" height=\"253\" \/><\/td>\n<td style=\"width: 88.0821%;\"><strong>Pla comunitari &#8211; Associaci\u00f3 Carmel Amunt<\/strong><\/p>\n<p>El Pla Comunitari a trav\u00e9s de l\u2019<a href=\"https:\/\/www.carmelamunt.org\/\">Associaci\u00f3 Carmel Amunt<\/a> \u00e9s el Pla de Desenvolupament Comunitari del Carmel. Est\u00e0 formada per un grup de persones que treballen per transformar i millorar el territori, tot construint comunitat. \u00c9s un espai obert i inclusiu on tothom hi t\u00e9 cabuda: entitats, associacions, equipaments de proximitat, serveis, administracions p\u00fabliques i ve\u00efnes i ve\u00efns a t\u00edtol individual.<\/td>\n<\/tr>\n<tr style=\"height: 208px;\">\n<td style=\"width: 24.0848%; height: 208px;\"><img loading=\"lazy\" decoding=\"async\" class=\"alignright size-full wp-image-2604\" src=\"https:\/\/agora.xtec.cat\/cfaelcarmel\/wp-content\/uploads\/usu53\/2026\/01\/Disseny-sense-titol-9.jpg\" alt=\"\" width=\"292\" height=\"259\" \/><\/td>\n<td style=\"width: 88.0821%; height: 208px;\"><strong>Espai Jove Boca Nord<\/strong><\/p>\n<p>L&#8217;<a href=\"http:\/\/www.bocanord.cat\/\">Espai Jove Boca Nord<\/a> \u00e9s un espai singular dedicat als joves que ofereix una programaci\u00f3 estable de concerts de rock, jam sessions on pots participar amb els amics, &#8230;<\/td>\n<\/tr>\n<tr style=\"height: 209px;\">\n<td style=\"width: 24.0848%; height: 209px;\"><img loading=\"lazy\" decoding=\"async\" class=\"alignright size-full wp-image-2603\" src=\"https:\/\/agora.xtec.cat\/cfaelcarmel\/wp-content\/uploads\/usu53\/2026\/01\/Disseny-sense-titol-10.jpg\" alt=\"\" width=\"292\" height=\"253\" \/><\/td>\n<td style=\"width: 88.0821%; height: 209px;\"><strong>Associaci\u00f3 juvenil Boca R\u00e0dio<\/strong><\/p>\n<p>Boca r\u00e0dio \u00e9s una emissora radiof\u00f2nica i associativa gestionada per l&#8217;Associaci\u00f3 juvenil d&#8217;amics de la r\u00e0dio a Horta-Guinard\u00f3 (AJARHG).<\/td>\n<\/tr>\n<tr style=\"height: 233px;\">\n<td style=\"width: 24.0848%; height: 233px;\"><img loading=\"lazy\" decoding=\"async\" class=\"alignright size-full wp-image-2602\" src=\"https:\/\/agora.xtec.cat\/cfaelcarmel\/wp-content\/uploads\/usu53\/2026\/01\/Disseny-sense-titol-11.jpg\" alt=\"\" width=\"292\" height=\"253\" \/><\/td>\n<td style=\"width: 88.0821%; height: 233px;\"><strong>Consell de la Joventut d&#8217;Horta &#8211; Guinard\u00f3<\/strong><\/p>\n<p>El <a href=\"https:\/\/cjd7.org\/qui-som-2\/\">Consell de la Joventut d\u2019Horta-Guinard\u00f3<\/a> \u00e9s una entitat sense afany de lucre que es cre\u00e0 l\u2019any 1988 per la voluntat d\u2019algunes de les entitats juvenils del districte de fer front com\u00fa davant de les administracions. Des de fa m\u00e9s de 35 anys representem col\u00b7lectivament els interessos de les nostres entitats davant les institucions p\u00fabliques a m\u00e9s d\u2019oferir diferents projectes, iniciatives i serveis conjunts.<\/td>\n<\/tr>\n<tr style=\"height: 68px;\">\n<td style=\"width: 24.0848%; height: 68px;\"><img loading=\"lazy\" decoding=\"async\" class=\"alignright size-full wp-image-2600\" src=\"https:\/\/agora.xtec.cat\/cfaelcarmel\/wp-content\/uploads\/usu53\/2026\/01\/Disseny-sense-titol-13.jpg\" alt=\"\" width=\"292\" height=\"253\" \/><\/td>\n<td style=\"width: 88.0821%; height: 68px;\"><strong>Centre d&#8217;Assessorament Acad\u00e8mic per a Joves<\/strong><\/p>\n<p>El <a href=\"https:\/\/www.barcelona.cat\/joves\/ca\/qui-som\/centre-dassessorament-academic\">Centre d&#8217;Assessorament Acad\u00e8mic per a Joves<\/a> \u00e9s un servei municipal adre\u00e7at a joves que necessiten orientaci\u00f3 per prendre decisions sobre els seus estudis o definir els seus objectius professionals. L\u2019assessorament \u00e9s gratu\u00eft, personalitzat i no requereix cita pr\u00e8via.<\/p>\n<p>El Centre forma part del servei Joves de Barcelona i centralitza la informaci\u00f3 i l\u2019orientaci\u00f3 acad\u00e8mica que tamb\u00e9 s\u2019ofereixen als diferents Punts Joves de Barcelona, presents a cada districte i en diversos instituts.<\/td>\n<\/tr>\n<tr>\n<td style=\"width: 24.0848%;\"><\/td>\n<td style=\"width: 88.0821%;\"><\/td>\n<\/tr>\n<tr>\n<td style=\"width: 24.0848%;\"><img loading=\"lazy\" decoding=\"async\" class=\"alignright size-full wp-image-2598\" src=\"https:\/\/agora.xtec.cat\/cfaelcarmel\/wp-content\/uploads\/usu53\/2026\/01\/Disseny-sense-titol-15.jpg\" alt=\"\" width=\"292\" height=\"253\" \/><\/td>\n<td style=\"width: 88.0821%;\"><strong>Biblioteca del Carmel &#8211; Juan Mars\u00e9<\/strong><\/p>\n<p>La <a href=\"https:\/\/ajuntament.barcelona.cat\/biblioteques\/ca\/bibelcarmel\">Biblioteca del Carmel \u2013 Juan Mars\u00e9<\/a> \u00e9s un equipament cultural de proximitat que ofereix serveis de lectura, informaci\u00f3 i activitats culturals per a tots els p\u00fablics. \u00c9s un espai obert al barri que fomenta l\u2019acc\u00e9s a la cultura, el coneixement i la participaci\u00f3 comunit\u00e0ria.<\/td>\n<\/tr>\n<\/tbody>\n<\/table>\n<p>&nbsp;<\/p>\n","protected":false},"excerpt":{"rendered":"<p>El Centre de Formaci\u00f3 de Persones Adultes col\u00b7labora amb diverses entitats del barri per fomentar la cohesi\u00f3 i el treball en xarxa. Aquestes s\u00f3n les entitats amb qui col\u00b7laborem: Pla comunitari &#8211; Associaci\u00f3 Carmel Amunt El Pla Comunitari a trav\u00e9s de l\u2019Associaci\u00f3 Carmel Amunt \u00e9s el Pla de Desenvolupament Comunitari del Carmel. Est\u00e0 formada per [&hellip;]<\/p>\n","protected":false},"author":1,"featured_media":0,"parent":0,"menu_order":0,"comment_status":"closed","ping_status":"closed","template":"","meta":{"_bbp_topic_count":0,"_bbp_reply_count":0,"_bbp_total_topic_count":0,"_bbp_total_reply_count":0,"_bbp_voice_count":0,"_bbp_anonymous_reply_count":0,"_bbp_topic_count_hidden":0,"_bbp_reply_count_hidden":0,"_bbp_forum_subforum_count":0,"site-sidebar-layout":"no-sidebar","site-content-layout":"","ast-site-content-layout":"default","site-content-style":"default","site-sidebar-style":"unboxed","ast-global-header-display":"","ast-banner-title-visibility":"","ast-main-header-display":"","ast-hfb-above-header-display":"","ast-hfb-below-header-display":"","ast-hfb-mobile-header-display":"","site-post-title":"","ast-breadcrumbs-content":"","ast-featured-img":"","footer-sml-layout":"","theme-transparent-header-meta":"default","adv-header-id-meta":"","stick-header-meta":"","header-above-stick-meta":"","header-main-stick-meta":"","header-below-stick-meta":"","astra-migrate-meta-layouts":"set","ast-page-background-enabled":"default","ast-page-background-meta":{"desktop":{"background-color":"var(--ast-global-color-4)","background-image":"","background-repeat":"repeat","background-position":"center center","background-size":"auto","background-attachment":"scroll","background-type":"","background-media":"","overlay-type":"","overlay-color":"","overlay-opacity":"","overlay-gradient":""},"tablet":{"background-color":"","background-image":"","background-repeat":"repeat","background-position":"center center","background-size":"auto","background-attachment":"scroll","background-type":"","background-media":"","overlay-type":"","overlay-color":"","overlay-opacity":"","overlay-gradient":""},"mobile":{"background-color":"","background-image":"","background-repeat":"repeat","background-position":"center center","background-size":"auto","background-attachment":"scroll","background-type":"","background-media":"","overlay-type":"","overlay-color":"","overlay-opacity":"","overlay-gradient":""}},"ast-content-background-meta":{"desktop":{"background-color":"var(--ast-global-color-5)","background-image":"","background-repeat":"repeat","background-position":"center center","background-size":"auto","background-attachment":"scroll","background-type":"","background-media":"","overlay-type":"","overlay-color":"","overlay-opacity":"","overlay-gradient":""},"tablet":{"background-color":"var(--ast-global-color-5)","background-image":"","background-repeat":"repeat","background-position":"center center","background-size":"auto","background-attachment":"scroll","background-type":"","background-media":"","overlay-type":"","overlay-color":"","overlay-opacity":"","overlay-gradient":""},"mobile":{"background-color":"var(--ast-global-color-5)","background-image":"","background-repeat":"repeat","background-position":"center center","background-size":"auto","background-attachment":"scroll","background-type":"","background-media":"","overlay-type":"","overlay-color":"","overlay-opacity":"","overlay-gradient":""}},"footnotes":""},"class_list":["post-2097","page","type-page","status-publish","hentry"],"post_mailing_queue_ids":[],"_links":{"self":[{"href":"https:\/\/agora.xtec.cat\/cfaelcarmel\/wp-json\/wp\/v2\/pages\/2097","targetHints":{"allow":["GET"]}}],"collection":[{"href":"https:\/\/agora.xtec.cat\/cfaelcarmel\/wp-json\/wp\/v2\/pages"}],"about":[{"href":"https:\/\/agora.xtec.cat\/cfaelcarmel\/wp-json\/wp\/v2\/types\/page"}],"author":[{"embeddable":true,"href":"https:\/\/agora.xtec.cat\/cfaelcarmel\/wp-json\/wp\/v2\/users\/1"}],"replies":[{"embeddable":true,"href":"https:\/\/agora.xtec.cat\/cfaelcarmel\/wp-json\/wp\/v2\/comments?post=2097"}],"version-history":[{"count":6,"href":"https:\/\/agora.xtec.cat\/cfaelcarmel\/wp-json\/wp\/v2\/pages\/2097\/revisions"}],"predecessor-version":[{"id":2692,"href":"https:\/\/agora.xtec.cat\/cfaelcarmel\/wp-json\/wp\/v2\/pages\/2097\/revisions\/2692"}],"wp:attachment":[{"href":"https:\/\/agora.xtec.cat\/cfaelcarmel\/wp-json\/wp\/v2\/media?parent=2097"}],"curies":[{"name":"wp","href":"https:\/\/api.w.org\/{rel}","templated":true}]}}