{"id":303,"date":"2015-01-28T11:23:05","date_gmt":"2015-01-28T10:23:05","guid":{"rendered":"http:\/\/agora.xtec.cat\/cfaegara\/?page_id=303"},"modified":"2024-06-25T17:34:15","modified_gmt":"2024-06-25T15:34:15","slug":"graduat-en-educacio-secundaria-per-adults","status":"publish","type":"page","link":"https:\/\/agora.xtec.cat\/cfaegara\/ensenyaments\/ensenyaments-inicials-i-formacio-basica\/graduat-en-educacio-secundaria-per-adults\/","title":{"rendered":"Graduat en educaci\u00f3 secundaria per adults (GESO)"},"content":{"rendered":"<p style=\"text-align: justify;\">L\u2019educaci\u00f3 secund\u00e0ria obligat\u00f2ria \u00e9s l\u2019etapa del sistema educatiu que completa l\u2019educaci\u00f3 prim\u00e0ria; en acabar el darrer curs s\u2019obt\u00e9 el t\u00edtol de graduat en educaci\u00f3 secund\u00e0ria obligat\u00f2ria. L\u2019obtenci\u00f3 del t\u00edtol de<em> Graduat en educaci\u00f3 secund\u00e0ria<\/em>, a m\u00e9s de millorar la formaci\u00f3 b\u00e0sica o la\u00a0situaci\u00f3 professional i laboral, permet accedir al <strong>batxillerat<\/strong> i als <strong>cicles formatius de grau mitj\u00e0<\/strong> de formaci\u00f3 professional.<\/p>\n<p style=\"text-align: justify;\">Les persones m\u00e9s grans de 18 anys que no tenen aquest t\u00edtol i el volen obtenir poden assistir als\u00a0cursos presencials que ofereixen el centre.<\/p>\n<ul>\n<li style=\"text-align: justify;\"><strong>Nivells:<\/strong>\n<ul>\n<li>GES 1<\/li>\n<li>GES 2<\/li>\n<\/ul>\n<\/li>\n<li style=\"text-align: justify;\"><strong>Durada:\u00a0 \u00a0 \u00a0 \u00a0 \u00a0 \u00a0 \u00a0 \u00a0 \u00a0 \u00a0 \u00a0 <\/strong>\u00a0\u00a0\u00a0 trimestral<\/li>\n<li><strong>Horari de les classes: \u00a0<\/strong> de <span style=\"text-decoration: underline;\">dilluns a dijous de 16:00h a 20:30h.<\/span><\/li>\n<li style=\"text-align: justify;\"><strong>Lloc:\u00a0\u00a0\u00a0\u00a0<\/strong> \u00a0 \u00a0 \u00a0 \u00a0 \u00a0 \u00a0 \u00a0 \u00a0 \u00a0 \u00a0 \u00a0\u00a0 \u00a0\u00a0 edifici ca n&#8217;Anglada<\/li>\n<\/ul>\n<p style=\"text-align: justify;\">El GES s\u2019organitza de forma modular en tres \u00e0mbits i dos nivells en cadascun dels \u00e0mbits.\u00a0Els m\u00f2duls s\u00f3n de dos tipus: <strong>comuns i opcionals<\/strong>.<\/p>\n<p style=\"text-align: justify;\"><strong>Per obtenir la titulaci\u00f3<\/strong> s\u2019ha de cursar un total de <strong>34 m\u00f2duls<\/strong> o, si escau, convalidar o acreditar.<\/p>\n<p style=\"text-align: justify;\">Els m\u00f2duls i el seu contingut es distribueixen de la manera seg\u00fcent:<\/p>\n<ul style=\"text-align: justify;\">\n<li><strong>\u00c0mbit de la comunicaci\u00f3:<\/strong> 12 m\u00f2duls comuns que inclouen les seg\u00fcents mat\u00e8ries: llengua\u00a0catalana i literatura, llengua castellana i literatura i llengua estrangera.<\/li>\n<li><strong>\u00c0mbit cient\u00edfic tecnol\u00f2gic:<\/strong> 10 m\u00f2duls comuns que inclouen les seg\u00fcents mat\u00e8ries:\u00a0matem\u00e0tiques, ci\u00e8ncies de la naturalesa, i tecnologia.<\/li>\n<li><strong>\u00c0mbit social:<\/strong> 6 m\u00f2duls comuns que inclouen: ci\u00e8ncies socials, geografia i hist\u00f2ria.<\/li>\n<li><strong>M\u00f2duls opcionals:<\/strong> 6.<\/li>\n<\/ul>\n<p style=\"text-align: justify;\"><strong>Durada del curs:<\/strong><br \/>\nEl curs est\u00e0 distribu\u00eft en<strong> tres trimestres<\/strong>. Cada trimestre consta de 10 setmanes de classes aproximadament. Una persona pot incorporar-se al curs a principis de cada trimestre. El temps que es necessita per a aconseguir la titulaci\u00f3 dep\u00e8n del nombre de m\u00f2duls que s\u2019han de cursar.<\/p>\n","protected":false},"excerpt":{"rendered":"<p>L\u2019educaci\u00f3 secund\u00e0ria obligat\u00f2ria \u00e9s l\u2019etapa del sistema educatiu que completa l\u2019educaci\u00f3 prim\u00e0ria; en acabar el darrer curs s\u2019obt\u00e9 el t\u00edtol de graduat en educaci\u00f3 secund\u00e0ria obligat\u00f2ria. L\u2019obtenci\u00f3 del t\u00edtol de Graduat en educaci\u00f3 secund\u00e0ria, a m\u00e9s de millorar la formaci\u00f3 b\u00e0sica o la\u00a0situaci\u00f3 professional i&hellip;  <a href=\"https:\/\/agora.xtec.cat\/cfaegara\/ensenyaments\/ensenyaments-inicials-i-formacio-basica\/graduat-en-educacio-secundaria-per-adults\/\" title=\"Read Graduat en educaci\u00f3 secundaria per adults (GESO)\">Llegeix m\u00e9s\u00bb<\/a><\/p>\n","protected":false},"author":1,"featured_media":0,"parent":283,"menu_order":0,"comment_status":"closed","ping_status":"closed","template":"page-templates\/side-menu.php","meta":{"_bbp_topic_count":0,"_bbp_reply_count":0,"_bbp_total_topic_count":0,"_bbp_total_reply_count":0,"_bbp_voice_count":0,"_bbp_anonymous_reply_count":0,"_bbp_topic_count_hidden":0,"_bbp_reply_count_hidden":0,"_bbp_forum_subforum_count":0,"footnotes":""},"class_list":["post-303","page","type-page","status-publish","hentry"],"post_mailing_queue_ids":[],"_links":{"self":[{"href":"https:\/\/agora.xtec.cat\/cfaegara\/wp-json\/wp\/v2\/pages\/303","targetHints":{"allow":["GET"]}}],"collection":[{"href":"https:\/\/agora.xtec.cat\/cfaegara\/wp-json\/wp\/v2\/pages"}],"about":[{"href":"https:\/\/agora.xtec.cat\/cfaegara\/wp-json\/wp\/v2\/types\/page"}],"author":[{"embeddable":true,"href":"https:\/\/agora.xtec.cat\/cfaegara\/wp-json\/wp\/v2\/users\/1"}],"replies":[{"embeddable":true,"href":"https:\/\/agora.xtec.cat\/cfaegara\/wp-json\/wp\/v2\/comments?post=303"}],"version-history":[{"count":6,"href":"https:\/\/agora.xtec.cat\/cfaegara\/wp-json\/wp\/v2\/pages\/303\/revisions"}],"predecessor-version":[{"id":4089,"href":"https:\/\/agora.xtec.cat\/cfaegara\/wp-json\/wp\/v2\/pages\/303\/revisions\/4089"}],"up":[{"embeddable":true,"href":"https:\/\/agora.xtec.cat\/cfaegara\/wp-json\/wp\/v2\/pages\/283"}],"wp:attachment":[{"href":"https:\/\/agora.xtec.cat\/cfaegara\/wp-json\/wp\/v2\/media?parent=303"}],"curies":[{"name":"wp","href":"https:\/\/api.w.org\/{rel}","templated":true}]}}

Graduat en educació secundaria per adults (GESO)

<p style="text-align: justify;">L’educació secundària obligatòria és l’etapa del sistema educatiu que completa l’educació primària; en acabar el darrer curs s’obté el títol de graduat en educació secundària obligatòria. L’obtenció del títol de<em> Graduat en educació secundària</em>, a més de millorar la formació bàsica o la situació professional i laboral, permet accedir al <strong>batxillerat</strong> i als <strong>cicles formatius de grau mitjà</strong> de formació professional.</p>
<p style="text-align: justify;">Les persones més grans de 18 anys que no tenen aquest títol i el volen obtenir poden assistir als cursos presencials que ofereixen el centre.</p>
<ul>
<li style="text-align: justify;"><strong>Nivells:</strong>
<ul>
<li>GES 1</li>
<li>GES 2</li>
</ul>
</li>
<li style="text-align: justify;"><strong>Durada:                      </strong>    trimestral</li>
<li><strong>Horari de les classes:  </strong> de <span style="text-decoration: underline;">dilluns a dijous de 16:00h a 20:30h.</span></li>
<li style="text-align: justify;"><strong>Lloc:    </strong>                           edifici ca n&#8217;Anglada</li>
</ul>
<p style="text-align: justify;">El GES s’organitza de forma modular en tres àmbits i dos nivells en cadascun dels àmbits. Els mòduls són de dos tipus: <strong>comuns i opcionals</strong>.</p>
<p style="text-align: justify;"><strong>Per obtenir la titulació</strong> s’ha de cursar un total de <strong>34 mòduls</strong> o, si escau, convalidar o acreditar.</p>
<p style="text-align: justify;">Els mòduls i el seu contingut es distribueixen de la manera següent:</p>
<ul style="text-align: justify;">
<li><strong>Àmbit de la comunicació:</strong> 12 mòduls comuns que inclouen les següents matèries: llengua catalana i literatura, llengua castellana i literatura i llengua estrangera.</li>
<li><strong>Àmbit científic tecnològic:</strong> 10 mòduls comuns que inclouen les següents matèries: matemàtiques, ciències de la naturalesa, i tecnologia.</li>
<li><strong>Àmbit social:</strong> 6 mòduls comuns que inclouen: ciències socials, geografia i història.</li>
<li><strong>Mòduls opcionals:</strong> 6.</li>
</ul>
<p style="text-align: justify;"><strong>Durada del curs:</strong><br />
El curs està distribuït en<strong> tres trimestres</strong>. Cada trimestre consta de 10 setmanes de classes aproximadament. Una persona pot incorporar-se al curs a principis de cada trimestre. El temps que es necessita per a aconseguir la titulació depèn del nombre de mòduls que s’han de cursar.</p>

<p>L’educació secundària obligatòria és l’etapa del sistema educatiu que completa l’educació primària; en acabar el darrer curs s’obté el títol de graduat en educació secundària obligatòria. L’obtenció del títol de Graduat en educació secundària, a més de millorar la formació bàsica o la situació professional i&hellip;  <a href="https://agora.xtec.cat/cfaegara/ensenyaments/ensenyaments-inicials-i-formacio-basica/graduat-en-educacio-secundaria-per-adults/" title="Read Graduat en educació secundaria per adults (GESO)">Llegeix més»</a></p>
