{"id":301,"date":"2015-01-28T11:21:46","date_gmt":"2015-01-28T10:21:46","guid":{"rendered":"http:\/\/agora.xtec.cat\/cfaegara\/?page_id=301"},"modified":"2024-06-25T17:39:02","modified_gmt":"2024-06-25T15:39:02","slug":"formacio-instrumental","status":"publish","type":"page","link":"https:\/\/agora.xtec.cat\/cfaegara\/ensenyaments\/ensenyaments-inicials-i-formacio-basica\/formacio-instrumental\/","title":{"rendered":"Formaci\u00f3 instrumental"},"content":{"rendered":"<div class=\"entry-content normal-entry-content\">\n<div class=\"normal-content\">\n<ul>\n<li>Lloc: <strong>edifici \u00c8gara<\/strong> (pla\u00e7a immaculada, 4)<\/li>\n<\/ul>\n<p style=\"text-align: justify;\">La formaci\u00f3 instrumental \u00e9s el conjunt d\u2019activitats i processos formatius que abasten des de l\u2019aprenentatge de la lectoescriptura i el c\u00e0lcul elemental fins que l\u2019alumne est\u00e0 en disposici\u00f3 d\u2019incorporar-se amb garanties d\u2019\u00e8xit als ensenyaments per obtenir el t\u00edtol de graduat en educaci\u00f3 secund\u00e0ria obligat\u00f2ria.<\/p>\n<ul>\n<li><strong>Curr\u00edculum:<\/strong><\/li>\n<\/ul>\n<p style=\"text-align: justify;\">El seg\u00fcent quadre mostra la distribuci\u00f3 hor\u00e0ria per cicles i nivells, la distribuci\u00f3 d\u2019hores setmanals i les diferents modalitats organitzatives:<\/p>\n<p><a href=\"https:\/\/agora.xtec.cat\/cfaegara\/wp-content\/uploads\/usu1042\/2022\/12\/quadre-Instrumental.png\"><img loading=\"lazy\" decoding=\"async\" class=\" wp-image-3853 aligncenter\" src=\"https:\/\/agora.xtec.cat\/cfaegara\/wp-content\/uploads\/usu1042\/2022\/12\/quadre-Instrumental.png\" alt=\"\" width=\"515\" height=\"271\" srcset=\"https:\/\/agora.xtec.cat\/cfaegara\/wp-content\/uploads\/usu1042\/2022\/12\/quadre-Instrumental.png 661w, https:\/\/agora.xtec.cat\/cfaegara\/wp-content\/uploads\/usu1042\/2022\/12\/quadre-Instrumental-300x158.png 300w\" sizes=\"auto, (max-width: 515px) 100vw, 515px\" \/><\/a><\/p>\n<p style=\"text-align: justify;\">El curr\u00edculum s\u2019estructura en tres \u00e0rees curriculars (\u00e0rea ling\u00fc\u00edstica, \u00e0rea matem\u00e0tica i \u00e0rea del medi natural, social i cultural) i dues compet\u00e8ncies transversals (compet\u00e8ncia digital i compet\u00e8ncia personal, social i laboral). Es treballen integrades al llarg dels dos cicles i es recomana que es concretin a partir de propostes d\u2019aprenentatge globalitzades en les quals l\u2019alumnat s\u2019aproximi al coneixement des d\u2019una perspectiva transversal, significativa i funcional.<\/p>\n<p style=\"text-align: justify;\">De forma orientativa, s\u2019aconsella que la dedicaci\u00f3 a les \u00e0rees curriculars sigui aproximadament la seg\u00fcent, a mesura que avancin els nivells:<br \/>\n&#8211; \u00c0rea ling\u00fc\u00edstica: 50% del total<br \/>\n&#8211; \u00c0rea matem\u00e0tica: 30% del total<br \/>\n&#8211; \u00c0rea del medi natural, social i cultural: 20% del total<\/p>\n<ul>\n<li><strong>Horaris<\/strong> de les classes del curs <strong>2024-2025:<\/strong><\/li>\n<\/ul>\n<table style=\"border-collapse: collapse; width: 100%; height: 216px;\">\n<tbody>\n<tr style=\"height: 32px;\">\n<td style=\"width: 22.6641%; height: 32px; text-align: center;\">Hores<\/td>\n<td style=\"width: 19.1045%; height: 32px; text-align: center;\"><strong>Dilluns<\/strong><\/td>\n<td style=\"width: 17.6168%; height: 32px; text-align: center;\"><strong>Dimarts<\/strong><\/td>\n<td style=\"width: 19.2855%; height: 32px; text-align: center;\"><strong>Dimecres<\/strong><\/td>\n<td style=\"width: 21.3292%; height: 32px; text-align: center;\"><strong>Dijous<\/strong><\/td>\n<\/tr>\n<tr style=\"height: 32px;\">\n<td style=\"width: 22.6641%; height: 32px; text-align: center;\">De 9:30h a 11:00h<\/td>\n<td style=\"width: 19.1045%; height: 32px; text-align: center;\">Instrumental 1.1<\/p>\n<p>i Instrumental 2.1<\/td>\n<td style=\"width: 17.6168%; height: 32px; text-align: center;\">Instrumental 1.1<\/p>\n<p>i Instrumental 2.1<\/td>\n<td style=\"width: 19.2855%; height: 32px; text-align: center;\">Instrumental 1.1<\/p>\n<p>i Instrumental 2.1<\/td>\n<td style=\"width: 21.3292%; height: 32px; text-align: center;\">Instrumental 1.1<\/p>\n<p>i Instrumental 2.1<\/td>\n<\/tr>\n<tr style=\"height: 32px;\">\n<td style=\"width: 22.6641%; height: 32px; text-align: center;\">De 11:00h a 12:30h<\/td>\n<td style=\"width: 19.1045%; height: 32px; text-align: center;\">Instrumental 1.2<\/td>\n<td style=\"width: 17.6168%; height: 32px; text-align: center;\">Instrumental 1.2<\/td>\n<td style=\"width: 19.2855%; height: 32px; text-align: center;\">Instrumental 1.2<\/td>\n<td style=\"width: 21.3292%; height: 32px; text-align: center;\">Instrumental 1.2<\/td>\n<\/tr>\n<tr style=\"height: 32px;\">\n<td style=\"width: 22.6641%; height: 32px; text-align: center;\">De 15:00h a 16:30h<\/td>\n<td style=\"width: 19.1045%; height: 32px; text-align: center;\">Instrumental 3<\/p>\n<p>i Instrumental 4<\/td>\n<td style=\"width: 17.6168%; height: 32px; text-align: center;\">Instrumental 3<\/p>\n<p>i Instrumental 4<\/td>\n<td style=\"width: 19.2855%; height: 32px; text-align: center;\">Instrumental 3<\/p>\n<p>i Instrumental 4<\/td>\n<td style=\"width: 21.3292%; height: 32px; text-align: center;\">Instrumental 3<\/p>\n<p>i Instrumental 4<\/td>\n<\/tr>\n<tr style=\"height: 56px;\">\n<td style=\"width: 22.6641%; height: 56px; text-align: center;\">De 17:00h a 18:30h<\/td>\n<td style=\"width: 19.1045%; height: 56px; text-align: center;\">Instrumental 1.3<\/td>\n<td style=\"width: 17.6168%; height: 56px; text-align: center;\">Instrumental 1.3<\/td>\n<td style=\"width: 19.2855%; height: 56px; text-align: center;\">Instrumental 1.3<\/td>\n<td style=\"width: 21.3292%; height: 56px; text-align: center;\">Instrumental 1.3<\/td>\n<\/tr>\n<tr style=\"height: 32px;\">\n<td style=\"width: 22.6641%; height: 32px; text-align: center;\">De 19:00h a 20:30h<\/td>\n<td style=\"width: 19.1045%; text-align: center; height: 32px;\">Instrumental 1.4<\/td>\n<td style=\"width: 17.6168%; text-align: center; height: 32px;\">Instrumental 1.4<\/td>\n<td style=\"width: 19.2855%; text-align: center; height: 32px;\">Instrumental 1.4<\/td>\n<td style=\"width: 21.3292%; text-align: center; height: 32px;\">Instrumental 1.4<\/td>\n<\/tr>\n<\/tbody>\n<\/table>\n<\/div>\n<p>&nbsp;<\/p>\n<\/div>\n","protected":false},"excerpt":{"rendered":"<ul>\n<li>Lloc: edifici \u00c8gara (pla\u00e7a immaculada, 4)<\/li>\n<\/ul>\n<p>La formaci\u00f3 instrumental \u00e9s el conjunt d\u2019activitats i processos formatius que abasten des de l\u2019aprenentatge de la lectoescriptura i el c\u00e0lcul elemental fins que l\u2019alumne est\u00e0 en disposici\u00f3 d\u2019incorporar-se amb garanties d\u2019\u00e8xit als ensenyaments per obtenir el t\u00edtol de graduat&hellip;  <a href=\"https:\/\/agora.xtec.cat\/cfaegara\/ensenyaments\/ensenyaments-inicials-i-formacio-basica\/formacio-instrumental\/\" title=\"Read Formaci\u00f3 instrumental\">Llegeix m\u00e9s\u00bb<\/a><\/p>\n","protected":false},"author":1,"featured_media":0,"parent":283,"menu_order":0,"comment_status":"closed","ping_status":"closed","template":"page-templates\/side-menu.php","meta":{"_bbp_topic_count":0,"_bbp_reply_count":0,"_bbp_total_topic_count":0,"_bbp_total_reply_count":0,"_bbp_voice_count":0,"_bbp_anonymous_reply_count":0,"_bbp_topic_count_hidden":0,"_bbp_reply_count_hidden":0,"_bbp_forum_subforum_count":0,"footnotes":""},"class_list":["post-301","page","type-page","status-publish","hentry"],"post_mailing_queue_ids":[],"_links":{"self":[{"href":"https:\/\/agora.xtec.cat\/cfaegara\/wp-json\/wp\/v2\/pages\/301","targetHints":{"allow":["GET"]}}],"collection":[{"href":"https:\/\/agora.xtec.cat\/cfaegara\/wp-json\/wp\/v2\/pages"}],"about":[{"href":"https:\/\/agora.xtec.cat\/cfaegara\/wp-json\/wp\/v2\/types\/page"}],"author":[{"embeddable":true,"href":"https:\/\/agora.xtec.cat\/cfaegara\/wp-json\/wp\/v2\/users\/1"}],"replies":[{"embeddable":true,"href":"https:\/\/agora.xtec.cat\/cfaegara\/wp-json\/wp\/v2\/comments?post=301"}],"version-history":[{"count":7,"href":"https:\/\/agora.xtec.cat\/cfaegara\/wp-json\/wp\/v2\/pages\/301\/revisions"}],"predecessor-version":[{"id":4093,"href":"https:\/\/agora.xtec.cat\/cfaegara\/wp-json\/wp\/v2\/pages\/301\/revisions\/4093"}],"up":[{"embeddable":true,"href":"https:\/\/agora.xtec.cat\/cfaegara\/wp-json\/wp\/v2\/pages\/283"}],"wp:attachment":[{"href":"https:\/\/agora.xtec.cat\/cfaegara\/wp-json\/wp\/v2\/media?parent=301"}],"curies":[{"name":"wp","href":"https:\/\/api.w.org\/{rel}","templated":true}]}}

Formació instrumental

<div class="entry-content normal-entry-content">
<div class="normal-content">
<ul>
<li>Lloc: <strong>edifici Ègara</strong> (plaça immaculada, 4)</li>
</ul>
<p style="text-align: justify;">La formació instrumental és el conjunt d’activitats i processos formatius que abasten des de l’aprenentatge de la lectoescriptura i el càlcul elemental fins que l’alumne està en disposició d’incorporar-se amb garanties d’èxit als ensenyaments per obtenir el títol de graduat en educació secundària obligatòria.</p>
<ul>
<li><strong>Currículum:</strong></li>
</ul>
<p style="text-align: justify;">El següent quadre mostra la distribució horària per cicles i nivells, la distribució d’hores setmanals i les diferents modalitats organitzatives:</p>
<p><a href="https://agora.xtec.cat/cfaegara/wp-content/uploads/usu1042/2022/12/quadre-Instrumental.png"><img loading="lazy" decoding="async" class=" wp-image-3853 aligncenter" src="https://agora.xtec.cat/cfaegara/wp-content/uploads/usu1042/2022/12/quadre-Instrumental.png" alt="" width="515" height="271" srcset="https://agora.xtec.cat/cfaegara/wp-content/uploads/usu1042/2022/12/quadre-Instrumental.png 661w, https://agora.xtec.cat/cfaegara/wp-content/uploads/usu1042/2022/12/quadre-Instrumental-300x158.png 300w" sizes="auto, (max-width: 515px) 100vw, 515px" /></a></p>
<p style="text-align: justify;">El currículum s’estructura en tres àrees curriculars (àrea lingüística, àrea matemàtica i àrea del medi natural, social i cultural) i dues competències transversals (competència digital i competència personal, social i laboral). Es treballen integrades al llarg dels dos cicles i es recomana que es concretin a partir de propostes d’aprenentatge globalitzades en les quals l’alumnat s’aproximi al coneixement des d’una perspectiva transversal, significativa i funcional.</p>
<p style="text-align: justify;">De forma orientativa, s’aconsella que la dedicació a les àrees curriculars sigui aproximadament la següent, a mesura que avancin els nivells:<br />
&#8211; Àrea lingüística: 50% del total<br />
&#8211; Àrea matemàtica: 30% del total<br />
&#8211; Àrea del medi natural, social i cultural: 20% del total</p>
<ul>
<li><strong>Horaris</strong> de les classes del curs <strong>2024-2025:</strong></li>
</ul>
<table style="border-collapse: collapse; width: 100%; height: 216px;">
<tbody>
<tr style="height: 32px;">
<td style="width: 22.6641%; height: 32px; text-align: center;">Hores</td>
<td style="width: 19.1045%; height: 32px; text-align: center;"><strong>Dilluns</strong></td>
<td style="width: 17.6168%; height: 32px; text-align: center;"><strong>Dimarts</strong></td>
<td style="width: 19.2855%; height: 32px; text-align: center;"><strong>Dimecres</strong></td>
<td style="width: 21.3292%; height: 32px; text-align: center;"><strong>Dijous</strong></td>
</tr>
<tr style="height: 32px;">
<td style="width: 22.6641%; height: 32px; text-align: center;">De 9:30h a 11:00h</td>
<td style="width: 19.1045%; height: 32px; text-align: center;">Instrumental 1.1</p>
<p>i Instrumental 2.1</td>
<td style="width: 17.6168%; height: 32px; text-align: center;">Instrumental 1.1</p>
<p>i Instrumental 2.1</td>
<td style="width: 19.2855%; height: 32px; text-align: center;">Instrumental 1.1</p>
<p>i Instrumental 2.1</td>
<td style="width: 21.3292%; height: 32px; text-align: center;">Instrumental 1.1</p>
<p>i Instrumental 2.1</td>
</tr>
<tr style="height: 32px;">
<td style="width: 22.6641%; height: 32px; text-align: center;">De 11:00h a 12:30h</td>
<td style="width: 19.1045%; height: 32px; text-align: center;">Instrumental 1.2</td>
<td style="width: 17.6168%; height: 32px; text-align: center;">Instrumental 1.2</td>
<td style="width: 19.2855%; height: 32px; text-align: center;">Instrumental 1.2</td>
<td style="width: 21.3292%; height: 32px; text-align: center;">Instrumental 1.2</td>
</tr>
<tr style="height: 32px;">
<td style="width: 22.6641%; height: 32px; text-align: center;">De 15:00h a 16:30h</td>
<td style="width: 19.1045%; height: 32px; text-align: center;">Instrumental 3</p>
<p>i Instrumental 4</td>
<td style="width: 17.6168%; height: 32px; text-align: center;">Instrumental 3</p>
<p>i Instrumental 4</td>
<td style="width: 19.2855%; height: 32px; text-align: center;">Instrumental 3</p>
<p>i Instrumental 4</td>
<td style="width: 21.3292%; height: 32px; text-align: center;">Instrumental 3</p>
<p>i Instrumental 4</td>
</tr>
<tr style="height: 56px;">
<td style="width: 22.6641%; height: 56px; text-align: center;">De 17:00h a 18:30h</td>
<td style="width: 19.1045%; height: 56px; text-align: center;">Instrumental 1.3</td>
<td style="width: 17.6168%; height: 56px; text-align: center;">Instrumental 1.3</td>
<td style="width: 19.2855%; height: 56px; text-align: center;">Instrumental 1.3</td>
<td style="width: 21.3292%; height: 56px; text-align: center;">Instrumental 1.3</td>
</tr>
<tr style="height: 32px;">
<td style="width: 22.6641%; height: 32px; text-align: center;">De 19:00h a 20:30h</td>
<td style="width: 19.1045%; text-align: center; height: 32px;">Instrumental 1.4</td>
<td style="width: 17.6168%; text-align: center; height: 32px;">Instrumental 1.4</td>
<td style="width: 19.2855%; text-align: center; height: 32px;">Instrumental 1.4</td>
<td style="width: 21.3292%; text-align: center; height: 32px;">Instrumental 1.4</td>
</tr>
</tbody>
</table>
</div>
<p>&nbsp;</p>
</div>

<ul>
<li>Lloc: edifici Ègara (plaça immaculada, 4)</li>
</ul>
<p>La formació instrumental és el conjunt d’activitats i processos formatius que abasten des de l’aprenentatge de la lectoescriptura i el càlcul elemental fins que l’alumne està en disposició d’incorporar-se amb garanties d’èxit als ensenyaments per obtenir el títol de graduat&hellip;  <a href="https://agora.xtec.cat/cfaegara/ensenyaments/ensenyaments-inicials-i-formacio-basica/formacio-instrumental/" title="Read Formació instrumental">Llegeix més»</a></p>
