{"id":283,"date":"2015-01-28T11:06:17","date_gmt":"2015-01-28T10:06:17","guid":{"rendered":"http:\/\/agora.xtec.cat\/cfaegara\/?page_id=283"},"modified":"2024-06-20T17:26:11","modified_gmt":"2024-06-20T15:26:11","slug":"ensenyaments-inicials-i-formacio-basica","status":"publish","type":"page","link":"https:\/\/agora.xtec.cat\/cfaegara\/ensenyaments\/ensenyaments-inicials-i-formacio-basica\/","title":{"rendered":"Formaci\u00f3 b\u00e0sica"},"content":{"rendered":"<p>Oferim dues etapes educatives de la formaci\u00f3 b\u00e0sica per a adults, com s\u00f3n:<\/p>\n<ul>\n<li><a href=\"https:\/\/agora.xtec.cat\/cfaegara\/ensenyaments\/ensenyaments-inicials-i-formacio-basica\/formacio-instrumental\/\">La Formaci\u00f3 Instrumental<\/a><br \/>\n(coneixements b\u00e0sics)<\/li>\n<\/ul>\n<p><img loading=\"lazy\" decoding=\"async\" class=\"aligncenter size-full wp-image-4083\" src=\"https:\/\/agora.xtec.cat\/cfaegara\/wp-content\/uploads\/usu1042\/2024\/06\/baixa-3.jpg\" alt=\"\" width=\"243\" height=\"208\" \/><\/p>\n<p>&nbsp;<\/p>\n<ul>\n<li>El graduat en <a href=\"https:\/\/agora.xtec.cat\/cfaegara\/ensenyaments\/ensenyaments-inicials-i-formacio-basica\/graduat-en-educacio-secundaria-per-adults\/\">educaci\u00f3 secund\u00e0ria<\/a> per a persones adultes (GESO)<\/li>\n<\/ul>\n<h4><img loading=\"lazy\" decoding=\"async\" class=\"aligncenter size-medium wp-image-4084\" src=\"https:\/\/agora.xtec.cat\/cfaegara\/wp-content\/uploads\/usu1042\/2024\/06\/Captura-1-300x175.png\" alt=\"\" width=\"300\" height=\"175\" srcset=\"https:\/\/agora.xtec.cat\/cfaegara\/wp-content\/uploads\/usu1042\/2024\/06\/Captura-1-300x175.png 300w, https:\/\/agora.xtec.cat\/cfaegara\/wp-content\/uploads\/usu1042\/2024\/06\/Captura-1-1024x599.png 1024w, https:\/\/agora.xtec.cat\/cfaegara\/wp-content\/uploads\/usu1042\/2024\/06\/Captura-1-768x449.png 768w, https:\/\/agora.xtec.cat\/cfaegara\/wp-content\/uploads\/usu1042\/2024\/06\/Captura-1.png 1242w\" sizes=\"auto, (max-width: 300px) 100vw, 300px\" \/><\/h4>\n","protected":false},"excerpt":{"rendered":"<p>Oferim dues etapes educatives de la formaci\u00f3 b\u00e0sica per a adults, com s\u00f3n:<\/p>\n<ul>\n<li><a href=\"https:\/\/agora.xtec.cat\/cfaegara\/ensenyaments\/ensenyaments-inicials-i-formacio-basica\/formacio-instrumental\/\">La Formaci\u00f3 Instrumental<\/a><br \/>\n(coneixements b\u00e0sics)<\/li>\n<\/ul>\n<p>&nbsp;<\/p>\n<ul>\n<li>El graduat en <a href=\"https:\/\/agora.xtec.cat\/cfaegara\/ensenyaments\/ensenyaments-inicials-i-formacio-basica\/graduat-en-educacio-secundaria-per-adults\/\">educaci\u00f3 secund\u00e0ria<\/a> per a persones adultes (GESO)<\/li>\n<\/ul>\n","protected":false},"author":1,"featured_media":0,"parent":274,"menu_order":0,"comment_status":"closed","ping_status":"closed","template":"page-templates\/side-menu.php","meta":{"_bbp_topic_count":0,"_bbp_reply_count":0,"_bbp_total_topic_count":0,"_bbp_total_reply_count":0,"_bbp_voice_count":0,"_bbp_anonymous_reply_count":0,"_bbp_topic_count_hidden":0,"_bbp_reply_count_hidden":0,"_bbp_forum_subforum_count":0,"footnotes":""},"class_list":["post-283","page","type-page","status-publish","hentry"],"post_mailing_queue_ids":[],"_links":{"self":[{"href":"https:\/\/agora.xtec.cat\/cfaegara\/wp-json\/wp\/v2\/pages\/283","targetHints":{"allow":["GET"]}}],"collection":[{"href":"https:\/\/agora.xtec.cat\/cfaegara\/wp-json\/wp\/v2\/pages"}],"about":[{"href":"https:\/\/agora.xtec.cat\/cfaegara\/wp-json\/wp\/v2\/types\/page"}],"author":[{"embeddable":true,"href":"https:\/\/agora.xtec.cat\/cfaegara\/wp-json\/wp\/v2\/users\/1"}],"replies":[{"embeddable":true,"href":"https:\/\/agora.xtec.cat\/cfaegara\/wp-json\/wp\/v2\/comments?post=283"}],"version-history":[{"count":6,"href":"https:\/\/agora.xtec.cat\/cfaegara\/wp-json\/wp\/v2\/pages\/283\/revisions"}],"predecessor-version":[{"id":4085,"href":"https:\/\/agora.xtec.cat\/cfaegara\/wp-json\/wp\/v2\/pages\/283\/revisions\/4085"}],"up":[{"embeddable":true,"href":"https:\/\/agora.xtec.cat\/cfaegara\/wp-json\/wp\/v2\/pages\/274"}],"wp:attachment":[{"href":"https:\/\/agora.xtec.cat\/cfaegara\/wp-json\/wp\/v2\/media?parent=283"}],"curies":[{"name":"wp","href":"https:\/\/api.w.org\/{rel}","templated":true}]}}