{"id":261,"date":"2015-01-27T17:25:01","date_gmt":"2015-01-27T16:25:01","guid":{"rendered":"http:\/\/agora.xtec.cat\/cfaegara\/?page_id=261"},"modified":"2024-06-20T13:07:21","modified_gmt":"2024-06-20T11:07:21","slug":"el-centre","status":"publish","type":"page","link":"https:\/\/agora.xtec.cat\/cfaegara\/el-centre\/","title":{"rendered":"El Centre"},"content":{"rendered":"<div align=\"justify\"><span style=\"font-family: Arial,Helvetica,sans-serif; font-size: medium;\">El nostre centre:<\/span><\/div>\n<div align=\"justify\"><\/div>\n<ul>\n<li>\n<div align=\"justify\"><span style=\"font-family: Arial,Helvetica,sans-serif; font-size: medium;\">\u00c9s un centre p\u00fablic.<\/span><\/div>\n<\/li>\n<li>\n<div align=\"justify\"><span style=\"font-family: Arial,Helvetica,sans-serif; font-size: medium;\">Dep\u00e8n de la Generalitat de Catalunya. <\/span><\/div>\n<\/li>\n<li>\n<div align=\"justify\"><span style=\"font-family: Arial,Helvetica,sans-serif; font-size: medium;\">Dedicat a la Formaci\u00f3 de Persones Adultes.<\/span><\/div>\n<\/li>\n<li>\n<div align=\"justify\"><span style=\"font-family: Arial,Helvetica,sans-serif; font-size: medium;\">El seu \u00e0mbit d&#8217;actuaci\u00f3 \u00e9s el sector Nord-est de la ciutat.<\/span><\/div>\n<\/li>\n<li>\n<div align=\"justify\">U<span style=\"font-family: Arial,Helvetica,sans-serif; font-size: medium;\">n centre on es pot aprendre catal\u00e0, castell\u00e0, angl\u00e8s, franc\u00e8s i inform\u00e0tica (Competic).<\/span><\/div>\n<\/li>\n<li>\n<div align=\"justify\"><span style=\"font-family: Arial,Helvetica,sans-serif; font-size: medium;\">Tamb\u00e9 es poden aprendre els estudis b\u00e0sics, d&#8217; INSTRUMENTAL i de SECUND\u00c0RIA (Graduat GESO).<\/span><\/div>\n<\/li>\n<\/ul>\n","protected":false},"excerpt":{"rendered":"<p>El nostre centre:<\/p>\n<ul>\n<li>\n\u00c9s un centre p\u00fablic.\n<\/li>\n<li>\nDep\u00e8n de la Generalitat de Catalunya.\n<\/li>\n<li>\nDedicat a la Formaci\u00f3 de Persones Adultes.\n<\/li>\n<li>\nEl seu \u00e0mbit d&#8217;actuaci\u00f3 \u00e9s el sector Nord-est de la ciutat.\n<\/li>\n<li>\nUn centre on es pot aprendre catal\u00e0, castell\u00e0, angl\u00e8s, franc\u00e8s i inform\u00e0tica (Competic).\n<\/li>\n<li>\nTamb\u00e9 es poden aprendre els estudis&hellip;  <a href=\"https:\/\/agora.xtec.cat\/cfaegara\/el-centre\/\" title=\"Read El Centre\">Llegeix m\u00e9s\u00bb<\/a><\/p>\n","protected":false},"author":1,"featured_media":0,"parent":0,"menu_order":0,"comment_status":"closed","ping_status":"closed","template":"page-templates\/side-menu.php","meta":{"_bbp_topic_count":0,"_bbp_reply_count":0,"_bbp_total_topic_count":0,"_bbp_total_reply_count":0,"_bbp_voice_count":0,"_bbp_anonymous_reply_count":0,"_bbp_topic_count_hidden":0,"_bbp_reply_count_hidden":0,"_bbp_forum_subforum_count":0,"footnotes":""},"class_list":["post-261","page","type-page","status-publish","hentry"],"post_mailing_queue_ids":[],"_links":{"self":[{"href":"https:\/\/agora.xtec.cat\/cfaegara\/wp-json\/wp\/v2\/pages\/261","targetHints":{"allow":["GET"]}}],"collection":[{"href":"https:\/\/agora.xtec.cat\/cfaegara\/wp-json\/wp\/v2\/pages"}],"about":[{"href":"https:\/\/agora.xtec.cat\/cfaegara\/wp-json\/wp\/v2\/types\/page"}],"author":[{"embeddable":true,"href":"https:\/\/agora.xtec.cat\/cfaegara\/wp-json\/wp\/v2\/users\/1"}],"replies":[{"embeddable":true,"href":"https:\/\/agora.xtec.cat\/cfaegara\/wp-json\/wp\/v2\/comments?post=261"}],"version-history":[{"count":5,"href":"https:\/\/agora.xtec.cat\/cfaegara\/wp-json\/wp\/v2\/pages\/261\/revisions"}],"predecessor-version":[{"id":4042,"href":"https:\/\/agora.xtec.cat\/cfaegara\/wp-json\/wp\/v2\/pages\/261\/revisions\/4042"}],"wp:attachment":[{"href":"https:\/\/agora.xtec.cat\/cfaegara\/wp-json\/wp\/v2\/media?parent=261"}],"curies":[{"name":"wp","href":"https:\/\/api.w.org\/{rel}","templated":true}]}}

<div align="justify"><span style="font-family: Arial,Helvetica,sans-serif; font-size: medium;">El nostre centre:</span></div>
<div align="justify"></div>
<ul>
<li>
<div align="justify"><span style="font-family: Arial,Helvetica,sans-serif; font-size: medium;">És un centre públic.</span></div>
</li>
<li>
<div align="justify"><span style="font-family: Arial,Helvetica,sans-serif; font-size: medium;">Depèn de la Generalitat de Catalunya. </span></div>
</li>
<li>
<div align="justify"><span style="font-family: Arial,Helvetica,sans-serif; font-size: medium;">Dedicat a la Formació de Persones Adultes.</span></div>
</li>
<li>
<div align="justify"><span style="font-family: Arial,Helvetica,sans-serif; font-size: medium;">El seu àmbit d&#8217;actuació és el sector Nord-est de la ciutat.</span></div>
</li>
<li>
<div align="justify">U<span style="font-family: Arial,Helvetica,sans-serif; font-size: medium;">n centre on es pot aprendre català, castellà, anglès, francès i informàtica (Competic).</span></div>
</li>
<li>
<div align="justify"><span style="font-family: Arial,Helvetica,sans-serif; font-size: medium;">També es poden aprendre els estudis bàsics, d&#8217; INSTRUMENTAL i de SECUNDÀRIA (Graduat GESO).</span></div>
</li>
</ul>

<p>El nostre centre:</p>
<ul>
<li>
És un centre públic.
</li>
<li>
Depèn de la Generalitat de Catalunya.
</li>
<li>
Dedicat a la Formació de Persones Adultes.
</li>
<li>
El seu àmbit d&#8217;actuació és el sector Nord-est de la ciutat.
</li>
<li>
Un centre on es pot aprendre català, castellà, anglès, francès i informàtica (Competic).
</li>
<li>
També es poden aprendre els estudis&hellip;  <a href="https://agora.xtec.cat/cfaegara/el-centre/" title="Read El Centre">Llegeix més»</a></p>
