{"id":9,"date":"2020-06-03T10:15:01","date_gmt":"2020-06-03T08:15:01","guid":{"rendered":"http:\/\/agora.xtec.cat\/cfaedeliahernandez\/?page_id=9"},"modified":"2025-05-27T12:27:13","modified_gmt":"2025-05-27T10:27:13","slug":"pagina-dinici-buida","status":"publish","type":"page","link":"https:\/\/agora.xtec.cat\/cfaedeliahernandez\/","title":{"rendered":"Inici"},"content":{"rendered":"<p style=\"text-align: center;\"><strong>ENS ENDINSEM AL M\u00d3N DIGITAL<\/strong><\/p>\n<p><strong>Curs 1<\/strong>: M\u00e9s Digitals, <strong>nivell A:<\/strong> Descobrim el m\u00f3n digital, (15 hores), dirigit a persones que fan un \u00fas espor\u00e0dic de les eines digitals.<\/p>\n<p><strong><em>Continguts: <\/em><\/strong><\/p>\n<ul>\n<li>Descobrim el m\u00f2bil, Activitats: Explorem el dispositiu. Coneixem les icones, La bateria i el carregador, Les operadores. La primera trucada. Activitats: Trucar a alg\u00fa. Els meus contactes i els preferits. To de trucada: volum i vibraci\u00f3, Rebre trucades i SMS.<\/li>\n<li>Que hi ha alg\u00fa? Activitats: La botiga d\u2019aplicacions. Instal\u00b7lar aplicacions, Configurar el WhatsApp, Enviar missatges.<\/li>\n<li>El poso al meu gust. Activitats: Aspectes b\u00e0sics de configuraci\u00f3 (wifi, dades, utilitats\u2026). Interf\u00edcie d\u2019usuari.<\/li>\n<\/ul>\n<p style=\"text-align: left;\"><strong>Curs 2<\/strong>: M\u00e9s Digitals, <strong>nivell B<\/strong>: Ens movem pel m\u00f3n digital (15 hores), per a persones que utilitzen algunes eines digitals de forma regular, per\u00f2 que no s\u00f3n aut\u00f2nomes per donar-los nous usos.<\/p>\n<p><strong><em>Continguts<\/em><\/strong>:<\/p>\n<ul>\n<li>El meu primer correu. Activitats: Gesti\u00f3 del correu. Els meus contactes. Configuraci\u00f3 del compte de correu.<\/li>\n<li>Faig fotos i v\u00eddeos. Activitats: La c\u00e0mera del m\u00f2bil, m\u2019he fet una selfie. La galeria d\u2019imatges.<\/li>\n<li>La immensitat digital. Activitats: Navegar pel web. Cerquem i consultem informaci\u00f3. Adreces preferides.<\/li>\n<li>Ull, vigilem qu\u00e8 fem i diem! Activitats: Quins missatges! Q\u00fcesti\u00f3 d\u2019etiqueta. Seguretat.<\/li>\n<\/ul>\n<p style=\"text-align: center;\"><a href=\"https:\/\/agora.xtec.cat\/cfaedeliahernandez\/pagina-dinici-buida\/attachment\/cartell-imprimir-a5-amb-logos-3\/\" rel=\"attachment wp-att-2222\"><img loading=\"lazy\" decoding=\"async\" class=\"aligncenter size-medium wp-image-2222\" src=\"https:\/\/agora.xtec.cat\/cfaedeliahernandez\/wp-content\/uploads\/usu2195\/2024\/07\/cartell-imprimir-A5-amb-logos-212x300.jpg\" alt=\"\" width=\"212\" height=\"300\" srcset=\"https:\/\/agora.xtec.cat\/cfaedeliahernandez\/wp-content\/uploads\/usu2195\/2024\/07\/cartell-imprimir-A5-amb-logos-212x300.jpg 212w, https:\/\/agora.xtec.cat\/cfaedeliahernandez\/wp-content\/uploads\/usu2195\/2024\/07\/cartell-imprimir-A5-amb-logos.jpg 518w\" sizes=\"auto, (max-width: 212px) 100vw, 212px\" \/>CFA Edelia Hern\u00e1ndez\u00a0 <\/a>CENTRE DE CAPACITACI\u00d3 DIGITAL<\/p>\n<p>\u00a0 \u00a0 \u00a0 \u00a0 \u00a0 \u00a0 \u00a0 \u00a0 \u00a0 \u00a0 \u00a0 \u00a0 \u00a0 \u00a0 \u00a0 Finan\u00e7at pel Ministerio de Educaci\u00f3n, Formaci\u00f3n Profesional y Deportes i per la Uni\u00f3 Europea-Next Generation EU:<\/p>\n<table class=\" aligncenter\" style=\"height: 200px; width: 64.2226%;\" width=\"529\">\n<tbody>\n<tr>\n<td style=\"width: 32.6848%;\"><a href=\"https:\/\/agora.xtec.cat\/cfaedeliahernandez\/pagines-dinici\/pagina-dinici-buida\/attachment\/ct_financiado_por_la_uni%c2%a2n_europea_pos\/\" rel=\"attachment wp-att-2093\"><img loading=\"lazy\" decoding=\"async\" class=\"aligncenter size-medium wp-image-2093\" src=\"https:\/\/agora.xtec.cat\/cfaedeliahernandez\/wp-content\/uploads\/usu2195\/2023\/11\/CT_Financiado_por_la_Uni\u00a2n_Europea_POS-300x88.png\" alt=\"\" width=\"300\" height=\"88\" srcset=\"https:\/\/agora.xtec.cat\/cfaedeliahernandez\/wp-content\/uploads\/usu2195\/2023\/11\/CT_Financiado_por_la_Uni\u00a2n_Europea_POS-300x88.png 300w, https:\/\/agora.xtec.cat\/cfaedeliahernandez\/wp-content\/uploads\/usu2195\/2023\/11\/CT_Financiado_por_la_Uni\u00a2n_Europea_POS-1024x301.png 1024w, https:\/\/agora.xtec.cat\/cfaedeliahernandez\/wp-content\/uploads\/usu2195\/2023\/11\/CT_Financiado_por_la_Uni\u00a2n_Europea_POS-768x226.png 768w, https:\/\/agora.xtec.cat\/cfaedeliahernandez\/wp-content\/uploads\/usu2195\/2023\/11\/CT_Financiado_por_la_Uni\u00a2n_Europea_POS.png 1041w\" sizes=\"auto, (max-width: 300px) 100vw, 300px\" \/><\/a><\/td>\n<td style=\"width: 32.6848%;\"><img loading=\"lazy\" decoding=\"async\" class=\"\" src=\"https:\/\/upload.wikimedia.org\/wikipedia\/commons\/thumb\/0\/04\/Logotipo_del_Ministerio_de_Educaci%C3%B3n%2C_Formaci%C3%B3n_Profesional_y_Deportes.svg\/1200px-Logotipo_del_Ministerio_de_Educaci%C3%B3n%2C_Formaci%C3%B3n_Profesional_y_Deportes.svg.png\" alt=\"Archivo:Logotipo del Ministerio de Educaci\u00f3n, Formaci\u00f3n Profesional y Deportes.svg - Wikipedia, la enciclopedia libre\" width=\"189\" height=\"39\" \/><\/td>\n<td style=\"width: 32.6848%;\"><a href=\"https:\/\/agora.xtec.cat\/cfaedeliahernandez\/pagines-dinici\/pagina-dinici-buida\/attachment\/pla-de-recuperacio\/\" rel=\"attachment wp-att-2095\"><img loading=\"lazy\" decoding=\"async\" class=\"aligncenter size-medium wp-image-2095\" src=\"https:\/\/agora.xtec.cat\/cfaedeliahernandez\/wp-content\/uploads\/usu2195\/2023\/11\/Pla-de-Recuperacio-300x65.png\" alt=\"\" width=\"300\" height=\"65\" srcset=\"https:\/\/agora.xtec.cat\/cfaedeliahernandez\/wp-content\/uploads\/usu2195\/2023\/11\/Pla-de-Recuperacio-300x65.png 300w, https:\/\/agora.xtec.cat\/cfaedeliahernandez\/wp-content\/uploads\/usu2195\/2023\/11\/Pla-de-Recuperacio.png 483w\" sizes=\"auto, (max-width: 300px) 100vw, 300px\" \/><\/a><\/td>\n<\/tr>\n<tr>\n<td style=\"width: 32.6848%;\"><a href=\"https:\/\/agora.xtec.cat\/cfaedeliahernandez\/pagines-dinici\/pagina-dinici-buida\/attachment\/next\/\" rel=\"attachment wp-att-2096\"><img loading=\"lazy\" decoding=\"async\" class=\"aligncenter size-medium wp-image-2096\" src=\"https:\/\/agora.xtec.cat\/cfaedeliahernandez\/wp-content\/uploads\/usu2195\/2023\/11\/Next-300x84.png\" alt=\"\" width=\"300\" height=\"84\" srcset=\"https:\/\/agora.xtec.cat\/cfaedeliahernandez\/wp-content\/uploads\/usu2195\/2023\/11\/Next-300x84.png 300w, https:\/\/agora.xtec.cat\/cfaedeliahernandez\/wp-content\/uploads\/usu2195\/2023\/11\/Next.png 424w\" sizes=\"auto, (max-width: 300px) 100vw, 300px\" \/><\/a><\/td>\n<td style=\"width: 32.6848%;\"><a href=\"https:\/\/agora.xtec.cat\/cfaedeliahernandez\/pagines-dinici\/pagina-dinici-buida\/attachment\/generalitat\/\" rel=\"attachment wp-att-2097\"><img loading=\"lazy\" decoding=\"async\" class=\"aligncenter size-medium wp-image-2097\" src=\"https:\/\/agora.xtec.cat\/cfaedeliahernandez\/wp-content\/uploads\/usu2195\/2023\/11\/Generalitat-300x87.png\" alt=\"\" width=\"300\" height=\"87\" srcset=\"https:\/\/agora.xtec.cat\/cfaedeliahernandez\/wp-content\/uploads\/usu2195\/2023\/11\/Generalitat-300x87.png 300w, https:\/\/agora.xtec.cat\/cfaedeliahernandez\/wp-content\/uploads\/usu2195\/2023\/11\/Generalitat.png 417w\" sizes=\"auto, (max-width: 300px) 100vw, 300px\" \/><\/a><\/td>\n<td style=\"width: 32.6848%;\"><a href=\"https:\/\/agora.xtec.cat\/cfaedeliahernandez\/pagines-dinici\/pagina-dinici-buida\/attachment\/captura-logo-2\/\" rel=\"attachment wp-att-2098\"><img loading=\"lazy\" decoding=\"async\" class=\"aligncenter size-medium wp-image-2098\" src=\"https:\/\/agora.xtec.cat\/cfaedeliahernandez\/wp-content\/uploads\/usu2195\/2023\/11\/Captura-logo-300x158.png\" alt=\"\" width=\"300\" height=\"158\" srcset=\"https:\/\/agora.xtec.cat\/cfaedeliahernandez\/wp-content\/uploads\/usu2195\/2023\/11\/Captura-logo-300x158.png 300w, https:\/\/agora.xtec.cat\/cfaedeliahernandez\/wp-content\/uploads\/usu2195\/2023\/11\/Captura-logo-768x405.png 768w, https:\/\/agora.xtec.cat\/cfaedeliahernandez\/wp-content\/uploads\/usu2195\/2023\/11\/Captura-logo.png 1005w\" sizes=\"auto, (max-width: 300px) 100vw, 300px\" \/><\/a><\/td>\n<\/tr>\n<\/tbody>\n<\/table>\n<p><img loading=\"lazy\" decoding=\"async\" class=\"aligncenter\" src=\"https:\/\/encrypted-tbn0.gstatic.com\/images?q=tbn:ANd9GcR8rm8SJffH15Gv5xw7H62OMvCFxwn1Ujn2B-5mkW7UgazvWVoKivWmKJ_91eh4wmxGzdA&amp;usqp=CAU\" alt=\"Imatge institucional | Ajuntament de Viladecans\" width=\"124\" height=\"93\" \/><a href=\"https:\/\/agora.xtec.cat\/cfaedeliahernandez\/pagina-dinici-buida\/attachment\/logo-ajuntament-vermell-2\/\" rel=\"attachment wp-att-2383\"><img loading=\"lazy\" decoding=\"async\" class=\"aligncenter size-medium wp-image-2383\" src=\"https:\/\/agora.xtec.cat\/cfaedeliahernandez\/wp-content\/uploads\/usu2195\/2025\/05\/LOGO-AJUNTAMENT-VERMELL-1-300x110.jpg\" alt=\"\" width=\"300\" height=\"110\" srcset=\"https:\/\/agora.xtec.cat\/cfaedeliahernandez\/wp-content\/uploads\/usu2195\/2025\/05\/LOGO-AJUNTAMENT-VERMELL-1-300x110.jpg 300w, https:\/\/agora.xtec.cat\/cfaedeliahernandez\/wp-content\/uploads\/usu2195\/2025\/05\/LOGO-AJUNTAMENT-VERMELL-1.jpg 460w\" sizes=\"auto, (max-width: 300px) 100vw, 300px\" \/><\/a><\/p>\n<p>Amb el suport de l&#8217;Associaci\u00f3 d&#8217;Alumnes i l&#8217;Ajuntament de Viladecans.<\/p>\n<p><a href=\"https:\/\/educacio.gencat.cat\/ca\/departament\/publicacions\/campanyes\/campanya-formacio-ambit-digital\/index.html\" target=\"_blank\" rel=\"noopener\">Cartells i Guia<\/a><\/p>\n<p><a href=\"https:\/\/educacio.gencat.cat\/ca\/serveis-tramits\/formacio-digital\/\" target=\"_blank\" rel=\"noopener\">Informaci\u00f3 Departament d&#8217;Educaci\u00f3<\/a><\/p>\n","protected":false},"excerpt":{"rendered":"<p>ENS ENDINSEM AL M\u00d3N DIGITAL<br \/>\nCurs 1: M\u00e9s Digitals, nivell A: Descobrim el m\u00f3n digital, (15 hores), dirigit a persones que fan un \u00fas espor\u00e0dic de les eines digitals.<br \/>\nContinguts: <\/p>\n<ul>\n<li>Descobrim el m\u00f2bil, Activitats: Explorem el dispositiu. Coneixem les icones, La bateria i el carregador, Les operadores.&hellip;  <a href=\"https:\/\/agora.xtec.cat\/cfaedeliahernandez\/\" title=\"Read Inici\">Llegeix m\u00e9s\u00bb<\/a><br \/>\n","protected":false},"author":1,"featured_media":0,"parent":0,"menu_order":1,"comment_status":"closed","ping_status":"closed","template":"","meta":{"_bbp_topic_count":0,"_bbp_reply_count":0,"_bbp_total_topic_count":0,"_bbp_total_reply_count":0,"_bbp_voice_count":0,"_bbp_anonymous_reply_count":0,"_bbp_topic_count_hidden":0,"_bbp_reply_count_hidden":0,"_bbp_forum_subforum_count":0,"footnotes":""},"class_list":["post-9","page","type-page","status-publish","hentry"],"post_mailing_queue_ids":[],"_links":{"self":[{"href":"https:\/\/agora.xtec.cat\/cfaedeliahernandez\/wp-json\/wp\/v2\/pages\/9","targetHints":{"allow":["GET"]}}],"collection":[{"href":"https:\/\/agora.xtec.cat\/cfaedeliahernandez\/wp-json\/wp\/v2\/pages"}],"about":[{"href":"https:\/\/agora.xtec.cat\/cfaedeliahernandez\/wp-json\/wp\/v2\/types\/page"}],"author":[{"embeddable":true,"href":"https:\/\/agora.xtec.cat\/cfaedeliahernandez\/wp-json\/wp\/v2\/users\/1"}],"replies":[{"embeddable":true,"href":"https:\/\/agora.xtec.cat\/cfaedeliahernandez\/wp-json\/wp\/v2\/comments?post=9"}],"version-history":[{"count":5,"href":"https:\/\/agora.xtec.cat\/cfaedeliahernandez\/wp-json\/wp\/v2\/pages\/9\/revisions"}],"predecessor-version":[{"id":2384,"href":"https:\/\/agora.xtec.cat\/cfaedeliahernandez\/wp-json\/wp\/v2\/pages\/9\/revisions\/2384"}],"wp:attachment":[{"href":"https:\/\/agora.xtec.cat\/cfaedeliahernandez\/wp-json\/wp\/v2\/media?parent=9"}],"curies":[{"name":"wp","href":"https:\/\/api.w.org\/{rel}","templated":true}]}}