{"id":742,"date":"2020-06-12T13:21:12","date_gmt":"2020-06-12T11:21:12","guid":{"rendered":"https:\/\/agora.xtec.cat\/cfaedeliahernandez\/?page_id=742"},"modified":"2025-07-02T17:31:51","modified_gmt":"2025-07-02T15:31:51","slug":"sortides-culturals","status":"publish","type":"page","link":"https:\/\/agora.xtec.cat\/cfaedeliahernandez\/el-centre\/galeria-fotografica\/sortides-culturals\/","title":{"rendered":"Sortides culturals"},"content":{"rendered":"<h4 class=\"art-postheader\"><span style=\"color: #003366;\">Galeries de fotogr\u00e0fies. Curs 2024\/2025<\/span><\/h4>\n<p><a href=\"https:\/\/agora.xtec.cat\/cfaedeliahernandez\/general\/sortida-final-de\u2026nt-marti-de-tous\/\">Sortida fi de curs 2025<\/a>. Capellades: Mol\u00ed paperer i\u00a0 Abric Roman\u00ed. Sant Mart\u00ed de Tous.<\/p>\n<p><a href=\"https:\/\/agora.xtec.cat\/cfaedeliahernandez\/general\/viatge-destudis-2025\/ \u200e\">Viatge d&#8217;estudis 2025<\/a>. Coves de Sant Josep, Pen\u00edscola, Morella i Valderrobres.<\/p>\n<h4 class=\"art-postheader\"><span style=\"color: #003366;\">Galeries de fotogr\u00e0fies. Curs 2023\/2024<\/span><\/h4>\n<p>Sortida fi de curs 2024. Castell de Miravet i\u00a0 el Poble Vell de Corbera d&#8217;Ebre<\/p>\n<p>Viatge d&#8217;estudis 2024. Carcassonne i Colliure.<\/p>\n<p><a href=\"https:\/\/agora.xtec.cat\/cfaedeliahernandez\/general\/visita-al-arxiu-municipal-de-viladecans\">Visita a l&#8217;arxiu<\/a>.\u00a0 11 octubre. Visita a l&#8217;arxiu municipal<\/p>\n<p><a href=\"https:\/\/agora.xtec.cat\/cfaedeliahernandez\/\">Ruta matem\u00e0tica.<\/a> 13 i 16 novembre<\/p>\n<h4 class=\"art-postheader\"><span style=\"color: #003366;\">Galeries de fotogr\u00e0fies. Curs 2021\/2022<\/span><\/h4>\n<ul>\n<li><a href=\"https:\/\/photos.app.goo.gl\/gsQXZVmWePbt1hz38\" target=\"_blank\" rel=\"noopener noreferrer\">Visita a l&#8217;Ajuntament. 9 de mar\u00e7.<\/a> Visita a l&#8217;Ajuntament de Viladecans.<\/li>\n<\/ul>\n<h4 class=\"art-postheader\"><span style=\"color: #003366;\">Galeries de fotogr\u00e0fies. Curs 2019\/2020<\/span><\/h4>\n<ul>\n<li><a href=\"https:\/\/photos.app.goo.gl\/cU2ezhD3Dv6QR5TN6\" target=\"_blank\" rel=\"noopener noreferrer\">27 de febrer de 2020. Sortida a la Col\u00f2nia G\u00fcell de Sant Boi. <\/a>Aquest mat\u00ed els nostres alumnes del GES han visitat la Col\u00f2nia G\u00fcell de Sant Boi.<\/li>\n<li><a href=\"https:\/\/photos.app.goo.gl\/kdSU1tQZwDNghynD6\" target=\"_blank\" rel=\"noopener noreferrer\">10 d&#8217;octubre de 2019. Sortida a Caixaforum.<\/a>Aquest mat\u00ed els nostres alumnes han visitat una exposici\u00f3 sobre l&#8217;\u00f2pera i la seva hist\u00f2ria i evoluci\u00f3 en la societat.<\/li>\n<\/ul>\n<h4 class=\"art-postheader\"><span style=\"color: #003366;\">Galeries de fotogr\u00e0fies. Curs 2018\/2019<\/span><\/h4>\n<ul>\n<li><a href=\"https:\/\/photos.app.goo.gl\/cRf46KkbFtaEa9is6\" target=\"_blank\" rel=\"noopener noreferrer\">7 de juny de 2019. Sortida a la Terra Alta de l&#8217;Ebre.<\/a>Podem fer una valoraci\u00f3 molt positiva de la sortida a la Terra Alta. Hem visitat el Celler Cooperatiu de Gandesa on ens han explicat la hist\u00f2ria i origen de la Cooperativa i el cooperativisme a la comarca de la Terra Alta. Tamb\u00e9 hem esmorzat en una pastisseria del centre de Gandesa. Al migdia hem visitat i dinat a Horta de Sant Joan. Finalment hem visitat el Centre Picasso d&#8217;Orta. Tothom ha gaudit d&#8217;aquesta sortida a les Terres de L&#8217;Ebre.<\/li>\n<li><a href=\"https:\/\/photos.app.goo.gl\/k1G9xb9VfaVK5G6Q9\" target=\"_blank\" rel=\"noopener noreferrer\">25 de gener de 2019. Sortida al Teatre Vict\u00f2ria.<\/a>Aquest divendres 25 de gener hem assistit a veure l&#8217;obra de &#8220;La pla\u00e7a del Diamant&#8221;, \u00e9s considerada l&#8217;obra m\u00e9s emblem\u00e0tica de Merc\u00e8 Rodoreda i un cl\u00e0ssic de la novel\u00b7la de posguerra. V\u00e0rem anar 50 persones de diferents grups d&#8217;ensenyaments.<\/li>\n<li><a href=\"https:\/\/photos.app.goo.gl\/Exw8TpWqbvyzRR5S9\" target=\"_blank\" rel=\"noopener noreferrer\">14 de desembre de 2018. Sortida a la Sagrada Fam\u00edlia.<\/a>El divendres 14 de desembre vam fer una visita guiada per la Sagrada Fam\u00edlia. V\u00e0rem anar dos grups de 50 persones. Durant la visita ens van explicar la hist\u00f2ria i com es va construir el temple de Gaud\u00ed i la seva manera de dissenyar i d\u2019estructura les diferents zones de la bas\u00edlica basar-se en la geometria, llum i color del temple. Als grups li han agradat molt aquesta visita.<\/li>\n<li><a href=\"https:\/\/photos.app.goo.gl\/8VpMUmY7ECwaa6th6\" target=\"_blank\" rel=\"noopener noreferrer\">15 de novembre de 2018. Sortida al teatre Poliorama.<\/a>Aquest dijous 15 de novembre hem anat a veure l\u2019obra de\u00a0<i>\u201cMaremar\u201d<\/i>\u00a0al teatre Poliorama. Ha tingut molt bona acceptaci\u00f3 entre tot l\u2019alumnat. Hem assistit amb el CFA de Sant Boi. Ens ha agradat molt i tamb\u00e9 emocionat, sobretot al final quan P\u00e8ricles es retroba amb la seva filla.<\/li>\n<li><a href=\"https:\/\/photos.app.goo.gl\/AYGeyTaPiDLHGT2K9\" target=\"_blank\" rel=\"noopener noreferrer\">18 d&#8217;octubre de 2018. Sortida al Museu de Cera de Barcelona.<\/a>El dijous 18 d&#8217;octubre vam anar al Museu de Cera de Barcelona. Hi havia 40 places en principi per\u00f2 finalment \u00e9s van ampliar a 65 places. Van assistir l&#8217;alumnat del CFI, GES, COMPETIC i ANGL\u00c8S. Els alumnes van sortir contents en general. El que m\u00e9s va agradar \u00e9s l&#8217;explicaci\u00f3 de com es fa un personatge en cera. Tamb\u00e9 vam visitar el Bosc de les Fades.<\/li>\n<\/ul>\n<h4 class=\"art-postheader\"><span style=\"color: #003366;\">Galeries de fotogr\u00e0fies. Curs 2017\/2018<\/span><\/h4>\n<ul>\n<li><a href=\"https:\/\/photos.app.goo.gl\/SmTKKRbRsEruJWN86\" target=\"_blank\" rel=\"noopener noreferrer\">8 de juny de 2018. Sortida al Delta de l&#8217;Ebre.<\/a><\/li>\n<li><a href=\"https:\/\/photos.app.goo.gl\/HVn4rqgdwI2WEH7d2\" target=\"_blank\" rel=\"noopener noreferrer\">20 d&#8217;abril de 2018. Sortida a la Col\u00f2nia G\u00fcell.<\/a><\/li>\n<li><a href=\"https:\/\/photos.app.goo.gl\/cLVRyjYP0g4xSaGi2\" target=\"_blank\" rel=\"noopener noreferrer\">6 de mar\u00e7 de 2018. Sortida al MNAC, exposici\u00f3:\u00a0<i>&#8220;Dones i Modernisme&#8221;<\/i>.<\/a><\/li>\n<li><a href=\"https:\/\/photos.app.goo.gl\/rXUYH68VmaJwtjoC2\" target=\"_blank\" rel=\"noopener noreferrer\">16 de febrer de 2018. Sortida al Palau de la M\u00fasica.<\/a><\/li>\n<li><a href=\"https:\/\/photos.app.goo.gl\/8sZ6Wz0ccoDHr9j02\" target=\"_blank\" rel=\"noopener noreferrer\">15 de desembre de 2017. Sortida al Teatre Nacional de Catalunya.<\/a><\/li>\n<li><a>\u00a021 de novembre de 2017. Sortida al Teatre Poliorama de Barcelona. (no hi ha fotos).<\/a><\/li>\n<li><a href=\"https:\/\/photos.app.goo.gl\/XsdfkW2HAwkufe3I2\" target=\"_blank\" rel=\"noopener noreferrer\">\u00a025 d&#8217;octubre de 2017. Sortida al Museu de les matem\u00e0tiques.<\/a><\/li>\n<\/ul>\n<h4 class=\"art-postheader\"><span style=\"color: #003366;\">Galeries de fotogr\u00e0fies. Curs 2016\/2017<\/span><\/h4>\n<ul>\n<li><a href=\"https:\/\/goo.gl\/photos\/RkMaheBDp4xKzTLk7\" target=\"_blank\" rel=\"noopener noreferrer\">\u00a09 de juny 2017. Sortida a l&#8217;espai xocolata i caves de Blancher.<\/a><\/li>\n<li><a href=\"https:\/\/goo.gl\/photos\/ogpTFnY5C6m9VsVR9\" target=\"_blank\" rel=\"noopener noreferrer\">\u00a010 de mar\u00e7 2017. Sortida al Teatre Coliseum de Barcelona.<\/a><\/li>\n<li><a href=\"https:\/\/goo.gl\/photos\/kE3RAzTRqgDR7gvN8\" target=\"_blank\" rel=\"noopener noreferrer\">\u00a03 de mar\u00e7 2017. Sortida a l&#8217;Auditori de Barcelona.<\/a><\/li>\n<li><a href=\"https:\/\/goo.gl\/photos\/e2EKvpyhcFa9YWLL6\" target=\"_blank\" rel=\"noopener noreferrer\">\u00a020 de febrer 2017. Sortida al programa &#8220;\u00a1Ahora caigo!&#8221; d&#8217;antena 3.<\/a><\/li>\n<li><a href=\"https:\/\/goo.gl\/photos\/ChN9G3GZzQjoXdRUA\" target=\"_blank\" rel=\"noopener noreferrer\">\u00a031 de gener 2017. Sortida al programa &#8220;Tot o res&#8221; de TV3.<\/a><\/li>\n<li><a href=\"https:\/\/goo.gl\/photos\/nfrrTygKTtEWe37d6\" target=\"_blank\" rel=\"noopener noreferrer\">\u00a010 de gener 2017. Sortida al Gran Liceu de Barcelona.<\/a><\/li>\n<li><a href=\"https:\/\/goo.gl\/photos\/tGrBb3WBuVfgiM3N6\" target=\"_blank\" rel=\"noopener noreferrer\">\u00a019 d&#8217;octubre 2016. Sortida al Museu de Cultures del M\u00f3n de Barcelona.<\/a><\/li>\n<li><a href=\"https:\/\/goo.gl\/photos\/8QTqcd4RNhn9JzbVA\" target=\"_blank\" rel=\"noopener noreferrer\">\u00a02 de desembre 2016. Sortida a l&#8217;Auditori de Barcelona.<\/a><\/li>\n<li><a href=\"https:\/\/goo.gl\/photos\/Pn2dDdULEVBmEev6A\" target=\"_blank\" rel=\"noopener noreferrer\">\u00a02 de desembre 2016. Sortida al Teatre Nacional de Catalunya.<\/a><\/li>\n<\/ul>\n<h4 class=\"art-postheader\"><span style=\"color: #003366;\">Galeries de fotogr\u00e0fies. Curs 2015\/2016<\/span><\/h4>\n<ul>\n<li><a href=\"https:\/\/goo.gl\/photos\/5hxrYyCJjzWXuKL39\" target=\"_blank\" rel=\"noopener noreferrer\">\u00a019 de febrer 2016. Sortida a TERSA (Tractament i selecci\u00f3 de residus) &#8211; Planta Integral de Valoritzaci\u00f3 de Residus (PIVR).<\/a><\/li>\n<li><a href=\"https:\/\/goo.gl\/photos\/uRxzxbjsXm2voZGD9\" target=\"_blank\" rel=\"noopener noreferrer\">\u00a012 de febrer 2016. Sortida a l&#8217;Auditori. Concierto de Aranjuez i tercera de Beethoven.<\/a><\/li>\n<li><a href=\"https:\/\/goo.gl\/photos\/DTqkgSXLJeLt22FBA\" target=\"_blank\" rel=\"noopener noreferrer\">\u00a027 de gener 2016. Sortida al Palau de la M\u00fasica Catalana.<\/a><\/li>\n<li>22 de gener 2016. Sortida al TV3. (no hi deixen fer fotos)<\/li>\n<li><a href=\"https:\/\/photos.google.com\/u\/1\/album\/AF1QipNtt3Hlgm1lpQf9y0sU4pPS4oRPWre2pMoDsBFu\" target=\"_blank\" rel=\"noopener noreferrer\">\u00a018 de desembre 2015. Sortida al Teatre Nacional de Catalunya.<\/a><\/li>\n<li><a href=\"https:\/\/goo.gl\/photos\/smoyuf7oZ3jRUoEm9\" target=\"_blank\" rel=\"noopener noreferrer\">\u00a013 de novembre 2015. Sortida al concert de m\u00fasica de l&#8217;OBC: El amor de brujo de Falla.<\/a><\/li>\n<li><a href=\"https:\/\/goo.gl\/photos\/zRYWDfTwuowoQZ6t7\" target=\"_blank\" rel=\"noopener noreferrer\">\u00a023 d&#8217;octubre 2015. Sortida al Museu Nacional d&#8217;Art de Catalunya (MNAC).<\/a><\/li>\n<\/ul>\n<h4 class=\"art-postheader\"><span style=\"color: #003366;\">Galeries de fotogr\u00e0fies. Curs 2014\/2015<\/span><\/h4>\n<ul>\n<li><a href=\"https:\/\/plus.google.com\/u\/0\/photos\/110307407750940837170\/albums\/6074898758224471121\" target=\"_blank\" rel=\"noopener noreferrer\">\u00a023 d&#8217;octubre 2014. Sortida al Museu Egipci de Barcelona.<\/a><\/li>\n<li><a href=\"https:\/\/plus.google.com\/u\/0\/photos\/110307407750940837170\/albums\/6084173897758546785\" target=\"_blank\" rel=\"noopener noreferrer\">\u00a012 de novembre 2014. Sortida al Museu del Gas de Sabadell.<\/a><\/li>\n<li><a href=\"https:\/\/plus.google.com\/u\/0\/photos\/110307407750940837170\/albums\/6084107640697910833\" target=\"_blank\" rel=\"noopener noreferrer\">\u00a014 de novembre 2014. Sortida al Palau de la M\u00fasica de Catalana.<\/a><\/li>\n<li>\u00a01 de desembre 2014. Sortida a Caixaforum de Barcelona. (no hi poden fer fotos)<\/li>\n<li>\u00a030 de gener 2015. Sortida a TV3. (no hi poden fer fotos)<\/li>\n<li><a href=\"https:\/\/photos.google.com\/album\/AF1QipMLX_RgJEgFqTeVNgk_TW5Ro5l78vr8MFH9N2fb\" target=\"_blank\" rel=\"noopener noreferrer\">\u00a05 de juny 2015. Sortida a la F\u00e0brica de Xocolata i a Banyoles.<\/a><\/li>\n<\/ul>\n","protected":false},"excerpt":{"rendered":"<p>Galeries de fotogr\u00e0fies. Curs 2024\/2025<br \/>\n<a href=\"https:\/\/agora.xtec.cat\/cfaedeliahernandez\/general\/sortida-final-de\u2026nt-marti-de-tous\/\">Sortida fi de curs 2025<\/a>. Capellades: Mol\u00ed paperer i\u00a0 Abric Roman\u00ed. Sant Mart\u00ed de Tous.<br \/>\n<a href=\"https:\/\/agora.xtec.cat\/cfaedeliahernandez\/general\/viatge-destudis-2025\/ \u200e\">Viatge d&#8217;estudis 2025<\/a>. Coves de Sant Josep, Pen\u00edscola, Morella i Valderrobres.<br \/>\nGaleries de fotogr\u00e0fies. Curs 2023\/2024<br \/>\nSortida fi de curs 2024. Castell de Miravet i\u00a0 el&hellip;  <a href=\"https:\/\/agora.xtec.cat\/cfaedeliahernandez\/el-centre\/galeria-fotografica\/sortides-culturals\/\" title=\"Read Sortides culturals\">Llegeix m\u00e9s\u00bb<\/a><\/p>\n","protected":false},"author":1,"featured_media":0,"parent":672,"menu_order":0,"comment_status":"closed","ping_status":"closed","template":"page-templates\/side-menu.php","meta":{"_bbp_topic_count":0,"_bbp_reply_count":0,"_bbp_total_topic_count":0,"_bbp_total_reply_count":0,"_bbp_voice_count":0,"_bbp_anonymous_reply_count":0,"_bbp_topic_count_hidden":0,"_bbp_reply_count_hidden":0,"_bbp_forum_subforum_count":0,"footnotes":""},"class_list":["post-742","page","type-page","status-publish","hentry"],"post_mailing_queue_ids":[],"_links":{"self":[{"href":"https:\/\/agora.xtec.cat\/cfaedeliahernandez\/wp-json\/wp\/v2\/pages\/742","targetHints":{"allow":["GET"]}}],"collection":[{"href":"https:\/\/agora.xtec.cat\/cfaedeliahernandez\/wp-json\/wp\/v2\/pages"}],"about":[{"href":"https:\/\/agora.xtec.cat\/cfaedeliahernandez\/wp-json\/wp\/v2\/types\/page"}],"author":[{"embeddable":true,"href":"https:\/\/agora.xtec.cat\/cfaedeliahernandez\/wp-json\/wp\/v2\/users\/1"}],"replies":[{"embeddable":true,"href":"https:\/\/agora.xtec.cat\/cfaedeliahernandez\/wp-json\/wp\/v2\/comments?post=742"}],"version-history":[{"count":6,"href":"https:\/\/agora.xtec.cat\/cfaedeliahernandez\/wp-json\/wp\/v2\/pages\/742\/revisions"}],"predecessor-version":[{"id":2405,"href":"https:\/\/agora.xtec.cat\/cfaedeliahernandez\/wp-json\/wp\/v2\/pages\/742\/revisions\/2405"}],"up":[{"embeddable":true,"href":"https:\/\/agora.xtec.cat\/cfaedeliahernandez\/wp-json\/wp\/v2\/pages\/672"}],"wp:attachment":[{"href":"https:\/\/agora.xtec.cat\/cfaedeliahernandez\/wp-json\/wp\/v2\/media?parent=742"}],"curies":[{"name":"wp","href":"https:\/\/api.w.org\/{rel}","templated":true}]}}