{"id":322,"date":"2020-06-08T15:40:17","date_gmt":"2020-06-08T13:40:17","guid":{"rendered":"http:\/\/agora.xtec.cat\/cfaedeliahernandez\/?page_id=322"},"modified":"2022-12-01T12:16:42","modified_gmt":"2022-12-01T11:16:42","slug":"a-la-universitat-per-a-majors-de-25-45-anys","status":"publish","type":"page","link":"https:\/\/agora.xtec.cat\/cfaedeliahernandez\/ensenyaments-oferta-formativa\/ensenyaments-preparacio-de-proves-dacces\/a-la-universitat-per-a-majors-de-25-45-anys\/","title":{"rendered":"A la universitat per a majors de 25 i 45 anys"},"content":{"rendered":"<p>&nbsp;<\/p>\n<p>Aquests ensenyaments tenen com a finalitat preparar per a la prova d\u2019acc\u00e9s a la universitat a aquelles persones que no tenen els requisits acad\u00e8mics per accedir-hi a la universitat per a m\u00e9s grans de 25 anys o m\u00e9s grans de 45. La prova tamb\u00e9 d\u00f3na dret a matricular-se en un CFGS. Si es t\u00e9 l\u2019ESO aprovada, junt al PPAU+25 equival a batxillerat a efectes laborals.<\/p>\n<p><a href=\"https:\/\/projectes.xtec.cat\/xarxadults\/ensenyaments\/preparacio-per-a-les-proves-dacces-i-cam\/preparacio-proves-acces-universitat\/\">Preparaci\u00f3 Proves Acc\u00e9s Universitat<\/a><\/p>\n<h4><strong><span style=\"color: #003366;\">Qu\u00e8 \u00e9s?<\/span><\/strong><\/h4>\n<p>El centre prepara per fer la prova d\u2019acc\u00e9s a la Universitat per a m\u00e9s grans de 25 anys i de 45 anys de la part comuna i facilitat l\u2019autoformaci\u00f3 de la part espec\u00edfica. Una vegada superada la prova d\u2019acc\u00e9s, els candidats podran ingressar a la universitat.<\/p>\n<h4><strong><span style=\"color: #003366;\">Qui pot fer la prova d\u2019acc\u00e9s?<\/span><\/strong><\/h4>\n<p>Poden fer-la les persones que tinguin m\u00e9s de 25 anys o de 45 anys o b\u00e9 que els compleixin abans de l\u20191 d\u2019octubre de l\u2019any de la convocat\u00f2ria de les proves.<\/p>\n<h4><strong><span style=\"color: #003366;\">En qu\u00e8 consisteix la prova per majors de 25 anys?<\/span><\/strong><\/h4>\n<p>La\u00a0prova\u00a0consta\u00a0de\u00a0dues\u00a0parts:\u00a0una\u00a0comuna\u00a0i\u00a0l\u2019altra\u00a0espec\u00edfica,\u00a0segons\u00a0la\u00a0carrera\u00a0que\u00a0es\u00a0vol\u00a0estudiar.<br \/>\nLa\u00a0<strong>part\u00a0comuna<\/strong>\u00a0consta\u00a0de\u00a0quatre\u00a0ex\u00e0mens:<\/p>\n<ul>\n<li>Llengua catalana.<\/li>\n<li>Llengua castellana.<\/li>\n<li>Comentari de text (es pot triar fer-ho en castell\u00e0 o catal\u00e0).<\/li>\n<li>Idioma angl\u00e8s (l\u2019alumnat pot triar fer la prova entre: angl\u00e8s, franc\u00e8s, portugu\u00e8s, itali\u00e0 o alemany).<\/li>\n<\/ul>\n<h4><strong><span style=\"color: #003366;\">En qu\u00e8 consisteix la prova per majors de 45 anys?<\/span><\/strong><\/h4>\n<p>La\u00a0prova\u00a0consta\u00a0de\u00a0dues\u00a0parts:\u00a0una\u00a0comuna\u00a0i\u00a0l\u2019altra\u00a0espec\u00edfica,\u00a0segons\u00a0la\u00a0carrera\u00a0que\u00a0es\u00a0vol\u00a0estudiar.<br \/>\nLa\u00a0prova consta nom\u00e9s de <strong>tres ex\u00e0mens<\/strong>:<\/p>\n<ul>\n<li>Llengua catalana.<\/li>\n<li>Llengua castellana.<\/li>\n<li>Comentari de text.<\/li>\n<\/ul>\n<p>Les proves (+25\/+45) tamb\u00e9 donen acc\u00e9s als cicles formatius de grau superior.<\/p>\n<p>La prova d\u2019acc\u00e9s a la universitat de +25 amb l\u2019ESO aprovada equival al batxillerat a efectes laborals i oposicions.<\/p>\n<p><strong>M\u00e9s informaci\u00f3 sobre les proves a:<\/strong><\/p>\n<ul>\n<li><a href=\"https:\/\/projectes.xtec.cat\/xarxadults\/xx\/acces-i-admissio-a-la-universitat-per-mes-grans-de-25-45-i-40-anys-proves-dacces-a-la-universitat-preinscripcio-universitaria-2023\/\">Acc\u00e9s i admissi\u00f3<\/a><\/li>\n<li><a href=\"https:\/\/projectes.xtec.cat\/xarxadults\/ensenyaments\/preparacio-per-a-les-proves-dacces-i-cam\/preparacio-proves-acces-universitat\/\">Preparaci\u00f3 Proves Acc\u00e9s Universitat<\/a><\/li>\n<li><a href=\"https:\/\/accesnet.gencat.cat\/accesnet\/AppJava\/html\/index.html\">Accesnet Gencat<\/a><\/li>\n<\/ul>\n<p style=\"text-align: center;\"><a href=\"https:\/\/agora.xtec.cat\/cfaedeliahernandez\/wp-content\/uploads\/usu2195\/2020\/06\/nubepau.jpg\"><img loading=\"lazy\" decoding=\"async\" class=\"aligncenter wp-image-911\" src=\"https:\/\/agora.xtec.cat\/cfaedeliahernandez\/wp-content\/uploads\/usu2195\/2020\/06\/nubepau.jpg\" alt=\"\" width=\"541\" height=\"395\" srcset=\"https:\/\/agora.xtec.cat\/cfaedeliahernandez\/wp-content\/uploads\/usu2195\/2020\/06\/nubepau.jpg 625w, https:\/\/agora.xtec.cat\/cfaedeliahernandez\/wp-content\/uploads\/usu2195\/2020\/06\/nubepau-300x219.jpg 300w\" sizes=\"auto, (max-width: 541px) 100vw, 541px\" \/><\/a><\/p>\n","protected":false},"excerpt":{"rendered":"<p>&nbsp;<br \/>\nAquests ensenyaments tenen com a finalitat preparar per a la prova d\u2019acc\u00e9s a la universitat a aquelles persones que no tenen els requisits acad\u00e8mics per accedir-hi a la universitat per a m\u00e9s grans de 25 anys o m\u00e9s grans de 45. La prova tamb\u00e9 d\u00f3na&hellip;  <a href=\"https:\/\/agora.xtec.cat\/cfaedeliahernandez\/ensenyaments-oferta-formativa\/ensenyaments-preparacio-de-proves-dacces\/a-la-universitat-per-a-majors-de-25-45-anys\/\" title=\"Read A la universitat per a majors de 25 i 45 anys\">Llegeix m\u00e9s\u00bb<\/a><\/p>\n","protected":false},"author":1,"featured_media":0,"parent":288,"menu_order":0,"comment_status":"closed","ping_status":"closed","template":"page-templates\/side-menu.php","meta":{"_bbp_topic_count":0,"_bbp_reply_count":0,"_bbp_total_topic_count":0,"_bbp_total_reply_count":0,"_bbp_voice_count":0,"_bbp_anonymous_reply_count":0,"_bbp_topic_count_hidden":0,"_bbp_reply_count_hidden":0,"_bbp_forum_subforum_count":0,"footnotes":""},"class_list":["post-322","page","type-page","status-publish","hentry"],"post_mailing_queue_ids":[],"_links":{"self":[{"href":"https:\/\/agora.xtec.cat\/cfaedeliahernandez\/wp-json\/wp\/v2\/pages\/322","targetHints":{"allow":["GET"]}}],"collection":[{"href":"https:\/\/agora.xtec.cat\/cfaedeliahernandez\/wp-json\/wp\/v2\/pages"}],"about":[{"href":"https:\/\/agora.xtec.cat\/cfaedeliahernandez\/wp-json\/wp\/v2\/types\/page"}],"author":[{"embeddable":true,"href":"https:\/\/agora.xtec.cat\/cfaedeliahernandez\/wp-json\/wp\/v2\/users\/1"}],"replies":[{"embeddable":true,"href":"https:\/\/agora.xtec.cat\/cfaedeliahernandez\/wp-json\/wp\/v2\/comments?post=322"}],"version-history":[{"count":3,"href":"https:\/\/agora.xtec.cat\/cfaedeliahernandez\/wp-json\/wp\/v2\/pages\/322\/revisions"}],"predecessor-version":[{"id":1911,"href":"https:\/\/agora.xtec.cat\/cfaedeliahernandez\/wp-json\/wp\/v2\/pages\/322\/revisions\/1911"}],"up":[{"embeddable":true,"href":"https:\/\/agora.xtec.cat\/cfaedeliahernandez\/wp-json\/wp\/v2\/pages\/288"}],"wp:attachment":[{"href":"https:\/\/agora.xtec.cat\/cfaedeliahernandez\/wp-json\/wp\/v2\/media?parent=322"}],"curies":[{"name":"wp","href":"https:\/\/api.w.org\/{rel}","templated":true}]}}