{"id":316,"date":"2020-06-08T13:00:51","date_gmt":"2020-06-08T11:00:51","guid":{"rendered":"http:\/\/agora.xtec.cat\/cfaedeliahernandez\/?page_id=316"},"modified":"2020-07-02T12:59:21","modified_gmt":"2020-07-02T10:59:21","slug":"competencia-digital-competic","status":"publish","type":"page","link":"https:\/\/agora.xtec.cat\/cfaedeliahernandez\/ensenyaments-oferta-formativa\/ensenyaments-transprofessionals\/competencia-digital-competic\/","title":{"rendered":"Compet\u00e8ncia digital COMPETIC"},"content":{"rendered":"<p><meta name=\"keywords\" content=\"CFA EDELIA HERN\u00c1NDEZ de Viladecans, centre d'adults Edelia Hern&aacute;ndez, Viladecans, https:\/\/agora.xtec.cat\/cfaedeliahernandez\/, agora, agora.xtec, centre d'adults, cfa Edelia Hern&aacute;ndez, a8060137@xtec.cat, ensenyaments inicials, oferta formativa, formaci\u00f3 b\u00e0sica, llengua catalana, llengua castellana, certificat de formaci\u00f3 instrumental, graduat en educaci\u00f3 secund\u00e0ria per a persones adultes (GESO), curs espec\u00edfic d'acc\u00e9s als cicles de grau mitj\u00e0 (CAM), ensenyaments transprofessonals, llengua anglesa, compet\u00e8ncia digital COMPETIC, ensenyament per a la preparaci\u00f3 de proves d\u2019acc\u00e9s, preparaci\u00f3 a proves d'acc\u00e9s a grau superior, A la universitat, preinscripci&oacute;\"\/><\/p>\n<p>Els ensenyaments d&#8217;inform\u00e0tica tenen com objectiu facilitar l&#8217;adquisici\u00f3 de les compet\u00e8ncies digitals, com la combinaci\u00f3 de coneixements, habilitats i actituds en l&#8217;\u00e0mbit de les tecnologies de la informaci\u00f3 i la comunicaci\u00f3 (TIC) per desenvolupar-se en la societat actual. S&#8217;imparteixen en quatre nivells: COMPETIC Inicial, 1, 2 i 3.<\/p>\n<p>Les compet\u00e8ncies que\u00a0s\u2019hi treballen s\u00f3n les seg\u00fcents:<\/p>\n<table style=\"height: 264px; border-style: groove; border-color: #000;\">\n<tbody>\n<tr style=\"height: 33px;\">\n<td style=\"height: 33px; width: 495.5px; border-color: #000000; border-style: groove; background-color: #88c5db;\">C1: Cultura, participaci\u00f3 i civisme digital.<\/td>\n<\/tr>\n<tr style=\"height: 33px;\">\n<td style=\"height: 33px; width: 495.5px; border-color: #000000; border-style: groove; background-color: #88c5db;\">C2: Tecnologia digital, \u00fas de l\u2019ordinador i del sistema operatiu.<\/td>\n<\/tr>\n<tr style=\"height: 33px;\">\n<td style=\"height: 33px; width: 495.5px; border-color: #000000; border-style: groove; background-color: #88c5db;\">C3: Navegaci\u00f3 i comunicaci\u00f3 en el m\u00f3n digital.<\/td>\n<\/tr>\n<tr style=\"height: 33px;\">\n<td style=\"height: 33px; width: 495.5px; border-color: #000000; border-style: groove; background-color: #88c5db;\">C4: Tractament de la informaci\u00f3 escrita.<\/td>\n<\/tr>\n<tr style=\"height: 33px;\">\n<td style=\"height: 33px; width: 495.5px; border-color: #000000; border-style: groove; background-color: #88c5db;\">C5: Tractament de la informaci\u00f3 gr\u00e0fica, sonora i de la imatge en moviment.<\/td>\n<\/tr>\n<tr style=\"height: 33px;\">\n<td style=\"height: 33px; width: 495.5px; border-color: #000000; border-style: groove; background-color: #88c5db;\">C6: Tractament de la informaci\u00f3 num\u00e8rica.<\/td>\n<\/tr>\n<tr style=\"height: 33px;\">\n<td style=\"height: 33px; width: 495.5px; border-color: #000000; border-style: groove; background-color: #88c5db;\">C7: Tractament de les dades.<\/td>\n<\/tr>\n<tr style=\"height: 33px;\">\n<td style=\"height: 33px; width: 495.5px; border-color: #000000; border-style: groove; background-color: #88c5db;\">C8: Presentaci\u00f3 de continguts.<\/td>\n<\/tr>\n<\/tbody>\n<\/table>\n<h4><span id=\"INFORMATICA_NIVELL_INICIAL_COMPETIC_INICIAL\" style=\"color: #003366;\"><strong>INFORM\u00c0TICA NIVELL INICIAL (COMPETIC INICIAL)<\/strong><\/span><\/h4>\n<p>S\u2019adre\u00e7a a les persones adultes que volen assolir un domini elemental de les tecnologies de la informaci\u00f3 i la comunicaci\u00f3.<\/p>\n<p>\u00c9s un curs anual de 105 hores, a ra\u00f3 de 3h setmanals repartides en dues classes d\u20191h:30min<br \/>\nEn aquest curs es recullen tres compet\u00e8ncies del nivell b\u00e0sic de l\u2019acreditaci\u00f3 de compet\u00e8ncies en tecnologies de la informaci\u00f3 i la comunicaci\u00f3 (ACTIC):<\/p>\n<ul>\n<li>C2. Tecnologia digital, \u00fas de l\u2019ordinador i del sistema operatiu.<\/li>\n<li>C3. Navegaci\u00f3 i comunicaci\u00f3 en el m\u00f3n digital.<\/li>\n<li>C4. Tractament de la informaci\u00f3 escrita.<\/li>\n<\/ul>\n<h4><span style=\"color: #003366;\"><strong><span id=\"INFORMATICA_NIVELL_1_COMPETIC_1\">INFORM\u00c0TICA COMPETIC 1 (ACTIC B\u00c0SIC)<\/span><\/strong><\/span><\/h4>\n<p>Curs anual de 105 hores, a ra\u00f3 de 3h setmanals repartides en dues classes d\u20191h:30min.<\/p>\n<p>COMPETIC 1 el poden cursar les persones que hagin superat el curs COMPETIC inicial o que n\u2019acreditin els coneixements competencials b\u00e0sics.<\/p>\n<p>En aquest curs es recullen les tres compet\u00e8ncies del nivell b\u00e0sic de l\u2019ACTIC no recollides a COMPETIC inicial:<\/p>\n<ul>\n<li>C1. Cultura, participaci\u00f3 i civisme digital.<\/li>\n<li>C5. Tractament de la informaci\u00f3 gr\u00e0fica, sonora i de la imatge en moviment.<\/li>\n<li>C6. Tractament de la informaci\u00f3 num\u00e8rica.<\/li>\n<\/ul>\n<p>El certificat de compet\u00e8ncia digital de l\u2019educaci\u00f3 de persones adultes del nivell COMPETIC 1 equival al certificat b\u00e0sic de l\u2019ACTIC.<\/p>\n<h4><span id=\"INFORMATICA_NIVELL_2_o_MITJA_COMPETIC_2\" style=\"color: #003366;\"><strong>INFORM\u00c0TICA COMPETIC 2 (ACTIC MITJ\u00c0)<\/strong><\/span><\/h4>\n<p>Curs anual de 140 hores, a ra\u00f3 de 4h setmanals repartides en dues classes de 2h.<\/p>\n<p>COMPETIC 2 el poden cursar les persones que han superat o acreditat les compet\u00e8ncies del curs COMPETIC 1.<\/p>\n<p>En aquest curs es recullen les vuit compet\u00e8ncies del nivell mitj\u00e0 de l\u2019ACTIC:<\/p>\n<ul>\n<li>C1. Cultura, participaci\u00f3 i civisme digital.<\/li>\n<li>C2. Tecnologia digital, \u00fas de l\u2019ordinador i del sistema operatiu.<\/li>\n<li>C3. Navegaci\u00f3 i comunicaci\u00f3 en el m\u00f3n digital.<\/li>\n<li>C4. Tractament de la informaci\u00f3 escrita.<\/li>\n<li>C5. Tractament de la informaci\u00f3 gr\u00e0fica, sonora i de la imatge en moviment.<\/li>\n<li>C6. Tractament de la informaci\u00f3 num\u00e8rica.<\/li>\n<li>C7. Tractament de les dades.<\/li>\n<li>C8. Presentaci\u00f3 de continguts.<\/li>\n<\/ul>\n<p>El certificat de compet\u00e8ncia digital de l\u2019educaci\u00f3 de persones adultes del nivell COMPETIC 2 equival al certificat mitj\u00e0 de l\u2019ACTIC.<\/p>\n<h4><span id=\"INFORMATICA_NIVELL_3_o_AVANCAT_COMPETIC_3\" style=\"color: #003366;\"><strong>INFORM\u00c0TICA COMPETIC 3 (ACTIC AVAN\u00c7AT)<\/strong><\/span><\/h4>\n<p>Curs anual de 105 hores, a ra\u00f3 de 3h setmanals repartides en dues classes d\u20191h:30min.<\/p>\n<p>COMPETIC 3 el poden cursar les persones que han superat pr\u00e8viament el curs COMPETIC 2 o acreditar-lo mitjan\u00e7ant el certificat ACTIC del nivell mitj\u00e0. No es pot accedir directament per porva d\u2019acreditaci\u00f3. S\u2019obt\u00e9 l\u2019apte superant al menys dues compet\u00e8ncies.<br \/>\nEn aquest curs es recullen tres de les cinc compet\u00e8ncies del nivell avan\u00e7at de l\u2019ACTIC:<\/p>\n<ul>\n<li>C4. Tractament de la informaci\u00f3 escrita.<\/li>\n<li>C5. Tractament de la informaci\u00f3 gr\u00e0fica, sonora i de la imatge en moviment.<\/li>\n<li>C6. Tractament de la informaci\u00f3 num\u00e8rica.<\/li>\n<li>C7. Tractament de les dades.<\/li>\n<li>C8. Presentaci\u00f3 de continguts.<\/li>\n<\/ul>\n<p>Al nostre centre oferim les quatre compet\u00e8ncies. El certificat de compet\u00e8ncia digital de l\u2019educaci\u00f3 de persones adultes del nivell COMPETIC 3 equival al certificat avan\u00e7at de l\u2019ACTIC.<\/p>\n<p>Els cursos s\u00f3n m\u00e8rits per l\u2019acc\u00e9s a llocs de treball.<\/p>\n<p>Resum de compet\u00e8ncies dels\u00a0<strong>quatre cursos:<\/strong><\/p>\n<table style=\"border-style: groove; border-color: #000;\">\n<tbody>\n<tr>\n<td style=\"border-style: groove; background-color: #88c5db; border-color: #000000;\"><\/td>\n<td style=\"border-style: groove; background-color: #88c5db; border-color: #000000;\"><strong>C1<\/strong><\/td>\n<td style=\"border-style: groove; background-color: #88c5db; border-color: #000000;\"><strong>C2<\/strong><\/td>\n<td style=\"border-style: groove; background-color: #88c5db; border-color: #000000;\"><strong>C3<\/strong><\/td>\n<td style=\"border-style: groove; background-color: #88c5db; border-color: #000000;\"><strong>C4<\/strong><\/td>\n<td style=\"border-style: groove; background-color: #88c5db; border-color: #000000;\"><strong>C5<\/strong><\/td>\n<td style=\"border-style: groove; background-color: #88c5db; border-color: #000000;\"><strong>C6<\/strong><\/td>\n<td style=\"border-style: groove; background-color: #88c5db; border-color: #000000;\"><strong>C7<\/strong><\/td>\n<td style=\"border-style: groove; background-color: #88c5db; border-color: #000000;\"><strong>C8<\/strong><\/td>\n<\/tr>\n<tr>\n<td style=\"border-style: groove; background-color: #88c5db; border-color: #000000;\"><strong>COMPETIC Inicial<\/strong><\/td>\n<td style=\"border-style: groove; background-color: #88c5db; border-color: #000000;\"><\/td>\n<td style=\"border-style: groove; background-color: #88c5db; border-color: #000000;\"><strong>\u00a0X<\/strong><\/td>\n<td style=\"border-style: groove; background-color: #88c5db; border-color: #000000;\"><strong>\u00a0X<\/strong><\/td>\n<td style=\"border-style: groove; background-color: #88c5db; border-color: #000000;\"><strong>X\u00a0<\/strong><\/td>\n<td style=\"border-style: groove; background-color: #88c5db; border-color: #000000;\"><strong>\u00a0<\/strong><\/td>\n<td style=\"border-style: groove; background-color: #88c5db; border-color: #000000;\"><strong>\u00a0<\/strong><\/td>\n<td style=\"border-style: groove; background-color: #88c5db; border-color: #000000;\"><strong>\u00a0<\/strong><\/td>\n<td style=\"border-style: groove; background-color: #88c5db; border-color: #000000;\"><strong>\u00a0<\/strong><\/td>\n<\/tr>\n<tr>\n<td style=\"border-style: groove; background-color: #88c5db; border-color: #000000;\"><strong>COMPETIC 1<\/strong><\/td>\n<td style=\"border-style: groove; background-color: #88c5db; border-color: #000000;\"><b>X<\/b><\/td>\n<td style=\"border-style: groove; background-color: #88c5db; border-color: #000000;\"><strong>\u00a0<\/strong><\/td>\n<td style=\"border-style: groove; background-color: #88c5db; border-color: #000000;\"><strong>\u00a0<\/strong><\/td>\n<td style=\"border-style: groove; background-color: #88c5db; border-color: #000000;\"><strong>\u00a0<\/strong><\/td>\n<td style=\"border-style: groove; background-color: #88c5db; border-color: #000000;\"><strong>X\u00a0<\/strong><\/td>\n<td style=\"border-style: groove; background-color: #88c5db; border-color: #000000;\"><strong>\u00a0X<\/strong><\/td>\n<td style=\"border-style: groove; background-color: #88c5db; border-color: #000000;\"><strong>\u00a0<\/strong><\/td>\n<td style=\"border-style: groove; background-color: #88c5db; border-color: #000000;\"><strong>\u00a0<\/strong><\/td>\n<\/tr>\n<tr>\n<td style=\"border-style: groove; background-color: #88c5db; border-color: #000000;\"><strong>COMPETIC 2<\/strong><\/td>\n<td style=\"border-style: groove; background-color: #88c5db; border-color: #000000;\"><strong>\u00a0X<\/strong><\/td>\n<td style=\"border-style: groove; background-color: #88c5db; border-color: #000000;\"><strong>\u00a0X<\/strong><\/td>\n<td style=\"border-style: groove; background-color: #88c5db; border-color: #000000;\"><strong>X\u00a0<\/strong><\/td>\n<td style=\"border-style: groove; background-color: #88c5db; border-color: #000000;\"><strong>\u00a0X<\/strong><\/td>\n<td style=\"border-style: groove; background-color: #88c5db; border-color: #000000;\"><strong>\u00a0X<\/strong><\/td>\n<td style=\"border-style: groove; background-color: #88c5db; border-color: #000000;\"><strong>X\u00a0<\/strong><\/td>\n<td style=\"border-style: groove; background-color: #88c5db; border-color: #000000;\"><strong>\u00a0X<\/strong><\/td>\n<td style=\"border-style: groove; background-color: #88c5db; border-color: #000000;\"><strong>X\u00a0<\/strong><\/td>\n<\/tr>\n<tr>\n<td style=\"border-style: groove; background-color: #88c5db; border-color: #000000;\"><strong>COMPETIC 3<\/strong><\/td>\n<td style=\"border-style: groove; background-color: #88c5db; border-color: #000000;\"><strong>\u00a0<\/strong><\/td>\n<td style=\"border-style: groove; background-color: #88c5db; border-color: #000000;\"><strong>\u00a0<\/strong><\/td>\n<td style=\"border-style: groove; background-color: #88c5db; border-color: #000000;\"><strong>\u00a0<\/strong><\/td>\n<td style=\"border-style: groove; background-color: #88c5db; border-color: #000000;\"><strong>\u00a0X<\/strong><\/td>\n<td style=\"border-style: groove; background-color: #88c5db; border-color: #000000;\"><strong>\u00a0X<\/strong><\/td>\n<td style=\"border-style: groove; background-color: #88c5db; border-color: #000000;\"><strong>X\u00a0<\/strong><\/td>\n<td style=\"border-style: groove; background-color: #88c5db; border-color: #000000;\"><strong>X\u00a0<\/strong><\/td>\n<td style=\"border-style: groove; background-color: #88c5db; border-color: #000000;\"><strong>\u00a0X<\/strong><\/td>\n<\/tr>\n<\/tbody>\n<\/table>\n<p style=\"text-align: center;\"><a href=\"https:\/\/agora.xtec.cat\/cfaedeliahernandez\/wp-content\/uploads\/usu2195\/2020\/06\/infocompetic.jpg\"><img loading=\"lazy\" decoding=\"async\" class=\"alignnone size-full wp-image-621\" src=\"https:\/\/agora.xtec.cat\/cfaedeliahernandez\/wp-content\/uploads\/usu2195\/2020\/06\/infocompetic.jpg\" alt=\"\" width=\"690\" height=\"448\" srcset=\"https:\/\/agora.xtec.cat\/cfaedeliahernandez\/wp-content\/uploads\/usu2195\/2020\/06\/infocompetic.jpg 690w, https:\/\/agora.xtec.cat\/cfaedeliahernandez\/wp-content\/uploads\/usu2195\/2020\/06\/infocompetic-300x195.jpg 300w\" sizes=\"auto, (max-width: 690px) 100vw, 690px\" \/><\/a><\/p>\n","protected":false},"excerpt":{"rendered":"<p>Els ensenyaments d&#8217;inform\u00e0tica tenen com objectiu facilitar l&#8217;adquisici\u00f3 de les compet\u00e8ncies digitals, com la combinaci\u00f3 de coneixements, habilitats i actituds en l&#8217;\u00e0mbit de les tecnologies de la informaci\u00f3 i la comunicaci\u00f3 (TIC) per desenvolupar-se en la societat actual. S&#8217;imparteixen en quatre nivells: COMPETIC Inicial, 1,&hellip;  <a href=\"https:\/\/agora.xtec.cat\/cfaedeliahernandez\/ensenyaments-oferta-formativa\/ensenyaments-transprofessionals\/competencia-digital-competic\/\" title=\"Read Compet\u00e8ncia digital COMPETIC\">Llegeix m\u00e9s\u00bb<\/a><\/p>\n","protected":false},"author":1,"featured_media":0,"parent":286,"menu_order":0,"comment_status":"closed","ping_status":"closed","template":"page-templates\/side-menu.php","meta":{"_bbp_topic_count":0,"_bbp_reply_count":0,"_bbp_total_topic_count":0,"_bbp_total_reply_count":0,"_bbp_voice_count":0,"_bbp_anonymous_reply_count":0,"_bbp_topic_count_hidden":0,"_bbp_reply_count_hidden":0,"_bbp_forum_subforum_count":0,"footnotes":""},"class_list":["post-316","page","type-page","status-publish","hentry"],"post_mailing_queue_ids":[],"_links":{"self":[{"href":"https:\/\/agora.xtec.cat\/cfaedeliahernandez\/wp-json\/wp\/v2\/pages\/316","targetHints":{"allow":["GET"]}}],"collection":[{"href":"https:\/\/agora.xtec.cat\/cfaedeliahernandez\/wp-json\/wp\/v2\/pages"}],"about":[{"href":"https:\/\/agora.xtec.cat\/cfaedeliahernandez\/wp-json\/wp\/v2\/types\/page"}],"author":[{"embeddable":true,"href":"https:\/\/agora.xtec.cat\/cfaedeliahernandez\/wp-json\/wp\/v2\/users\/1"}],"replies":[{"embeddable":true,"href":"https:\/\/agora.xtec.cat\/cfaedeliahernandez\/wp-json\/wp\/v2\/comments?post=316"}],"version-history":[{"count":4,"href":"https:\/\/agora.xtec.cat\/cfaedeliahernandez\/wp-json\/wp\/v2\/pages\/316\/revisions"}],"predecessor-version":[{"id":1151,"href":"https:\/\/agora.xtec.cat\/cfaedeliahernandez\/wp-json\/wp\/v2\/pages\/316\/revisions\/1151"}],"up":[{"embeddable":true,"href":"https:\/\/agora.xtec.cat\/cfaedeliahernandez\/wp-json\/wp\/v2\/pages\/286"}],"wp:attachment":[{"href":"https:\/\/agora.xtec.cat\/cfaedeliahernandez\/wp-json\/wp\/v2\/media?parent=316"}],"curies":[{"name":"wp","href":"https:\/\/api.w.org\/{rel}","templated":true}]}}