{"id":303,"date":"2020-06-07T22:20:05","date_gmt":"2020-06-07T20:20:05","guid":{"rendered":"http:\/\/agora.xtec.cat\/cfaedeliahernandez\/?page_id=303"},"modified":"2025-09-05T15:22:14","modified_gmt":"2025-09-05T13:22:14","slug":"graduat-en-educacio-secundaria-per-adults","status":"publish","type":"page","link":"https:\/\/agora.xtec.cat\/cfaedeliahernandez\/ensenyaments-oferta-formativa\/ensenyaments-inicials-i-formacio-basica\/graduat-en-educacio-secundaria-per-adults\/","title":{"rendered":"Graduat en Educaci\u00f3 Secund\u00e0ria per Adults (GESO)"},"content":{"rendered":"<div class=\"entry-content\">\n<p>Aquests estudis permeten completar els ensenyaments b\u00e0sics i obtenir el t\u00edtol de graduat o graduada en educaci\u00f3 secund\u00e0ria obligat\u00f2ria (GESO). Es poden cursar de manera presencial o semipresencial als centres i aules de formaci\u00f3 de persones adultes o als centres i aules de formaci\u00f3 de persones adultes que s\u00f3n punts de suport de l&#8217;Institut Obert de Catalunya (IOC).<\/p>\n<p>Per a obtenir el t\u00edtol de graduat o graduada en educaci\u00f3 secund\u00e0ria obligat\u00f2ria per a les persones adultes s&#8217;han d&#8217;aprovar 34 m\u00f2duls amb una c\u00e0rrega lectiva de 3 hores per m\u00f2dul. Els m\u00f2duls que estan relacionats amb l&#8217;\u00e0mbit de la comunicaci\u00f3, el cientificotecnol\u00f2gic i el social es distribueixen en dos nivells.<\/p>\n<h4 class=\"art-postheader\"><span style=\"color: #003366;\"><strong><span class=\"art-postheadericon\">Estructura<\/span><\/strong><\/span><\/h4>\n<ul>\n<li>El GES s\u2019organitza de forma modular en <b>tres \u00e0mbits i dos nivells <\/b>en cadascun dels \u00e0mbits.<\/li>\n<li>Els m\u00f2duls s\u00f3n de dos tipus: <b>comuns i opcionals.<\/b><\/li>\n<li><b>Per obtenir la titulaci\u00f3 <\/b>s\u2019ha de cursar un total de <b>34 m\u00f2duls <\/b>o, si escau, convalidar o acreditar.<\/li>\n<\/ul>\n<\/div>\n<table width=\"669\">\n<tbody>\n<tr>\n<td colspan=\"4\" width=\"669\">\n<p><strong>M\u00d2DULS GES 1<\/strong><\/td>\n<\/tr>\n<tr>\n<td width=\"147\"><strong>\u00c0mbit<\/strong><\/td>\n<td width=\"134\"><strong>1r trimestre<\/strong><\/td>\n<td width=\"170\"><strong>2n trimestre<\/strong><\/td>\n<td width=\"217\"><strong>3r trimestre<\/strong><\/td>\n<\/tr>\n<tr>\n<td rowspan=\"4\" width=\"147\"><strong>\u00a0<\/strong><\/p>\n<p><strong>De la Comunicaci\u00f3<\/strong><\/td>\n<td width=\"134\">Llengua Castellana I<\/td>\n<td width=\"170\">Llengua Castellana II<\/td>\n<td width=\"217\">Literatura<\/td>\n<\/tr>\n<tr>\n<td width=\"134\">Llengua Catalana I<\/td>\n<td width=\"170\">Llengua Catalana II<\/td>\n<td width=\"217\">Angl\u00e8s I<\/td>\n<\/tr>\n<tr>\n<td width=\"134\"><\/td>\n<td width=\"170\">Angl\u00e8s m\u00f2d. 0<\/td>\n<td width=\"217\"><\/td>\n<\/tr>\n<tr>\n<td width=\"134\"><\/td>\n<td width=\"170\">Taller d\u2019escriptura creativa<\/td>\n<td width=\"217\"><\/td>\n<\/tr>\n<tr>\n<td rowspan=\"2\" width=\"147\"><strong>Cientificotecnol\u00f2gic<\/strong><\/td>\n<td width=\"134\">Matem\u00e0tiques I<\/td>\n<td width=\"170\">Educaci\u00f3 per a la Salut<\/td>\n<td width=\"217\">Matem\u00e0tiques II<\/td>\n<\/tr>\n<tr>\n<td width=\"134\">\n<p>Ci\u00e8ncies Naturals\u00a0 I<\/td>\n<td width=\"170\">F\u00edsica i Qu\u00edmica I<\/td>\n<td width=\"217\">Diet\u00e8tica i Nutrici\u00f3<\/td>\n<\/tr>\n<tr>\n<td rowspan=\"2\" width=\"147\"><strong>Social<\/strong><\/td>\n<td width=\"134\">Geografia I<\/td>\n<td width=\"170\"><\/td>\n<td width=\"217\">Ci\u00e8ncies Socials i Educ. Ciutadania<\/td>\n<\/tr>\n<tr>\n<td width=\"134\"><\/td>\n<td width=\"170\"><\/td>\n<td width=\"217\">Hist\u00f2ria<\/td>\n<\/tr>\n<\/tbody>\n<\/table>\n<div class=\"entry-content\"><\/div>\n<div class=\"entry-content\">\n<table width=\"688\">\n<tbody>\n<tr>\n<td colspan=\"4\" width=\"688\">\n<p><strong>M\u00d2DULS GES 2<\/strong><\/td>\n<\/tr>\n<tr>\n<td width=\"140\"><strong>\u00c0mbit<\/strong><\/td>\n<td width=\"141\"><strong>1r trimestre<\/strong><\/td>\n<td width=\"198\"><strong>2n trimestre<\/strong><\/td>\n<td width=\"208\"><strong>3r trimestre<\/strong><\/td>\n<\/tr>\n<tr>\n<td rowspan=\"2\" width=\"140\"><strong>\u00a0<\/strong><\/p>\n<p><strong>\u00a0<\/strong><\/p>\n<p><strong>De la Comunicaci\u00f3<\/strong><\/td>\n<td width=\"141\">Literatura Catalana<\/td>\n<td width=\"198\">Llengua Catalana III<\/td>\n<td width=\"208\">Llengua Castellana III<\/td>\n<\/tr>\n<tr>\n<td width=\"141\">Angl\u00e8s II<\/td>\n<td width=\"198\">Angl\u00e8s III<\/td>\n<td width=\"208\">Literatura Castellana<\/td>\n<\/tr>\n<tr>\n<td rowspan=\"3\" width=\"140\"><strong>\u00a0<\/strong><\/p>\n<p><strong>Cientificotecnol\u00f2gic<\/strong><\/td>\n<td width=\"141\">Matem\u00e0tiques Inicials<\/td>\n<td width=\"198\">Matem\u00e0tiques III<\/td>\n<td width=\"208\">Matem\u00e0tiques IV<\/td>\n<\/tr>\n<tr>\n<td width=\"141\">Biologia i Geologia<\/td>\n<td width=\"198\">F\u00edsica i Qu\u00edmica II<\/td>\n<td width=\"208\">Tecnologia<\/td>\n<\/tr>\n<tr>\n<td width=\"141\"><\/td>\n<td width=\"198\"><\/td>\n<td width=\"208\">Energia i Societat<\/td>\n<\/tr>\n<tr>\n<td rowspan=\"2\" width=\"140\"><strong>Social<\/strong><\/td>\n<td width=\"141\">\n<p>Geografia II<\/td>\n<td width=\"198\">Hist\u00f2ria II<\/td>\n<td width=\"208\">Ci\u00e8ncies Socials i mov. migratoris<\/td>\n<\/tr>\n<tr>\n<td width=\"141\"><\/td>\n<td width=\"198\">Catalunya dins l\u2019Espanya del \u2026<\/td>\n<td width=\"208\"><\/td>\n<\/tr>\n<\/tbody>\n<\/table>\n<p>La titulaci\u00f3 del GES permet accedir a estudis superiors (grau mitj\u00e0, batxillerat\u2026) i preparar-se per estudiar les proves d\u2019acc\u00e9s a grau superior o a la universitat.<\/p>\n<h4><strong><span style=\"color: #003366;\">Acc\u00e9s<\/span><\/strong><\/h4>\n<p>Cal tenir 18 anys o m\u00e9s, o complir-los dintre de l\u2019any natural de matriculaci\u00f3. Els menors que han cursat un PFI<\/p>\n<h4 class=\"art-postheader\"><strong><span class=\"art-postheadericon\" style=\"color: #003366;\">Durada del curs<\/span><\/strong><\/h4>\n<p>El curs est\u00e0 distribu\u00eft en <b>tres trimestres. <\/b>Cada trimestre consta de 10 setmanes de classe. Una persona pot incorporar-se al curs a principis de cada trimestre i fer els m\u00f2duls que no sigui imcompatibles.<\/p>\n<p><strong>El temps que es necessita per a aconseguir la titulaci\u00f3 dep\u00e8n del nombre de m\u00f2duls que s\u2019han de cursar<\/strong>.<\/p>\n<h4><strong><span style=\"color: #003366;\">Tutoria<\/span><\/strong><\/h4>\n<p>A cadascuna de les persones que accedeixen al GES se\u2019ls efectuar\u00e0 una avaluaci\u00f3 inicial que constar\u00e0 de: l\u2019expedient acad\u00e8mic, les proves inicials i l\u2019entrevista personal per orientar sobre l\u2019itinerari formatiu.<\/p>\n<h4><strong><span style=\"color: #003366;\">Avaluaci\u00f3, convalidaci\u00f3, acreditaci\u00f3 i calendari<\/span><\/strong><\/h4>\n<p><strong>1. PRESENCIAL, AVALUACI\u00d3 CONT\u00cdNUA<\/strong><\/p>\n<ul>\n<li><b>Sistema modular:<\/b> s\u2019estableixen uns m\u00f2duls (com mat\u00e8ries) per als diferents \u00e0mbits que s\u2019hauran de cursar, convalidar i\/o acreditar.<\/li>\n<li><b>Trimestral:<\/b> al final de cada trimestre es far\u00e0 una sessi\u00f3 d\u2019avaluaci\u00f3 que quedar\u00e0 reflectida en les actes de cada \u00e0mbit.<\/li>\n<li><b>Itinerari personal:<\/b> cada persona tindr\u00e0 un pla personalitzat, que es podr\u00e0 revisar cada trimestre.<\/li>\n<li><b>Flexible: <\/b>la persona pot escollir fer un nivell en un curs (5 dies de la setmana), o fer m\u00f2duls d\u2019un diversos \u00e0mbits per trimestre.<\/li>\n<\/ul>\n<p>La titulaci\u00f3 presentada, la prova de nivell i l\u2019entrevista poden permetre una s\u00e8rie de convalidacions i acreditacions de nivells i m\u00f2duls:<\/p>\n<ul>\n<li style=\"list-style-type: none;\">\n<ul>\n<li>A una persona que ja t\u00e9 el graduat escolar o cursos\u00a0d\u2019ESO superats se li podran convalidar m\u00f2duls (nivell 1).<\/li>\n<li>A una persona que t\u00e9 superats cr\u00e8dits del 2n cicle d\u2019ESO (4t d\u2019ESO), 1r de BUP o 1r curs de FP1 se li poden convalidar els m\u00f2duls corresponents.<\/li>\n<li>Per a la resta caldr\u00e0 fer la prova de nivell per poder acreditar m\u00f2duls.<\/li>\n<\/ul>\n<\/li>\n<\/ul>\n<p><strong>2. PROVES LLIURES<\/strong><\/p>\n<p>El Departament d\u2019Educaci\u00f3 estableix un calendari de proves lliures per \u00e0mbits al llarg del curs per a persones que fan els 18 anys el mateix any de la prova.<\/p>\n<p style=\"text-align: center;\"><a href=\"https:\/\/agora.xtec.cat\/cfaedeliahernandez\/wp-content\/uploads\/usu2195\/2020\/06\/nubeges.jpg\"><img loading=\"lazy\" decoding=\"async\" class=\"aligncenter wp-image-868\" src=\"https:\/\/agora.xtec.cat\/cfaedeliahernandez\/wp-content\/uploads\/usu2195\/2020\/06\/nubeges.jpg\" alt=\"\" width=\"615\" height=\"459\" srcset=\"https:\/\/agora.xtec.cat\/cfaedeliahernandez\/wp-content\/uploads\/usu2195\/2020\/06\/nubeges.jpg 636w, https:\/\/agora.xtec.cat\/cfaedeliahernandez\/wp-content\/uploads\/usu2195\/2020\/06\/nubeges-300x224.jpg 300w, https:\/\/agora.xtec.cat\/cfaedeliahernandez\/wp-content\/uploads\/usu2195\/2020\/06\/nubeges-200x150.jpg 200w\" sizes=\"auto, (max-width: 615px) 100vw, 615px\" \/><\/a><\/p>\n<\/div>\n","protected":false},"excerpt":{"rendered":"<p>Aquests estudis permeten completar els ensenyaments b\u00e0sics i obtenir el t\u00edtol de graduat o graduada en educaci\u00f3 secund\u00e0ria obligat\u00f2ria (GESO). Es poden cursar de manera presencial o semipresencial als centres i aules de formaci\u00f3 de persones adultes o als centres i aules de formaci\u00f3 de&hellip;  <a href=\"https:\/\/agora.xtec.cat\/cfaedeliahernandez\/ensenyaments-oferta-formativa\/ensenyaments-inicials-i-formacio-basica\/graduat-en-educacio-secundaria-per-adults\/\" title=\"Read Graduat en Educaci\u00f3 Secund\u00e0ria per Adults (GESO)\">Llegeix m\u00e9s\u00bb<\/a><\/p>\n","protected":false},"author":1,"featured_media":0,"parent":283,"menu_order":0,"comment_status":"closed","ping_status":"closed","template":"page-templates\/side-menu.php","meta":{"_bbp_topic_count":0,"_bbp_reply_count":0,"_bbp_total_topic_count":0,"_bbp_total_reply_count":0,"_bbp_voice_count":0,"_bbp_anonymous_reply_count":0,"_bbp_topic_count_hidden":0,"_bbp_reply_count_hidden":0,"_bbp_forum_subforum_count":0,"footnotes":""},"class_list":["post-303","page","type-page","status-publish","hentry"],"post_mailing_queue_ids":[],"_links":{"self":[{"href":"https:\/\/agora.xtec.cat\/cfaedeliahernandez\/wp-json\/wp\/v2\/pages\/303","targetHints":{"allow":["GET"]}}],"collection":[{"href":"https:\/\/agora.xtec.cat\/cfaedeliahernandez\/wp-json\/wp\/v2\/pages"}],"about":[{"href":"https:\/\/agora.xtec.cat\/cfaedeliahernandez\/wp-json\/wp\/v2\/types\/page"}],"author":[{"embeddable":true,"href":"https:\/\/agora.xtec.cat\/cfaedeliahernandez\/wp-json\/wp\/v2\/users\/1"}],"replies":[{"embeddable":true,"href":"https:\/\/agora.xtec.cat\/cfaedeliahernandez\/wp-json\/wp\/v2\/comments?post=303"}],"version-history":[{"count":4,"href":"https:\/\/agora.xtec.cat\/cfaedeliahernandez\/wp-json\/wp\/v2\/pages\/303\/revisions"}],"predecessor-version":[{"id":2492,"href":"https:\/\/agora.xtec.cat\/cfaedeliahernandez\/wp-json\/wp\/v2\/pages\/303\/revisions\/2492"}],"up":[{"embeddable":true,"href":"https:\/\/agora.xtec.cat\/cfaedeliahernandez\/wp-json\/wp\/v2\/pages\/283"}],"wp:attachment":[{"href":"https:\/\/agora.xtec.cat\/cfaedeliahernandez\/wp-json\/wp\/v2\/media?parent=303"}],"curies":[{"name":"wp","href":"https:\/\/api.w.org\/{rel}","templated":true}]}}