{"id":2303,"date":"2025-01-21T15:25:43","date_gmt":"2025-01-21T14:25:43","guid":{"rendered":"https:\/\/agora.xtec.cat\/cfaedeliahernandez\/?page_id=2303"},"modified":"2025-01-21T15:25:43","modified_gmt":"2025-01-21T14:25:43","slug":"mostra-gastronomica-2024","status":"publish","type":"page","link":"https:\/\/agora.xtec.cat\/cfaedeliahernandez\/mostra-gastronomica-2024\/","title":{"rendered":"Mostra gastron\u00f2mica 2024"},"content":{"rendered":"<p><a href=\"https:\/\/agora.xtec.cat\/cfaedeliahernandez\/mostra-gastronomica-2024\/attachment\/captura-logo-3\/\" rel=\"attachment wp-att-2305\"><img loading=\"lazy\" decoding=\"async\" class=\"wp-image-2305 alignnone\" src=\"https:\/\/agora.xtec.cat\/cfaedeliahernandez\/wp-content\/uploads\/usu2195\/2025\/01\/Captura-logo-300x158.png\" alt=\"\" width=\"125\" height=\"66\" srcset=\"https:\/\/agora.xtec.cat\/cfaedeliahernandez\/wp-content\/uploads\/usu2195\/2025\/01\/Captura-logo-300x158.png 300w, https:\/\/agora.xtec.cat\/cfaedeliahernandez\/wp-content\/uploads\/usu2195\/2025\/01\/Captura-logo-768x405.png 768w, https:\/\/agora.xtec.cat\/cfaedeliahernandez\/wp-content\/uploads\/usu2195\/2025\/01\/Captura-logo.png 1005w\" sizes=\"auto, (max-width: 125px) 100vw, 125px\" \/><\/a> \u00a0MOSTRA GASTRON\u00d2MICA 2024<\/p>\n<p style=\"text-align: left;\">El passat 20 de desembre al nostre centre es va portar a terme, un any m\u00e9s, la tradicional mostra gastron\u00f2mica a mode de tancament del trimestre. Aquest esdeveniment va gaudir de la participaci\u00f3 de les diferents cultures que inclou el nostre centre i que representa\u00a0 tant la multiculturalitat com la cohesi\u00f3 de tota la comunicat educativa.<\/p>\n<p style=\"text-align: left;\">S\u00edria, Marroc, \u00cdndia, Pakistan, Ge\u00f2rgia, Col\u00f2mbia, Per\u00fa, Equador, It\u00e0lia, Espanya&#8230; van ser alguns dels pa\u00efsos representats a la mostra, evidenciant la diversitat i la varietat\u00a0 de plats t\u00edpics que fan pal\u00e8s el talent, la qualitat i la diversitat de les diferents propostes culin\u00e0ries.<\/p>\n<p style=\"text-align: left;\">Compartir el menjar \u00e9s molt m\u00e9s que nom\u00e9s menjar. Compartir taula \u00e9s,\u00a0 potser en la majoria de cultures, s\u00edmbol d\u2019uni\u00f3 i \u00a0confraternitat. Gr\u00e0cies a tothom que ha participat i que ha dedicat part del seu temps a fer-ho possible.<\/p>\n<p>&nbsp;<\/p>\n","protected":false},"excerpt":{"rendered":"<p><a href=\"https:\/\/agora.xtec.cat\/cfaedeliahernandez\/mostra-gastronomica-2024\/attachment\/captura-logo-3\/\" rel=\"attachment wp-att-2305\"><\/a> \u00a0MOSTRA GASTRON\u00d2MICA 2024<br \/>\nEl passat 20 de desembre al nostre centre es va portar a terme, un any m\u00e9s, la tradicional mostra gastron\u00f2mica a mode de tancament del trimestre. Aquest esdeveniment va gaudir de la participaci\u00f3 de les diferents cultures que inclou&hellip;  <a href=\"https:\/\/agora.xtec.cat\/cfaedeliahernandez\/mostra-gastronomica-2024\/\" title=\"Read Mostra gastron\u00f2mica 2024\">Llegeix m\u00e9s\u00bb<\/a><\/p>\n","protected":false},"author":1,"featured_media":0,"parent":0,"menu_order":0,"comment_status":"closed","ping_status":"closed","template":"","meta":{"_bbp_topic_count":0,"_bbp_reply_count":0,"_bbp_total_topic_count":0,"_bbp_total_reply_count":0,"_bbp_voice_count":0,"_bbp_anonymous_reply_count":0,"_bbp_topic_count_hidden":0,"_bbp_reply_count_hidden":0,"_bbp_forum_subforum_count":0,"footnotes":""},"class_list":["post-2303","page","type-page","status-publish","hentry"],"post_mailing_queue_ids":[],"_links":{"self":[{"href":"https:\/\/agora.xtec.cat\/cfaedeliahernandez\/wp-json\/wp\/v2\/pages\/2303","targetHints":{"allow":["GET"]}}],"collection":[{"href":"https:\/\/agora.xtec.cat\/cfaedeliahernandez\/wp-json\/wp\/v2\/pages"}],"about":[{"href":"https:\/\/agora.xtec.cat\/cfaedeliahernandez\/wp-json\/wp\/v2\/types\/page"}],"author":[{"embeddable":true,"href":"https:\/\/agora.xtec.cat\/cfaedeliahernandez\/wp-json\/wp\/v2\/users\/1"}],"replies":[{"embeddable":true,"href":"https:\/\/agora.xtec.cat\/cfaedeliahernandez\/wp-json\/wp\/v2\/comments?post=2303"}],"version-history":[{"count":2,"href":"https:\/\/agora.xtec.cat\/cfaedeliahernandez\/wp-json\/wp\/v2\/pages\/2303\/revisions"}],"predecessor-version":[{"id":2309,"href":"https:\/\/agora.xtec.cat\/cfaedeliahernandez\/wp-json\/wp\/v2\/pages\/2303\/revisions\/2309"}],"wp:attachment":[{"href":"https:\/\/agora.xtec.cat\/cfaedeliahernandez\/wp-json\/wp\/v2\/media?parent=2303"}],"curies":[{"name":"wp","href":"https:\/\/api.w.org\/{rel}","templated":true}]}}