{"id":305,"date":"2015-01-28T11:24:04","date_gmt":"2015-01-28T10:24:04","guid":{"rendered":"http:\/\/agora.xtec.cat\/cfacornella\/?page_id=305"},"modified":"2025-05-27T11:58:24","modified_gmt":"2025-05-27T09:58:24","slug":"curs-dacces-als-cicles-de-grau-mitja","status":"publish","type":"page","link":"https:\/\/agora.xtec.cat\/cfacornella\/ensenyaments\/ensenyaments-inicials-i-formacio-basica\/curs-dacces-als-cicles-de-grau-mitja\/","title":{"rendered":"Curs de formaci\u00f3 preparatori per a l&#8217;acc\u00e9s a cicles formatius de grau mitj\u00e0 (CAM)"},"content":{"rendered":"\n<div style=\"position: relative; width: 100%; height: 0; padding-top: 66.6667%; padding-bottom: 0; box-shadow: 0 2px 8px 0 rgba(63,69,81,0.16); margin-top: 1.6em; margin-bottom: 0.9em; overflow: hidden; border-radius: 8px; will-change: transform;\"><iframe style=\"position: absolute; width: 100%; height: 100%; top: 0; left: 0; border: none; padding: 0; margin: 0;\" src=\"https:\/\/www.canva.com\/design\/DAF1AXKd0is\/view?embed\" allowfullscreen=\"allowfullscreen\">  <\/iframe><\/div>\n<p><a href=\"https:\/\/www.canva.com\/design\/DAF1AXKd0is\/view?utm_content=DAF1AXKd0is&amp;utm_campaign=designshare&amp;utm_medium=embeds&amp;utm_source=link\" target=\"_blank\" rel=\"noopener\">CARTELL CAM P\u00c0GINA WEB<\/a> de CFA Cornell\u00e0 de Llobregat<\/p>\n\n\n\n\n<h3 style=\"text-align: justify;\">Aquests estudis permeten a les persones que el superen l&#8217;acc\u00e9s directe als cicles de grau mitj\u00e0 de formaci\u00f3 professional inicial; en el cas dels ensenyaments professionals d&#8217;arts pl\u00e0stiques i disseny permet l&#8217;exempci\u00f3 de la part comuna de la prova d&#8217;acc\u00e9s i en el cas dels ensenyaments esportius, l&#8217;exempci\u00f3 de la prova d&#8217;acc\u00e9s de car\u00e0cter general.<\/h3>\n<h1><span style=\"background-color: #2eecf2;\">CONTINGUTS\u00a0 \u00a0 \u00a0 \u00a0 \u00a0 \u00a0 \u00a0 \u00a0 \u00a0 \u00a0 \u00a0 \u00a0 \u00a0 \u00a0 \u00a0 \u00a0 \u00a0 \u00a0 \u00a0 \u00a0 \u00a0 \u00a0 \u00a0 \u00a0 \u00a0 \u00a0 \u00a0 \u00a0 \u00a0 \u00a0 \u00a0<\/span><\/h1>\n<h3>Les mat\u00e8ries del curs s&#8217;estructuren en tres \u00e0mbits: \u00e0mbit de la comunicaci\u00f3 (COM), \u00e0mbit social (SOC) i \u00e0mbit cientificotecnol\u00f2gic (CTE).<\/h3>\n<h3>La distribuci\u00f3 de les mat\u00e8ries per \u00e0mbits i hores setmanals \u00e9s la seg\u00fcent:<\/h3>\n<h2><span style=\"text-decoration: underline;\">Mat\u00e8ries obligat\u00f2ries<\/span><\/h2>\n<h3>&#8211; Comunicaci\u00f3 en llengua catalana i llengua castellana: 5 hores (COM)<\/h3>\n<h3>&#8211; Llengua catalana: 2 hores<\/h3>\n<h3>&#8211; Llengua castellana: 2 hores<\/h3>\n<h3>&#8211; Estructures ling\u00fc\u00edstiques comunes a les dues lleng\u00fces: 1 hora (s&#8217;avalua conjuntament amb llengua\u00a0 \u00a0 \u00a0 \u00a0 \u00a0 catalana)<\/h3>\n<h3>&#8211; Llengua anglesa: 3 hores (COM)<\/h3>\n<h3>&#8211; Ci\u00e8ncies socials i ciutadania: 3 hores (SOC)<\/h3>\n<h3>&#8211; Tutoria i orientaci\u00f3: 1 hora (SOC)<\/h3>\n<h3>&#8211; Matem\u00e0tiques: 3 hores (CTE)<\/h3>\n<h3>Total d&#8217;hores obligat\u00f2ries: 15<\/h3>\n<h2><span style=\"text-decoration: underline;\">Mat\u00e8ries opcionals*<\/span><\/h2>\n<h3>&#8211; Tecnologia: 3 hores (CTE)<br \/>&#8211; Ci\u00e8ncies de la naturalesa: 3 hores (CTE)<br \/>*El centre tria quina mat\u00e8ria opcional ofereix.<\/h3>\n<h3 style=\"text-align: justify;\">Total d&#8217;hores optatives: 3<\/h3>\n<h3 style=\"text-align: justify;\">Total d&#8217;hores de curs: 18<\/h3>\n<h3 style=\"text-align: justify;\">La qualificaci\u00f3 de cada mat\u00e8ria ser\u00e0 num\u00e8rica, entre 1 i 10.<br \/>La qualificaci\u00f3 de cada \u00e0mbit ser\u00e0 la mitjana de les qualificacions de les mat\u00e8ries que el componen ponderades per les respectives hores lectives setmanals i ser\u00e0 num\u00e8rica, entre 1 i 10.<br \/>La nota final del curs ser\u00e0 la mitjana aritm\u00e8tica de les qualificacions dels \u00e0mbits expressada amb 2 decimals, i ser\u00e0 positiva si la qualificaci\u00f3 \u00e9s de 5 punts o superior. Cal obtenir un m\u00ednim de 4 punts en cadascun dels \u00e0mbits perqu\u00e8 se&#8217;n faci la mitjana.<\/h3>\n<h3 style=\"text-align: justify;\">La durada m\u00ednima d&#8217;aquest curs \u00e9s de 600 hores.<\/h3>\n<h1><span style=\"background-color: #2eecf2;\">REQUISISTS\u00a0 \u00a0 \u00a0 \u00a0 \u00a0 \u00a0 \u00a0 \u00a0 \u00a0 \u00a0 \u00a0 \u00a0 \u00a0 \u00a0 \u00a0 \u00a0 \u00a0 \u00a0 \u00a0 \u00a0 \u00a0 \u00a0 \u00a0 \u00a0 \u00a0 \u00a0 \u00a0 \u00a0 \u00a0 \u00a0 \u00a0 \u00a0\u00a0<\/span><\/h1>\n<h3 style=\"text-align: justify;\">Poden accedir les persones que no tenen el t\u00edtol de graduat en educaci\u00f3 secund\u00e0ria obligat\u00f2ria o equivalent acad\u00e8mic i que l&#8217;any en qu\u00e8 es matriculen del curs compleixen, com a<br \/>m\u00ednim, 17 anys.<\/h3>\n<h3 class=\"font_7\" style=\"text-align: justify;\">L\u2019import\u00a0 de la matr\u00edcula per als centres dependents del Departament d&#8217;Ensenyament \u00e9s de 190 euros i s\u00f3n exigibles abans de la prestaci\u00f3 del servei.<\/h3>\n<h3 class=\"font_7\" style=\"text-align: justify;\"><span style=\"text-decoration: underline;\">1 \u00a0Bonificaci\u00f3:<\/span><\/h3>\n<h3 class=\"font_7\" style=\"text-align: justify;\">&#8211; Fam\u00edlies nombroses de categoria general i les persones membres de fam\u00edlies monoparentals tenen una bonificaci\u00f3 del 50 per 100 del preu p\u00fablic.<\/h3>\n<h3 class=\"font_7\" style=\"text-align: justify;\"><span style=\"text-decoration: underline;\">2 \u00a0Exempci\u00f3:<\/span><\/h3>\n<h3 class=\"font_7\" style=\"text-align: justify;\">&#8211; \u00a0Les persones membres de fam\u00edlies nombroses de categoria especial.<\/h3>\n<h3 class=\"font_7\" style=\"text-align: justify;\">&#8211; Les persones amb una minusvalidesa en un grau igual o superior al 33%.<\/h3>\n<h3 class=\"font_7\" style=\"text-align: justify;\">&#8211; Les persones subjectes a mesures privatives de llibertat.<\/h3>\n<h3 class=\"font_7\" style=\"text-align: justify;\">&#8211; \u00a0Les persones v\u00edctimes d\u2019actes terroristes, els seus c\u00f2njuges i els seus fills i filles.<\/h3>\n<h3 class=\"font_7\" style=\"text-align: justify;\">Una vegada superat del curs de formaci\u00f3 espec\u00edfic per a l\u2019acc\u00e9s als cicles de grau mitj\u00e0 s\u2019ha de certificar i t\u00e9 els efectes seg\u00fcents.<\/h3>\n<ul>\n<li class=\"font_7\" style=\"text-align: justify;\">\n<h3>Acc\u00e9s directe a qualsevol cicle de grau mitj\u00e0 de formaci\u00f3 professional inicial.<\/h3>\n<\/li>\n<li class=\"font_7\" style=\"text-align: justify;\">\n<h3>Exempci\u00f3 de la part comuna de la prova d&#8217;acc\u00e9s als cicles formatius de grau mitj\u00e0 d&#8217;arts pl\u00e0stiques i disseny (per\u00f2 no de la part espec\u00edfica, que l&#8217;alumnat haur\u00e0 de superar).<\/h3>\n<\/li>\n<li class=\"font_7\" style=\"text-align: justify;\">\n<h3>Exempci\u00f3 de la prova d&#8217;acc\u00e9s de car\u00e0cter general als ensenyaments esportius de r\u00e8gim especial.<\/h3>\n<\/li>\n<\/ul>\n<h3 class=\"font_7\" style=\"text-align: justify;\">Nota:\u00a0 El curs de formaci\u00f3 espec\u00edfic \u00e9s presencial. No es podr\u00e0 expedir el certificat d\u2019haver superat el curs en cas de no haver assistit, almenys, al vuitanta per cent del conjunt de les hores de les activitats lectives.<\/h3>\n<h2><span style=\"text-decoration: underline;\">Horari: Torn de tarda<\/span><\/h2>\n<h3>Documentaci\u00f3 a portar:<\/h3>\n<ul>\n<li>\n<h3>Fotoc\u00f2pia de Passaport \/ DNI \/ NIE<\/h3>\n<\/li>\n<li>\n<h3>Fotoc\u00f2pia de Targeta sanit\u00e0ria<\/h3>\n<\/li>\n<li>\n<h3>Fotoc\u00f2pia d&#8217;Empadronament<\/h3>\n<\/li>\n<\/ul>\n<h3 style=\"text-align: justify;\">\u00a0<\/h3>\n\n\n<div class=\"wp-block-buttons is-layout-flex wp-block-buttons-is-layout-flex\">\n<div class=\"wp-block-button has-custom-width wp-block-button__width-100\"><a class=\"wp-block-button__link has-electric-grass-gradient-background has-background wp-element-button\" href=\"https:\/\/agora.xtec.cat\/cfacornella\/horaris-grups\/\" target=\"_blank\" rel=\"noreferrer noopener\"><strong><span style=\"color:#000000\" class=\"tadv-color\">HORARIS<\/span><\/strong><\/a><\/div>\n<\/div>\n\n\n","protected":false},"excerpt":{"rendered":"<p><a href=\"https:\/\/www.canva.com\/design\/DAF1AXKd0is\/view?utm_content=DAF1AXKd0is&amp;utm_campaign=designshare&amp;utm_medium=embeds&amp;utm_source=link\" target=\"_blank\" rel=\"noopener\">CARTELL CAM P\u00c0GINA WEB<\/a> de CFA Cornell\u00e0 de Llobregat<\/p>\n<p>Aquests estudis permeten a les persones que el superen l&#8217;acc\u00e9s directe als cicles de grau mitj\u00e0 de formaci\u00f3 professional inicial; en el cas dels ensenyaments professionals d&#8217;arts pl\u00e0stiques i disseny permet l&#8217;exempci\u00f3&hellip;  <a href=\"https:\/\/agora.xtec.cat\/cfacornella\/ensenyaments\/ensenyaments-inicials-i-formacio-basica\/curs-dacces-als-cicles-de-grau-mitja\/\" title=\"Read Curs de formaci\u00f3 preparatori per a l&#8217;acc\u00e9s a cicles formatius de grau mitj\u00e0 (CAM)\">Llegeix m\u00e9s\u00bb<\/a><\/p>\n","protected":false},"author":1,"featured_media":0,"parent":283,"menu_order":0,"comment_status":"closed","ping_status":"closed","template":"page-templates\/side-menu.php","meta":{"_bbp_topic_count":0,"_bbp_reply_count":0,"_bbp_total_topic_count":0,"_bbp_total_reply_count":0,"_bbp_voice_count":0,"_bbp_anonymous_reply_count":0,"_bbp_topic_count_hidden":0,"_bbp_reply_count_hidden":0,"_bbp_forum_subforum_count":0,"footnotes":""},"class_list":["post-305","page","type-page","status-publish","hentry"],"post_mailing_queue_ids":[],"_links":{"self":[{"href":"https:\/\/agora.xtec.cat\/cfacornella\/wp-json\/wp\/v2\/pages\/305","targetHints":{"allow":["GET"]}}],"collection":[{"href":"https:\/\/agora.xtec.cat\/cfacornella\/wp-json\/wp\/v2\/pages"}],"about":[{"href":"https:\/\/agora.xtec.cat\/cfacornella\/wp-json\/wp\/v2\/types\/page"}],"author":[{"embeddable":true,"href":"https:\/\/agora.xtec.cat\/cfacornella\/wp-json\/wp\/v2\/users\/1"}],"replies":[{"embeddable":true,"href":"https:\/\/agora.xtec.cat\/cfacornella\/wp-json\/wp\/v2\/comments?post=305"}],"version-history":[{"count":6,"href":"https:\/\/agora.xtec.cat\/cfacornella\/wp-json\/wp\/v2\/pages\/305\/revisions"}],"predecessor-version":[{"id":1583,"href":"https:\/\/agora.xtec.cat\/cfacornella\/wp-json\/wp\/v2\/pages\/305\/revisions\/1583"}],"up":[{"embeddable":true,"href":"https:\/\/agora.xtec.cat\/cfacornella\/wp-json\/wp\/v2\/pages\/283"}],"wp:attachment":[{"href":"https:\/\/agora.xtec.cat\/cfacornella\/wp-json\/wp\/v2\/media?parent=305"}],"curies":[{"name":"wp","href":"https:\/\/api.w.org\/{rel}","templated":true}]}}