{"id":261,"date":"2015-01-27T17:25:01","date_gmt":"2015-01-27T16:25:01","guid":{"rendered":"http:\/\/agora.xtec.cat\/cfacornella\/?page_id=261"},"modified":"2024-01-11T16:01:52","modified_gmt":"2024-01-11T15:01:52","slug":"el-centre","status":"publish","type":"page","link":"https:\/\/agora.xtec.cat\/cfacornella\/el-centre\/","title":{"rendered":"El Centre"},"content":{"rendered":"<h3 style=\"text-align: justify;\"><a href=\"https:\/\/agora.xtec.cat\/cfacornella\/wp-content\/uploads\/usu2362\/2023\/09\/AQUI-APRENEM_DEDICAT-1.jpg\"><img loading=\"lazy\" decoding=\"async\" class=\"size-large wp-image-509 aligncenter\" src=\"https:\/\/agora.xtec.cat\/cfacornella\/wp-content\/uploads\/usu2362\/2023\/09\/AQUI-APRENEM_DEDICAT-1-1024x728.jpg\" alt=\"\" width=\"1024\" height=\"728\" srcset=\"https:\/\/agora.xtec.cat\/cfacornella\/wp-content\/uploads\/usu2362\/2023\/09\/AQUI-APRENEM_DEDICAT-1-1024x728.jpg 1024w, https:\/\/agora.xtec.cat\/cfacornella\/wp-content\/uploads\/usu2362\/2023\/09\/AQUI-APRENEM_DEDICAT-1-300x213.jpg 300w, https:\/\/agora.xtec.cat\/cfacornella\/wp-content\/uploads\/usu2362\/2023\/09\/AQUI-APRENEM_DEDICAT-1-768x546.jpg 768w, https:\/\/agora.xtec.cat\/cfacornella\/wp-content\/uploads\/usu2362\/2023\/09\/AQUI-APRENEM_DEDICAT-1.jpg 1204w\" sizes=\"auto, (max-width: 1024px) 100vw, 1024px\" \/><\/a><\/h3>\n<h3 style=\"text-align: justify;\">El Centre de Formaci\u00f3 d&#8217;Adults de Cornell\u00e0 de Llobregat (CFA Cornell\u00e0) \u00e9s un centre p\u00fablic que dep\u00e8n del Departament d&#8217;Educaci\u00f3 de la Generalitat i compta amb la col\u00b7laboraci\u00f3 i suport de l&#8217;Ajuntament de Cornell\u00e0.<\/h3>\n<h3 style=\"text-align: justify;\">Ens definim com un centre plural on es fomenta la solidaritat, la coeducaci\u00f3 i les actituds i normes que caracteritzen una societat democr\u00e0tica com la nostra.<\/h3>\n<h3 style=\"text-align: justify;\">Entenem l\u2019escola com una comunitat viva d\u2019educadors i educands i \u00e9s la nostra tasca que els alumnes rebin una formaci\u00f3 que els sigui \u00fatil, tant en el seu desenvolupament com a persones, com en el seu futur acad\u00e8mic i\/o professional.<\/h3>\n<h3 style=\"text-align: justify;\">L\u2019escola es regeix pels principis rectors que marca l\u2019article 2 de la LEC (Llei d\u2019Educaci\u00f3 12\/2009, de 10 de juliol):<\/h3>\n<ul style=\"text-align: justify;\">\n<li>\n<h3>El respecte dels drets i els deures que es deriven de la Constituci\u00f3, l\u2019Estatut i la resta de la legislaci\u00f3 vigent.<\/h3>\n<\/li>\n<li>\n<h3>La transmissi\u00f3 i la consolidaci\u00f3 dels valors propis d\u2019una societat democr\u00e0tica: la llibertat personal, la responsabilitat, la solidaritat, el respecte i la igualtat.<\/h3>\n<\/li>\n<li>\n<h3>La universalitat i l\u2019equitat com a garantia d\u2019igualtat d\u2019oportunitats i la integraci\u00f3 de tots els col\u00b7lectius, basada en la coresponsabilitat de tots els centres sostinguts amb fons p\u00fablics.<\/h3>\n<\/li>\n<li>\n<h3>El respecte de la llibertat d\u2019ensenyament, la llibertat de creaci\u00f3 de centres, la llibertat d\u2019elecci\u00f3 de centres p\u00fablics o altres centres que els creats pels poders p\u00fablics, la llibertat de c\u00e0tedra del professorat i la llibertat de consci\u00e8ncia dels alumnes.<\/h3>\n<\/li>\n<li>\n<h3>El pluralisme.<\/h3>\n<\/li>\n<li>\n<h3>La inclusi\u00f3 escolar i la cohesi\u00f3 social.<\/h3>\n<\/li>\n<li>\n<h3>La qualitat de l\u2019educaci\u00f3, que possibilita l\u2019assoliment de les compet\u00e8ncies b\u00e0siques i la consecuci\u00f3 de l\u2019excel\u00b7l\u00e8ncia, en un context d\u2019equitat.<\/h3>\n<\/li>\n<li>\n<h3>El conreu del coneixement de Catalunya i l\u2019arrelament dels alumnes al pa\u00eds, i el respecte a la conviv\u00e8ncia.<\/h3>\n<\/li>\n<li>\n<h3>El respecte i el coneixement del propi cos.<\/h3>\n<\/li>\n<li>\n<h3>El foment de la pau i el respecte dels drets humans.<\/h3>\n<\/li>\n<li>\n<h3>El respecte i la preservaci\u00f3 del medi ambient i el gaudi respectu\u00f3s i responsable dels recursos naturals i del paisatge.<\/h3>\n<\/li>\n<li>\n<h3>El foment de l\u2019emprenedoria.<\/h3>\n<\/li>\n<li>\n<h3>La coeducaci\u00f3 i el foment de la igualtat real i efectiva entre dones i homes.<\/h3>\n<\/li>\n<li>\n<h3>L\u2019afavoriment de l\u2019educaci\u00f3 m\u00e9s enll\u00e0 de l\u2019escola.<\/h3>\n<\/li>\n<li>\n<h3>L\u2019educaci\u00f3 al llarg de la vida.<\/h3>\n<\/li>\n<li>\n<h3>El respecte del dret de les persones a tenir la religi\u00f3 i moral que vagi d\u2019acord amb llurs conviccions.<\/h3>\n<\/li>\n<li>\n<h3>L\u2019exclusi\u00f3 de qualsevol mena de proselitisme o adoctrinament.<\/h3>\n<\/li>\n<\/ul>\n<h3 style=\"text-align: justify;\">El CFA Cornell\u00e0 de Llobregat fomenta una educaci\u00f3 que respecta la identitat cultural de les minories i denuncia obertament tota manifestaci\u00f3 xen\u00f2foba o discriminaci\u00f3 per raons d\u2019\u00e8tnia, nacionalitat, cultura, g\u00e8nere i religi\u00f3.<\/h3>\n<h3 style=\"text-align: justify;\">El centre promou l\u2019\u00fas de la llengua catalana, que \u00e9s la llengua vehicular\u00a0 i de\u00a0 refer\u00e8ncia ling\u00fc\u00edstica en tots els \u00e0mbits d\u2019aprenentatge; a m\u00e9s, afavoreix la integraci\u00f3 de les persones nouvingudes i la cohesi\u00f3 social.<\/h3>\n<h3 style=\"text-align: justify;\">El CFA Cornell\u00e0 de Llobregat defensa i treballa per l\u2019educaci\u00f3 permanent de les persones adultes, afavorint l\u2019aprenentatge m\u00e9s enll\u00e0 de l\u2019escola i al llarg de la vida. Aquest \u00e9s un proc\u00e9s d\u2019aprenentatge on la persona \u00e9s agent de la seva pr\u00f2pia educaci\u00f3 mitjan\u00e7ant la interacci\u00f3 de les seves accions i de la seva reflexi\u00f3 i garanteix el total desenvolupament de l\u2019individu.<\/h3>\n<h3 style=\"text-align: justify;\">Considerem que les persones adultes tenen dret a rebre una atenci\u00f3 singular i individualitzada en els processos formatius, respectant els ritmes i temps d\u2019aprenentatge, i a disposar d\u2019un assessorament i orientaci\u00f3 adequats.<\/h3>\n<h3 style=\"text-align: justify;\">L\u2019oferta d\u2019accions educatives i formatives programades t\u00e9 en compte l\u2019especificitat de les persones adultes, garantint la seva intervenci\u00f3 en el disseny del propi proc\u00e9s formatiu i contempla uns horaris diferents, flexibles i adequats que fan possible la participaci\u00f3 de les persones adultes en el seu proc\u00e9s educatiu.<\/h3>\n<h3 style=\"text-align: justify;\">Aquests factors els considerem indispensables per al creixement integral de les persones i per garantir la igualtat d\u2019oportunitats.<\/h3>\n","protected":false},"excerpt":{"rendered":"<p><a href=\"https:\/\/agora.xtec.cat\/cfacornella\/wp-content\/uploads\/usu2362\/2023\/09\/AQUI-APRENEM_DEDICAT-1.jpg\"><\/a><br \/>\nEl Centre de Formaci\u00f3 d&#8217;Adults de Cornell\u00e0 de Llobregat (CFA Cornell\u00e0) \u00e9s un centre p\u00fablic que dep\u00e8n del Departament d&#8217;Educaci\u00f3 de la Generalitat i compta amb la col\u00b7laboraci\u00f3 i suport de l&#8217;Ajuntament de Cornell\u00e0.<br \/>\nEns definim com un centre plural on es fomenta la solidaritat,&hellip;  <a href=\"https:\/\/agora.xtec.cat\/cfacornella\/el-centre\/\" title=\"Read El Centre\">Llegeix m\u00e9s\u00bb<\/a><\/p>\n","protected":false},"author":1,"featured_media":0,"parent":0,"menu_order":0,"comment_status":"closed","ping_status":"closed","template":"","meta":{"_bbp_topic_count":0,"_bbp_reply_count":0,"_bbp_total_topic_count":0,"_bbp_total_reply_count":0,"_bbp_voice_count":0,"_bbp_anonymous_reply_count":0,"_bbp_topic_count_hidden":0,"_bbp_reply_count_hidden":0,"_bbp_forum_subforum_count":0,"footnotes":""},"class_list":["post-261","page","type-page","status-publish","hentry"],"post_mailing_queue_ids":[],"_links":{"self":[{"href":"https:\/\/agora.xtec.cat\/cfacornella\/wp-json\/wp\/v2\/pages\/261","targetHints":{"allow":["GET"]}}],"collection":[{"href":"https:\/\/agora.xtec.cat\/cfacornella\/wp-json\/wp\/v2\/pages"}],"about":[{"href":"https:\/\/agora.xtec.cat\/cfacornella\/wp-json\/wp\/v2\/types\/page"}],"author":[{"embeddable":true,"href":"https:\/\/agora.xtec.cat\/cfacornella\/wp-json\/wp\/v2\/users\/1"}],"replies":[{"embeddable":true,"href":"https:\/\/agora.xtec.cat\/cfacornella\/wp-json\/wp\/v2\/comments?post=261"}],"version-history":[{"count":3,"href":"https:\/\/agora.xtec.cat\/cfacornella\/wp-json\/wp\/v2\/pages\/261\/revisions"}],"predecessor-version":[{"id":510,"href":"https:\/\/agora.xtec.cat\/cfacornella\/wp-json\/wp\/v2\/pages\/261\/revisions\/510"}],"wp:attachment":[{"href":"https:\/\/agora.xtec.cat\/cfacornella\/wp-json\/wp\/v2\/media?parent=261"}],"curies":[{"name":"wp","href":"https:\/\/api.w.org\/{rel}","templated":true}]}}