{"id":946,"date":"2020-06-05T13:31:07","date_gmt":"2020-06-05T11:31:07","guid":{"rendered":"http:\/\/agora.xtec.cat\/cfaconcordia\/?page_id=946"},"modified":"2025-11-10T18:58:42","modified_gmt":"2025-11-10T17:58:42","slug":"formacio-instrumental","status":"publish","type":"page","link":"https:\/\/agora.xtec.cat\/cfaconcordia\/ensenyaments\/oferta-formativa\/formacio-instrumental\/","title":{"rendered":"Formaci\u00f3 instrumental"},"content":{"rendered":"<h5 style=\"text-align: right;\"><a href=\"https:\/\/agora.xtec.cat\/cfaconcordia\/wp-content\/uploads\/usu1352\/2020\/06\/GUIA-INSTRUMENTALS.pdf\"><span style=\"color: #993300;\">Guia de l&#8217;alumne<\/span><\/a><\/h5>\n<p>Aquests ensenyaments se centren en proporcionar a les persones adultes els elements necessaris que els permetin l\u2019adquisici\u00f3 progressiva de les compet\u00e8ncies clau per afavorir el seu ple\u00a0 desenvolupament personal i acad\u00e8mic i la integraci\u00f3 social i laboral.<\/p>\n<h4><b>ESTRUCTURA<\/b><\/h4>\n<ul style=\"list-style-type: square;\">\n<li><span style=\"color: #993300;\"><strong>1r cicle:<\/strong><\/span><br \/>Contribuir al desenvolupament de capacitats, destreses i habilitats que facilitin la integraci\u00f3 de l\u2019alumnat, l\u2019assoliment d\u2019una autonomia progressiva i promoguin la continu\u00eftat formativa.<\/li>\n<li><span style=\"color: #993300;\"><strong>2n cicle:<\/strong><\/span><br \/>Consolidar l\u2019adquisici\u00f3 de les compet\u00e8ncies clau per garantir una autonomia plena de l\u2019alumnat i afavorir l\u2019acc\u00e9s als estudis de GESO.<\/li>\n<\/ul>\n<p>La durada aproximada d&#8217;aquesta formaci\u00f3 \u00e9s de 980 hores, per\u00f2 segons els coneixements previs, les necessitats formatives, i els ritmes d&#8217;aprenentatge de l&#8217;alumnat, la durada pot ser m\u00e9s llarga o menys. Les hores es reparteixen de la seg\u00fcent manera:<\/p>\n<p><img loading=\"lazy\" decoding=\"async\" class=\"wp-image-2561 size-full aligncenter\" src=\"https:\/\/agora.xtec.cat\/cfaconcordia\/wp-content\/uploads\/usu1352\/2025\/05\/instru1.png\" alt=\"\" width=\"684\" height=\"523\" srcset=\"https:\/\/agora.xtec.cat\/cfaconcordia\/wp-content\/uploads\/usu1352\/2025\/05\/instru1.png 684w, https:\/\/agora.xtec.cat\/cfaconcordia\/wp-content\/uploads\/usu1352\/2025\/05\/instru1-300x229.png 300w\" sizes=\"auto, (max-width: 684px) 100vw, 684px\" \/><\/p>\n<h4><b>\u00c0REES CURRICULARS<\/b><\/h4>\n<p>La Formaci\u00f3 Instrumental s\u2019estructura en tres \u00e0rees de coneixement:<\/p>\n<ul style=\"list-style-type: square;\">\n<li><strong><em>\u00c0rea ling\u00fc\u00edstica<\/em><\/strong><br \/>&#8211; Comprendre, expressar i participar en interaccions comunicatives.<br \/>&#8211; Car\u00e0cter rellevant.<br \/>&#8211; 1r cicle: alumnat no alfabetitzat o amb nivells molt baixos.<br \/>&#8211; 2n cicle: alumnat amb coneixements b\u00e0sics de la llengua. Introducci\u00f3 a la llengua anglesa.<\/li>\n<li><strong><em>\u00c0rea matem\u00e0tica<\/em><\/strong><br \/>&#8211; Raonar, calcular, estimar en diferents contextos de la realitat i l\u2019entorn de l\u2019alumnat.<br \/>&#8211; Desenvolupar els processos matem\u00e0tics b\u00e0sics resoluci\u00f3 de problemes, raonament i prova, connexions i comunicaci\u00f3 i representaci\u00f3.<\/li>\n<li><strong><em>\u00c0rea del medi natural, social i cultural<\/em><\/strong><br \/>&#8211; Proporcionar els coneixements i les eines necess\u00e0ries per integrar se a l\u2019entorn i a la societat.<br \/>&#8211; Especialment vinculada als ODS.<br \/>&#8211; Inclou la vessant art\u00edstica.<\/li>\n<\/ul>\n<h4><b>COMPET\u00c8NCIES TRANSVERSALS<\/b><\/h4>\n<ul style=\"list-style-type: square;\">\n<li><strong><em>Compet\u00e8ncia digital<\/em><\/strong><br \/>&#8211; Facilitar l\u2019acc\u00e9s al coneixement i a la comunicaci\u00f3.<br \/>&#8211; 1r cicle: alfabetitzaci\u00f3 digital com a eina d\u2019inclusi\u00f3 social.<br \/>&#8211; 2n cicle: h\u00e0bits i capacitats per iniciar se en l\u2019\u00fas de les noves tecnologies com a eina per a l\u2019\u00fas quotidi\u00e0.<\/li>\n<li><strong><em>Compet\u00e8ncia personal, social i laboral<\/em><\/strong><br \/>&#8211; Inclou actituds, valors, habilitats i destreses personals, interpersonals i de l\u2019\u00e0mbit laboral, necess\u00e0ries per poder construir una imatge personal positiva, per enfortir l\u2019autoestima i poder construir relacions sanes i plenes, fomentant la bona conviv\u00e8ncia.<br \/>&#8211; Inclou la dimensi\u00f3 laboral, enfocada a millorar les expectatives professionals i desenvolupar les habilitats per a la cerca de feina i la integraci\u00f3 i promoci\u00f3 en el m\u00f3n laboral.<\/li>\n<\/ul>\n<h4><b>CONTINU\u00cfTAT<\/b><\/h4>\n<p>Si es vol continuar la formaci\u00f3, un cop acabada l&#8217;estapa instrumental, es pot cursar l&#8217;educaci\u00f3 secund\u00e0ria per a les persones adultes (GES).<\/p>\n<h4><b>CURR\u00cdCULUM<\/b><\/h4>\n<ul>\n<li><a href=\"https:\/\/dogc.gencat.cat\/ca\/document-del-dogc\/?documentId=938596\" target=\"_blank\" rel=\"noopener\"><span style=\"color: #993300;\">Ordre EDU\/217\/2022, de 23 de setembre<\/span><\/a>, per la qual s\u2019estableix el curr\u00edculum de la formaci\u00f3 instrumental per a les persones adultes.<\/li>\n<li><a href=\"https:\/\/portaldogc.gencat.cat\/utilsEADOP\/PDF\/8807\/1940096.pdf\" target=\"_blank\" rel=\"noopener\"><span style=\"color: #993300;\">Resoluci\u00f3 EDU\/3774\/2022, de 28 de novembre<\/span><\/a>, per la qual s\u2019estableixen el procediment, els documents i els requisits formals del proc\u00e9s d\u2019avaluaci\u00f3 dels ensenyaments de la formaci\u00f3 instrumental per a les persones adultes.<\/li>\n<li><span style=\"color: #993300;\"><a style=\"color: #993300;\" href=\"https:\/\/projectes.xtec.cat\/nou-curriculum\/educacio-dadults\/\" target=\"_blank\" rel=\"noopener\">Aspectes generals del nou curr\u00edculum de Formaci\u00f3 Instrumental<\/a>.<\/span><\/li>\n<li><span style=\"color: #993300;\"><a style=\"color: #993300;\" href=\"https:\/\/sites.google.com\/xtec.cat\/curriculumbasica\/educaci%C3%B3-dadults?authuser=0\" target=\"_blank\" rel=\"noopener\">Estructura del nou curr\u00edculum de Formaci\u00f3 Instrumental<\/a>.<\/span><\/li>\n<\/ul>\n<h4><b>M\u00c9S INFORMACI\u00d3<\/b><\/h4>\n<ul style=\"list-style-type: disc;\">\n<li><span style=\"color: #993300;\"><a style=\"color: #993300;\" href=\"https:\/\/triaeducativa.gencat.cat\/ca\/estudis\/?formacio-instrumental-persones-adultes&amp;p_id=6510\" target=\"_blank\" rel=\"noopener\"><span style=\"color: #993300;\">El C<\/span>icle de Formaci\u00f3 Instrumental al portal <em>&#8220;Tria Educativa&#8221;.<\/em><\/a><\/span><\/li>\n<li><span style=\"color: #993300;\"><a title=\"V\u00e9s a Prova per a l'obtenci\u00f3 del certificat de formaci\u00f3 instrumental per a persones de m\u00e9s de 18 anys\" href=\"https:\/\/educacio.gencat.cat\/ca\/serveis-tramits\/proves\/proves-lliures-obtencio-titols\/obtencio-cfi-mes-18-anys\/\" target=\"_blank\" rel=\"noopener\"><span style=\"color: #993300;\">Proves lliures per a l\u2019obtenci\u00f3 del Certificat de Formaci\u00f3 Instrumental per majors de 18 anys<\/span>.<\/a><\/span><\/li>\n<\/ul>\n<h4><b>HORARIS CURS 25-26<\/b><\/h4>\n<p><img loading=\"lazy\" decoding=\"async\" class=\"aligncenter size-full wp-image-3732\" src=\"https:\/\/agora.xtec.cat\/cfaconcordia\/wp-content\/uploads\/usu1352\/2025\/11\/Instrumental.png\" alt=\"\" width=\"721\" height=\"850\" srcset=\"https:\/\/agora.xtec.cat\/cfaconcordia\/wp-content\/uploads\/usu1352\/2025\/11\/Instrumental.png 721w, https:\/\/agora.xtec.cat\/cfaconcordia\/wp-content\/uploads\/usu1352\/2025\/11\/Instrumental-254x300.png 254w\" sizes=\"auto, (max-width: 721px) 100vw, 721px\" \/><\/p>\n<ul>\n<li style=\"list-style-type: none;\">\u00a0<\/li>\n<\/ul>\n\n\n<p><\/p>\n","protected":false},"excerpt":{"rendered":"<p>Guia de l&#8217;alumne Aquests ensenyaments se centren en proporcionar a les persones adultes els elements necessaris que els permetin l\u2019adquisici\u00f3 progressiva de les compet\u00e8ncies clau per afavorir el seu ple\u00a0 desenvolupament personal i acad\u00e8mic i la integraci\u00f3 social i laboral. ESTRUCTURA 1r cicle:Contribuir al desenvolupament de capacitats, destreses i habilitats que facilitin la integraci\u00f3 de [&hellip;]<\/p>\n","protected":false},"author":17,"featured_media":0,"parent":3676,"menu_order":1,"comment_status":"closed","ping_status":"closed","template":"","meta":{"_bbp_topic_count":0,"_bbp_reply_count":0,"_bbp_total_topic_count":0,"_bbp_total_reply_count":0,"_bbp_voice_count":0,"_bbp_anonymous_reply_count":0,"_bbp_topic_count_hidden":0,"_bbp_reply_count_hidden":0,"_bbp_forum_subforum_count":0,"site-sidebar-layout":"default","site-content-layout":"","ast-site-content-layout":"default","site-content-style":"default","site-sidebar-style":"default","ast-global-header-display":"","ast-banner-title-visibility":"","ast-main-header-display":"","ast-hfb-above-header-display":"","ast-hfb-below-header-display":"","ast-hfb-mobile-header-display":"","site-post-title":"","ast-breadcrumbs-content":"","ast-featured-img":"","footer-sml-layout":"","theme-transparent-header-meta":"","adv-header-id-meta":"","stick-header-meta":"","header-above-stick-meta":"","header-main-stick-meta":"","header-below-stick-meta":"","astra-migrate-meta-layouts":"set","ast-page-background-enabled":"default","ast-page-background-meta":{"desktop":{"background-color":"var(--ast-global-color-4)","background-image":"","background-repeat":"repeat","background-position":"center center","background-size":"auto","background-attachment":"scroll","background-type":"","background-media":"","overlay-type":"","overlay-color":"","overlay-opacity":"","overlay-gradient":""},"tablet":{"background-color":"","background-image":"","background-repeat":"repeat","background-position":"center center","background-size":"auto","background-attachment":"scroll","background-type":"","background-media":"","overlay-type":"","overlay-color":"","overlay-opacity":"","overlay-gradient":""},"mobile":{"background-color":"","background-image":"","background-repeat":"repeat","background-position":"center center","background-size":"auto","background-attachment":"scroll","background-type":"","background-media":"","overlay-type":"","overlay-color":"","overlay-opacity":"","overlay-gradient":""}},"ast-content-background-meta":{"desktop":{"background-color":"var(--ast-global-color-5)","background-image":"","background-repeat":"repeat","background-position":"center center","background-size":"auto","background-attachment":"scroll","background-type":"","background-media":"","overlay-type":"","overlay-color":"","overlay-opacity":"","overlay-gradient":""},"tablet":{"background-color":"var(--ast-global-color-5)","background-image":"","background-repeat":"repeat","background-position":"center center","background-size":"auto","background-attachment":"scroll","background-type":"","background-media":"","overlay-type":"","overlay-color":"","overlay-opacity":"","overlay-gradient":""},"mobile":{"background-color":"var(--ast-global-color-5)","background-image":"","background-repeat":"repeat","background-position":"center center","background-size":"auto","background-attachment":"scroll","background-type":"","background-media":"","overlay-type":"","overlay-color":"","overlay-opacity":"","overlay-gradient":""}},"footnotes":""},"class_list":["post-946","page","type-page","status-publish","hentry"],"post_mailing_queue_ids":[],"_links":{"self":[{"href":"https:\/\/agora.xtec.cat\/cfaconcordia\/wp-json\/wp\/v2\/pages\/946","targetHints":{"allow":["GET"]}}],"collection":[{"href":"https:\/\/agora.xtec.cat\/cfaconcordia\/wp-json\/wp\/v2\/pages"}],"about":[{"href":"https:\/\/agora.xtec.cat\/cfaconcordia\/wp-json\/wp\/v2\/types\/page"}],"author":[{"embeddable":true,"href":"https:\/\/agora.xtec.cat\/cfaconcordia\/wp-json\/wp\/v2\/users\/17"}],"replies":[{"embeddable":true,"href":"https:\/\/agora.xtec.cat\/cfaconcordia\/wp-json\/wp\/v2\/comments?post=946"}],"version-history":[{"count":6,"href":"https:\/\/agora.xtec.cat\/cfaconcordia\/wp-json\/wp\/v2\/pages\/946\/revisions"}],"predecessor-version":[{"id":3733,"href":"https:\/\/agora.xtec.cat\/cfaconcordia\/wp-json\/wp\/v2\/pages\/946\/revisions\/3733"}],"up":[{"embeddable":true,"href":"https:\/\/agora.xtec.cat\/cfaconcordia\/wp-json\/wp\/v2\/pages\/3676"}],"wp:attachment":[{"href":"https:\/\/agora.xtec.cat\/cfaconcordia\/wp-json\/wp\/v2\/media?parent=946"}],"curies":[{"name":"wp","href":"https:\/\/api.w.org\/{rel}","templated":true}]}}