{"id":3744,"date":"2025-11-10T20:00:20","date_gmt":"2025-11-10T19:00:20","guid":{"rendered":"https:\/\/agora.xtec.cat\/cfaconcordia\/?page_id=3744"},"modified":"2025-11-10T20:59:04","modified_gmt":"2025-11-10T19:59:04","slug":"grups","status":"publish","type":"page","link":"https:\/\/agora.xtec.cat\/cfaconcordia\/grups\/","title":{"rendered":"Grups"},"content":{"rendered":"\n<figure class=\"wp-block-table has-small-font-size\"><table class=\"has-background has-fixed-layout\" style=\"background-color:#f8d7c9;border-style:none;border-width:0px\"><tbody><tr><td class=\"has-text-align-center\" data-align=\"center\"><img loading=\"lazy\" decoding=\"async\" width=\"150\" height=\"150\" class=\"wp-image-3682\" style=\"width: 150px;\" src=\"https:\/\/agora.xtec.cat\/cfaconcordia\/wp-content\/uploads\/usu1352\/2025\/10\/flag_12359944.png\" alt=\"\" srcset=\"https:\/\/agora.xtec.cat\/cfaconcordia\/wp-content\/uploads\/usu1352\/2025\/10\/flag_12359944.png 512w, https:\/\/agora.xtec.cat\/cfaconcordia\/wp-content\/uploads\/usu1352\/2025\/10\/flag_12359944-300x300.png 300w, https:\/\/agora.xtec.cat\/cfaconcordia\/wp-content\/uploads\/usu1352\/2025\/10\/flag_12359944-150x150.png 150w\" sizes=\"auto, (max-width: 150px) 100vw, 150px\" \/><br><strong><em><mark style=\"background-color:rgba(0, 0, 0, 0)\" class=\"has-inline-color has-ast-global-color-1-color\"><mark>LLENGUA CATALANA<\/mark><\/mark><\/em><\/strong><\/td><td class=\"has-text-align-center\" data-align=\"center\"><img loading=\"lazy\" decoding=\"async\" width=\"150\" height=\"150\" class=\"wp-image-3681\" style=\"width: 150px;\" src=\"https:\/\/agora.xtec.cat\/cfaconcordia\/wp-content\/uploads\/usu1352\/2025\/10\/spanish-language_1377973.png\" alt=\"\" srcset=\"https:\/\/agora.xtec.cat\/cfaconcordia\/wp-content\/uploads\/usu1352\/2025\/10\/spanish-language_1377973.png 512w, https:\/\/agora.xtec.cat\/cfaconcordia\/wp-content\/uploads\/usu1352\/2025\/10\/spanish-language_1377973-300x300.png 300w, https:\/\/agora.xtec.cat\/cfaconcordia\/wp-content\/uploads\/usu1352\/2025\/10\/spanish-language_1377973-150x150.png 150w\" sizes=\"auto, (max-width: 150px) 100vw, 150px\" \/><br><strong><em><mark>LLENGUA CASTELLANA<\/mark><\/em><\/strong><\/td><td class=\"has-text-align-center\" data-align=\"center\"><img loading=\"lazy\" decoding=\"async\" width=\"150\" height=\"150\" class=\"wp-image-3688\" style=\"width: 150px;\" src=\"https:\/\/agora.xtec.cat\/cfaconcordia\/wp-content\/uploads\/usu1352\/2025\/10\/lapiz.png\" alt=\"\" srcset=\"https:\/\/agora.xtec.cat\/cfaconcordia\/wp-content\/uploads\/usu1352\/2025\/10\/lapiz.png 512w, https:\/\/agora.xtec.cat\/cfaconcordia\/wp-content\/uploads\/usu1352\/2025\/10\/lapiz-300x300.png 300w, https:\/\/agora.xtec.cat\/cfaconcordia\/wp-content\/uploads\/usu1352\/2025\/10\/lapiz-150x150.png 150w\" sizes=\"auto, (max-width: 150px) 100vw, 150px\" \/><br><strong><em><mark>INSTRUMENTAL<\/mark><\/em><\/strong><\/td><td class=\"has-text-align-center\" data-align=\"center\"><img loading=\"lazy\" decoding=\"async\" width=\"150\" height=\"150\" class=\"wp-image-3684\" style=\"width: 150px;\" src=\"https:\/\/agora.xtec.cat\/cfaconcordia\/wp-content\/uploads\/usu1352\/2025\/10\/sombrero-de-graduado.png\" alt=\"\" srcset=\"https:\/\/agora.xtec.cat\/cfaconcordia\/wp-content\/uploads\/usu1352\/2025\/10\/sombrero-de-graduado.png 512w, https:\/\/agora.xtec.cat\/cfaconcordia\/wp-content\/uploads\/usu1352\/2025\/10\/sombrero-de-graduado-300x300.png 300w, https:\/\/agora.xtec.cat\/cfaconcordia\/wp-content\/uploads\/usu1352\/2025\/10\/sombrero-de-graduado-150x150.png 150w\" sizes=\"auto, (max-width: 150px) 100vw, 150px\" \/><br><strong><em><mark>GES<\/mark><\/em><\/strong><\/td><\/tr><tr><td class=\"has-text-align-center\" data-align=\"center\"><a href=\"https:\/\/agora.xtec.cat\/cfaconcordia\/grups\/catala-1-mati-concordia-bea\/\" data-type=\"link\" data-id=\"https:\/\/agora.xtec.cat\/cfaconcordia\/grups\/catala-1-mati-concordia-bea\/\"><strong>Catal\u00e0 1 (mat\u00ed) &#8211; Conc\u00f2rdia<\/strong> (Bea)<\/a><br><a href=\"https:\/\/agora.xtec.cat\/cfaconcordia\/grups\/catala-1-mati-can-puiggener-adolfo\/\" data-type=\"link\" data-id=\"https:\/\/agora.xtec.cat\/cfaconcordia\/grups\/catala-1-mati-can-puiggener-adolfo\/\"><strong>Catal\u00e0 1 (mat\u00ed) &#8211; Can Puig. <\/strong>(Adolfo)<\/a><br><a href=\"https:\/\/agora.xtec.cat\/cfaconcordia\/grups\/catala-1-tarda-can-puiggener-geles\/\"><strong>Catal\u00e0 1 (tarda) &#8211; Can Puig. <\/strong>(Geles)<\/a><br><a href=\"https:\/\/agora.xtec.cat\/cfaconcordia\/grups\/catala-1-vespre-concordia-judit\/\" data-type=\"link\" data-id=\"https:\/\/agora.xtec.cat\/cfaconcordia\/grups\/catala-1-vespre-concordia-judit\/\"><strong>Catal\u00e0 1 (vespre) &#8211; Conc\u00f2rdia<\/strong> (Judit)<\/a><br><a href=\"https:\/\/agora.xtec.cat\/cfaconcordia\/grups\/catala-2-concordia-marina\/\" data-type=\"link\" data-id=\"https:\/\/agora.xtec.cat\/cfaconcordia\/grups\/catala-2-concordia-marina\/\"><strong>Catal\u00e0 2 &#8211; Conc\u00f2rdia<\/strong> (Marina)<\/a><br><a href=\"https:\/\/agora.xtec.cat\/cfaconcordia\/grups\/catala-3-concordia-miriam\/\" data-type=\"link\" data-id=\"https:\/\/agora.xtec.cat\/cfaconcordia\/grups\/catala-3-concordia-miriam\/\"><strong>Catal\u00e0 3 &#8211; Conc\u00f2rdia <\/strong>(Miriam)<\/a><\/td><td class=\"has-text-align-center\" data-align=\"center\"><a href=\"https:\/\/agora.xtec.cat\/cfaconcordia\/grups\/castella-1-mati-concordia-marina\/\"><strong>Castell\u00e0 1 (mat\u00ed) &#8211; Conc\u00f2rdia <\/strong>(Marina)<\/a><br><a href=\"https:\/\/agora.xtec.cat\/cfaconcordia\/grups\/castella-1-mati-can-puiggener-adolfo-7\/\" data-type=\"link\" data-id=\"https:\/\/agora.xtec.cat\/cfaconcordia\/grups\/castella-1-mati-can-puiggener-adolfo-7\/\"><strong><strong>Castell\u00e0<\/strong>1 (mat\u00ed) &#8211; Can Puig.<\/strong> (Adolfo)<\/a><br><a href=\"https:\/\/agora.xtec.cat\/cfaconcordia\/grups\/castella-1-mati-can-deu-geles\/\"><strong><strong>Castell\u00e0<\/strong>1 (mat\u00ed) &#8211; Can Deu<\/strong> (Geles)<\/a><br><a href=\"https:\/\/agora.xtec.cat\/cfaconcordia\/grups\/castella-1-tarda-can-deu-miriam\/\"><strong><strong>Castell\u00e0<\/strong>1 (tarda) &#8211; Can Deu <\/strong>(Miriam)<\/a><br><a href=\"https:\/\/agora.xtec.cat\/cfaconcordia\/grups\/castella-2-can-puiggener-eva\/\"><strong><strong>Castell\u00e0<\/strong><\/strong> <strong>2 &#8211; Can Puiggener <\/strong>(Eva)<\/a><br><a href=\"https:\/\/agora.xtec.cat\/cfaconcordia\/grups\/castella-3-concordia-toni\/\"><strong><strong>Castell\u00e0<\/strong><\/strong> <strong>3 &#8211; Conc\u00f2rdia <\/strong>(Toni)<\/a><\/td><td class=\"has-text-align-center\" data-align=\"center\"><a href=\"https:\/\/agora.xtec.cat\/cfaconcordia\/grups\/instrumental-1-concordia-miriam\/\" data-type=\"link\" data-id=\"https:\/\/agora.xtec.cat\/cfaconcordia\/grups\/instrumental-1-concordia-miriam\/\"><strong>Instrumental 1 &#8211; Conc\u00f2rdia <\/strong>(Miriam)<\/a><br><a href=\"https:\/\/agora.xtec.cat\/cfaconcordia\/grups\/instrumental-1-can-puiggener-toni\/\"><strong>Instrumental 1 &#8211; Can Puiggener<\/strong> (Toni)<\/a><br><a href=\"https:\/\/agora.xtec.cat\/cfaconcordia\/grups\/instrumental-2-concordia-anna\/\"><strong>Instrumental 2 &#8211; Conc\u00f2rdia <\/strong>(Anna)<\/a><br><a href=\"https:\/\/agora.xtec.cat\/cfaconcordia\/grups\/instrumental-2-can-puiggener-geles\/\"><strong>Instrumental 2 &#8211; Can Puiggener <\/strong>(Geles)<\/a><br><a href=\"https:\/\/agora.xtec.cat\/cfaconcordia\/grups\/instrumental-3-can-puiggener-adolfo\/\"><strong>Instrumental 3 &#8211; Can Puig.<\/strong> (Adolfo)<\/a><\/td><td class=\"has-text-align-center\" data-align=\"center\"><a href=\"https:\/\/agora.xtec.cat\/cfaconcordia\/grups\/ges-1-mati-eva\/\"><strong>GES 1 (mat\u00ed)<\/strong> (Eva)<\/a><br><a href=\"https:\/\/agora.xtec.cat\/cfaconcordia\/grups\/ges-2-mati-emili\/\"><strong>GES 2 (mat\u00ed)<\/strong> (Emili)<\/a><br><a href=\"https:\/\/agora.xtec.cat\/cfaconcordia\/grups\/ges-1-tarda-aurora\/\"><strong>GES 1 (tarda)<\/strong> (Aurora)<\/a><br><a href=\"https:\/\/agora.xtec.cat\/cfaconcordia\/grups\/ges-2-tarda-josep\/\"><strong>GES 2 (tarda)<\/strong> (Josep)<\/a><br><a href=\"http:\/\/agora.xtec.cat\/cfaconcordia\/grups\/ges-1-vespre-lourdes\/\" data-type=\"link\" data-id=\"agora.xtec.cat\/cfaconcordia\/grups\/ges-1-vespre-lourdes\/\"><strong>GES 1 (vespre)<\/strong> (Lourdes)<\/a><br><a href=\"https:\/\/agora.xtec.cat\/cfaconcordia\/grups\/ges-2-vespre-jordi\/\" data-type=\"link\" data-id=\"https:\/\/agora.xtec.cat\/cfaconcordia\/grups\/ges-2-vespre-jordi\/\"><strong>GES 2 (vespre)<\/strong> (Jordi)<\/a><\/td><\/tr><tr><td class=\"has-text-align-center\" data-align=\"center\"><img loading=\"lazy\" decoding=\"async\" width=\"150\" height=\"150\" class=\"wp-image-3683\" style=\"width: 150px;\" src=\"https:\/\/agora.xtec.cat\/cfaconcordia\/wp-content\/uploads\/usu1352\/2025\/10\/english-language_1377975.png\" alt=\"\" srcset=\"https:\/\/agora.xtec.cat\/cfaconcordia\/wp-content\/uploads\/usu1352\/2025\/10\/english-language_1377975.png 512w, https:\/\/agora.xtec.cat\/cfaconcordia\/wp-content\/uploads\/usu1352\/2025\/10\/english-language_1377975-300x300.png 300w, https:\/\/agora.xtec.cat\/cfaconcordia\/wp-content\/uploads\/usu1352\/2025\/10\/english-language_1377975-150x150.png 150w\" sizes=\"auto, (max-width: 150px) 100vw, 150px\" \/><br><strong><em><mark>LLENGUA ANGLESA<\/mark><\/em><\/strong><\/td><td class=\"has-text-align-center\" data-align=\"center\"><img loading=\"lazy\" decoding=\"async\" width=\"150\" height=\"150\" class=\"wp-image-3686\" style=\"width: 150px;\" src=\"https:\/\/agora.xtec.cat\/cfaconcordia\/wp-content\/uploads\/usu1352\/2025\/10\/computadora.png\" alt=\"\" srcset=\"https:\/\/agora.xtec.cat\/cfaconcordia\/wp-content\/uploads\/usu1352\/2025\/10\/computadora.png 512w, https:\/\/agora.xtec.cat\/cfaconcordia\/wp-content\/uploads\/usu1352\/2025\/10\/computadora-300x300.png 300w, https:\/\/agora.xtec.cat\/cfaconcordia\/wp-content\/uploads\/usu1352\/2025\/10\/computadora-150x150.png 150w\" sizes=\"auto, (max-width: 150px) 100vw, 150px\" \/><br><strong><em><mark>COMPETIC (Inform\u00e0tica)<\/mark><\/em><\/strong><\/td><td class=\"has-text-align-center\" data-align=\"center\"><img loading=\"lazy\" decoding=\"async\" width=\"150\" height=\"150\" class=\"wp-image-3689\" style=\"width: 150px;\" src=\"https:\/\/agora.xtec.cat\/cfaconcordia\/wp-content\/uploads\/usu1352\/2025\/10\/idea-genial.png\" alt=\"\" srcset=\"https:\/\/agora.xtec.cat\/cfaconcordia\/wp-content\/uploads\/usu1352\/2025\/10\/idea-genial.png 512w, https:\/\/agora.xtec.cat\/cfaconcordia\/wp-content\/uploads\/usu1352\/2025\/10\/idea-genial-300x300.png 300w, https:\/\/agora.xtec.cat\/cfaconcordia\/wp-content\/uploads\/usu1352\/2025\/10\/idea-genial-150x150.png 150w\" sizes=\"auto, (max-width: 150px) 100vw, 150px\" \/><br><strong><em><mark>PREP. PROVES <br>D&#8217;ACC\u00c9S A CFGS<\/mark><\/em><\/strong><\/td><td class=\"has-text-align-center\" data-align=\"center\"><img loading=\"lazy\" decoding=\"async\" width=\"150\" height=\"150\" class=\"wp-image-3687\" style=\"width: 150px;\" src=\"https:\/\/agora.xtec.cat\/cfaconcordia\/wp-content\/uploads\/usu1352\/2025\/10\/colegio.png\" alt=\"\" srcset=\"https:\/\/agora.xtec.cat\/cfaconcordia\/wp-content\/uploads\/usu1352\/2025\/10\/colegio.png 512w, https:\/\/agora.xtec.cat\/cfaconcordia\/wp-content\/uploads\/usu1352\/2025\/10\/colegio-300x300.png 300w, https:\/\/agora.xtec.cat\/cfaconcordia\/wp-content\/uploads\/usu1352\/2025\/10\/colegio-150x150.png 150w\" sizes=\"auto, (max-width: 150px) 100vw, 150px\" \/><br><strong><em><mark>PREP. PROVES <br>D&#8217;ACC\u00c9S UNIV. +25 i +45<\/mark><\/em><\/strong><\/td><\/tr><tr><td class=\"has-text-align-center\" data-align=\"center\"><a href=\"https:\/\/agora.xtec.cat\/cfaconcordia\/grups\/angles-1-mati-aleix\/\"><strong>Angl\u00e8s 1 (mat\u00ed)<\/strong> (Aleix)<\/a><br><a href=\"https:\/\/agora.xtec.cat\/cfaconcordia\/grups\/angles-1-mati-marina\/\"><strong>Angl\u00e8s 1 (mat\u00ed) <\/strong>(Marina)<\/a><br><a href=\"https:\/\/agora.xtec.cat\/cfaconcordia\/grups\/angles-1-tarda-bea\/\"><strong>Angl\u00e8s 1 (tarda)<\/strong> (Bea)<\/a><br><a href=\"https:\/\/agora.xtec.cat\/cfaconcordia\/grups\/angles-1-vespre-clara\/\"><strong>Angl\u00e8s 1 (vespre) <\/strong>(Clara)<\/a><br><a href=\"https:\/\/agora.xtec.cat\/cfaconcordia\/grups\/angles-2-mati-aleix\/\"><strong>Angl\u00e8s 2 (mat\u00ed)<\/strong> (Aleix)<\/a><br><a href=\"https:\/\/agora.xtec.cat\/cfaconcordia\/grups\/angles-2-tarda-anna\/\"><strong>Angl\u00e8s 2 (tarda)<\/strong> (Anna)<\/a><br><a href=\"https:\/\/agora.xtec.cat\/cfaconcordia\/grups\/angles-2-vespre-bea\/\"><strong>Angl\u00e8s 2 (vespre)<\/strong> (Bea)<\/a><br><a href=\"https:\/\/agora.xtec.cat\/cfaconcordia\/grups\/angles-3-mati-bea\/\"><strong>Angl\u00e8s 3 (mat\u00ed) <\/strong>(Bea)<\/a><br><a href=\"https:\/\/agora.xtec.cat\/cfaconcordia\/grups\/angles-3-vespre-anna\/\"><strong>Angl\u00e8s 3 (vespre) <\/strong>(Anna)<\/a><\/td><td class=\"has-text-align-center\" data-align=\"center\"><a href=\"https:\/\/agora.xtec.cat\/cfaconcordia\/grups\/competic-inicial-mati-concordia-toni\/\"><strong>Competic Ini. (mat\u00ed) &#8211; Conc\u00f2rdia<\/strong> (Toni)<\/a><br><a href=\"https:\/\/agora.xtec.cat\/cfaconcordia\/grups\/competic-inicial-tarda-can-deu-judit\/\"><strong>Competic Ini. (tarda) &#8211; Can Deu<\/strong> (Judit)<\/a><br><a href=\"https:\/\/agora.xtec.cat\/cfaconcordia\/grups\/competic-inicial-tarda-can-puigg-toni\/\"><strong>Competic Ini. (tarda) &#8211; Can Puigg.<\/strong> (Toni)<\/a><br><a href=\"https:\/\/agora.xtec.cat\/cfaconcordia\/grups\/competic-1-mati-concordia-marina\/\"><strong>Competic 1 (mat\u00ed) &#8211; Conc\u00f2rdia <\/strong>(Marina)<\/a><br><a href=\"https:\/\/agora.xtec.cat\/cfaconcordia\/grups\/competic-1-tarda-concordia-lourdes\/\"><strong>Competic 1 (tarda) &#8211; Conc\u00f2r. <\/strong>(Lourdes)<\/a><br><a href=\"https:\/\/agora.xtec.cat\/cfaconcordia\/grups\/competic-2-tarda-can-deu-aleix\/\"><strong>Competic 2 (tarda) &#8211; Can Deu<\/strong> (Aleix)<\/a><br><a href=\"https:\/\/agora.xtec.cat\/cfaconcordia\/grups\/competic-3-tarda-concordia-kostan\/\"><strong>Competic 3 (tarda) &#8211; Conc\u00f2r. <\/strong>(Kostan)<\/a><\/td><td class=\"has-text-align-center\" data-align=\"center\"><a href=\"https:\/\/agora.xtec.cat\/cfaconcordia\/grups\/preparacio-per-a-les-proves-dacces-a-cicles-formatius-de-grau-superior-kostan\/\"><strong>Preparaci\u00f3 per a les proves d&#8217;acc\u00e9s a Cicles Formatius de Grau Superior <\/strong>(Kostan)<\/a><\/td><td class=\"has-text-align-center\" data-align=\"center\"><a href=\"https:\/\/agora.xtec.cat\/cfaconcordia\/grups\/preparacio-per-a-les-proves-dacces-a-la-universitat-per-a-majors-de-25-45-izan\/\"><strong>Preparaci\u00f3 per a les proves d&#8217;acc\u00e9s a la Universitat per a majors de 25\/45 <\/strong>(Izan)<\/a><\/td><\/tr><\/tbody><\/table><\/figure>\n\n\n\n<p><\/p>\n","protected":false},"excerpt":{"rendered":"<p>LLENGUA CATALANA LLENGUA CASTELLANA INSTRUMENTAL GES Catal\u00e0 1 (mat\u00ed) &#8211; Conc\u00f2rdia (Bea)Catal\u00e0 1 (mat\u00ed) &#8211; Can Puig. (Adolfo)Catal\u00e0 1 (tarda) &#8211; Can Puig. (Geles)Catal\u00e0 1 (vespre) &#8211; Conc\u00f2rdia (Judit)Catal\u00e0 2 &#8211; Conc\u00f2rdia (Marina)Catal\u00e0 3 &#8211; Conc\u00f2rdia (Miriam) Castell\u00e0 1 (mat\u00ed) &#8211; Conc\u00f2rdia (Marina)Castell\u00e01 (mat\u00ed) &#8211; Can Puig. (Adolfo)Castell\u00e01 (mat\u00ed) &#8211; Can Deu (Geles)Castell\u00e01 (tarda) &#8211; [&hellip;]<\/p>\n","protected":false},"author":20,"featured_media":0,"parent":0,"menu_order":4,"comment_status":"closed","ping_status":"closed","template":"","meta":{"_bbp_topic_count":0,"_bbp_reply_count":0,"_bbp_total_topic_count":0,"_bbp_total_reply_count":0,"_bbp_voice_count":0,"_bbp_anonymous_reply_count":0,"_bbp_topic_count_hidden":0,"_bbp_reply_count_hidden":0,"_bbp_forum_subforum_count":0,"site-sidebar-layout":"default","site-content-layout":"","ast-site-content-layout":"full-width-container","site-content-style":"default","site-sidebar-style":"default","ast-global-header-display":"","ast-banner-title-visibility":"","ast-main-header-display":"","ast-hfb-above-header-display":"","ast-hfb-below-header-display":"","ast-hfb-mobile-header-display":"","site-post-title":"","ast-breadcrumbs-content":"","ast-featured-img":"disabled","footer-sml-layout":"","theme-transparent-header-meta":"","adv-header-id-meta":"","stick-header-meta":"","header-above-stick-meta":"","header-main-stick-meta":"","header-below-stick-meta":"","astra-migrate-meta-layouts":"set","ast-page-background-enabled":"default","ast-page-background-meta":{"desktop":{"background-color":"var(--ast-global-color-4)","background-image":"","background-repeat":"repeat","background-position":"center center","background-size":"auto","background-attachment":"scroll","background-type":"","background-media":"","overlay-type":"","overlay-color":"","overlay-opacity":"","overlay-gradient":""},"tablet":{"background-color":"","background-image":"","background-repeat":"repeat","background-position":"center center","background-size":"auto","background-attachment":"scroll","background-type":"","background-media":"","overlay-type":"","overlay-color":"","overlay-opacity":"","overlay-gradient":""},"mobile":{"background-color":"","background-image":"","background-repeat":"repeat","background-position":"center center","background-size":"auto","background-attachment":"scroll","background-type":"","background-media":"","overlay-type":"","overlay-color":"","overlay-opacity":"","overlay-gradient":""}},"ast-content-background-meta":{"desktop":{"background-color":"var(--ast-global-color-5)","background-image":"","background-repeat":"repeat","background-position":"center center","background-size":"auto","background-attachment":"scroll","background-type":"","background-media":"","overlay-type":"","overlay-color":"","overlay-opacity":"","overlay-gradient":""},"tablet":{"background-color":"var(--ast-global-color-5)","background-image":"","background-repeat":"repeat","background-position":"center center","background-size":"auto","background-attachment":"scroll","background-type":"","background-media":"","overlay-type":"","overlay-color":"","overlay-opacity":"","overlay-gradient":""},"mobile":{"background-color":"var(--ast-global-color-5)","background-image":"","background-repeat":"repeat","background-position":"center center","background-size":"auto","background-attachment":"scroll","background-type":"","background-media":"","overlay-type":"","overlay-color":"","overlay-opacity":"","overlay-gradient":""}},"footnotes":""},"class_list":["post-3744","page","type-page","status-publish","hentry"],"post_mailing_queue_ids":[],"_links":{"self":[{"href":"https:\/\/agora.xtec.cat\/cfaconcordia\/wp-json\/wp\/v2\/pages\/3744","targetHints":{"allow":["GET"]}}],"collection":[{"href":"https:\/\/agora.xtec.cat\/cfaconcordia\/wp-json\/wp\/v2\/pages"}],"about":[{"href":"https:\/\/agora.xtec.cat\/cfaconcordia\/wp-json\/wp\/v2\/types\/page"}],"author":[{"embeddable":true,"href":"https:\/\/agora.xtec.cat\/cfaconcordia\/wp-json\/wp\/v2\/users\/20"}],"replies":[{"embeddable":true,"href":"https:\/\/agora.xtec.cat\/cfaconcordia\/wp-json\/wp\/v2\/comments?post=3744"}],"version-history":[{"count":6,"href":"https:\/\/agora.xtec.cat\/cfaconcordia\/wp-json\/wp\/v2\/pages\/3744\/revisions"}],"predecessor-version":[{"id":3884,"href":"https:\/\/agora.xtec.cat\/cfaconcordia\/wp-json\/wp\/v2\/pages\/3744\/revisions\/3884"}],"wp:attachment":[{"href":"https:\/\/agora.xtec.cat\/cfaconcordia\/wp-json\/wp\/v2\/media?parent=3744"}],"curies":[{"name":"wp","href":"https:\/\/api.w.org\/{rel}","templated":true}]}}