{"id":2540,"date":"2025-05-20T18:26:04","date_gmt":"2025-05-20T16:26:04","guid":{"rendered":"https:\/\/agora.xtec.cat\/cfaconcordia\/?page_id=2540"},"modified":"2025-11-10T19:09:05","modified_gmt":"2025-11-10T18:09:05","slug":"pau-25-45","status":"publish","type":"page","link":"https:\/\/agora.xtec.cat\/cfaconcordia\/ensenyaments\/oferta-formativa\/pau-25-45\/","title":{"rendered":"Preparaci\u00f3 per a les proves d&#8217;acc\u00e9s a la Universitat +25\/+45"},"content":{"rendered":"<p style=\"text-align: right;\"><a href=\"https:\/\/agora.xtec.cat\/cfaconcordia\/wp-content\/uploads\/usu1352\/2020\/06\/GUIA-PA25.pdf\"><span style=\"color: #993300;\"><strong>Guia de l\u2019alumne<\/strong><\/span><\/a><\/p>\n<ul style=\"list-style-type: square;\">\n<li>Si tens <strong>m\u00e9s de 25 anys<\/strong>, pots accedir a la universitat superant la prova d\u2019acc\u00e9s a la universitat per a m\u00e9s grans de 25 anys. Aquesta prova \u00e9s comuna per a totes les universitats de Catalunya. La prova d&#8217;acc\u00e9s per a m\u00e9s grans de 25 anys es convoca una vegada a l&#8217;any. Disposes d&#8217;un nombre il\u00b7limitat de convocat\u00f2ries per superar aquesta prova i pots presentar-te en convocat\u00f2ries posteriors per millorar la qualificaci\u00f3 obtinguda, si compleixes els requisits. La qualificaci\u00f3 obtinguda t\u00e9 validesa indefinida.<\/li>\n<li>Si tens <strong>m\u00e9s de 45 anys<\/strong>, pots accedir a la universitat superant una prova escrita i fent una entrevista personal. Un cop superada, la prova escrita t\u00e9 validesa indefinida, mentre que l&#8217;entrevista personal, obligat\u00f2ria i amb resoluci\u00f3 final d&#8217;apte\/a, ser\u00e0 v\u00e0lida durant tres anys (l\u2019any que se supera i dos anys m\u00e9s) i \u00fanicament per al mateix estudi de grau i per a la mateixa universitat per a la qual es va superar.\u00a0La prova d\u2019acc\u00e9s per a m\u00e9s grans de 45 anys es convoca una vegada a l&#8217;any. Disposes d&#8217;un nombre il\u00b7limitat de convocat\u00f2ries per superar-la. Una vegada superada la prova d&#8217;acc\u00e9s, si compleixes els requisits pots presentar-te de nou en convocat\u00f2ries posteriors per millorar la qualificaci\u00f3 obtinguda.<\/li>\n<\/ul>\n<h4><b>PLA D\u2019ESTUDIS<\/b><\/h4>\n<p>Els ensenyaments per a la preparaci\u00f3 de les proves d\u2019acc\u00e9s a la Universitat per a majors de 25 anys tenen com a continguts:<\/p>\n<h5><b>Mat\u00e8ries de la fase general<\/b><\/h5>\n<ul style=\"list-style-type: square;\">\n<li>Comentari de text<\/li>\n<li>Llengua catalana<\/li>\n<li>Llengua castellana<\/li>\n<li>Llengua estrangera (angl\u00e8s)<\/li>\n<\/ul>\n<p>Els exercicis de comentari de text, llengua catalana i llengua castellana s\u00f3n comuns a les proves per a m\u00e9s grans de 25 anys i les proves per a m\u00e9s grans de 45 anys (aquests \u00faltims estan exempts de la prova d&#8217;angl\u00e8s).<\/p>\n<h5><b>Mat\u00e8ries de la fase espec\u00edfica<\/b><\/h5>\n<p>La\u00a0<strong>fase espec\u00edfica<\/strong>\u00a0t\u00e9 com a finalitat valorar les teves habilitats, capacitats i aptituds per seguir i superar estudis vinculats a cadascuna de les branques de coneixement al voltant de les quals s&#8217;organitzen els t\u00edtols universitaris oficials de grau.<\/p>\n<p>Est\u00e0 estructurada en cinc opcions vinculades a les cinc branques de coneixement en qu\u00e8 s&#8217;articulen els t\u00edtols universitaris oficials de grau:<\/p>\n<ol>\n<li>Arts i Humanitats<\/li>\n<li>Ci\u00e8ncies<\/li>\n<li>Ci\u00e8ncies de la Salut<\/li>\n<li>Ci\u00e8ncies Socials i Jur\u00eddiques<\/li>\n<li>Enginyeria i Arquitectura<\/li>\n<\/ol>\n<p>Has d&#8217;escollir una de les cinc opcions.<\/p>\n<p>Aquesta fase consta de dos ex\u00e0mens corresponents a mat\u00e8ries vinculades a l&#8217;opci\u00f3 d&#8217;acc\u00e9s triada.<\/p>\n<p>En funci\u00f3 de l&#8217;opci\u00f3 triada a la fase espec\u00edfica, tindr\u00e0s prefer\u00e8ncia per accedir als estudis universitaris vinculats a aquella opci\u00f3. Cal tenir present que tindran prioritat d\u2019acc\u00e9s els estudiants examinats a Catalunya amb opci\u00f3 concordant, despr\u00e9s els estudiants examinats a fora de Catalunya amb opci\u00f3 concordant i finalment, si encara queden vacants, s\u2019assignar\u00e0 als estudiants amb opci\u00f3 no concordant, independentment si s\u2019han examinat a Catalunya o fora de Catalunya.<\/p>\n<p>Pots consultar a quina branca de coneixement corresponen els diferents t\u00edtols universitaris oficials de grau al\u00a0<strong><span style=\"color: #993300;\"><a style=\"color: #993300;\" href=\"https:\/\/universitats.gencat.cat\/ca\/estudis-universitaris\/cercador-estudis-universitaris\/\" target=\"_blank\" rel=\"noopener\">cercador de graus i m\u00e0sters universitaris.<\/a><\/span><\/strong><\/p>\n<table class=\"taula_base table\" style=\"width: 97.1218%; height: 1122px;\" summary=\"Sumari de la taula\" width=\"394\">\n<thead>\n<tr>\n<th><strong>Opcions d&#8217;acc\u00e9s<\/strong><\/th>\n<th><strong>Mat\u00e8ries<\/strong><\/th>\n<\/tr>\n<\/thead>\n<tbody>\n<tr>\n<td>A) Arts i humanitats<\/td>\n<td>FilosofiaGeografiaHist\u00f2ria Contempor\u00e0nia<\/p>\n<p>Hist\u00f2ria de l\u2019Art<\/p>\n<p>Literatura<\/td>\n<\/tr>\n<tr>\n<td>B) Ci\u00e8ncies<\/td>\n<td>BiologiaEstad\u00edsticaF\u00edsica<\/p>\n<p>Matem\u00e0tiques<\/p>\n<p>Qu\u00edmica<\/td>\n<\/tr>\n<tr>\n<td>C) Ci\u00e8ncies de la salut<\/td>\n<td>BiologiaEstad\u00edsticaF\u00edsica<\/p>\n<p>Matem\u00e0tiques<\/p>\n<p>Qu\u00edmica<\/td>\n<\/tr>\n<tr>\n<td>D) Ci\u00e8ncies socials i jur\u00eddiques<\/td>\n<td>Economia de l\u2019EmpresaEstad\u00edsticaGeografia<\/p>\n<p>Hist\u00f2ria Contempor\u00e0nia<\/p>\n<p>Matem\u00e0tiques<\/td>\n<\/tr>\n<tr>\n<td>E) Enginyeria i arquitectura<\/td>\n<td>Dibuix T\u00e8cnicEconomia de l\u2019EmpresaF\u00edsica<\/p>\n<p>Matem\u00e0tiques<\/p>\n<p>Qu\u00edmica<\/td>\n<\/tr>\n<\/tbody>\n<\/table>\n<h5><b>Al CFA La conc\u00f2rdia oferim les seg\u00fcents mat\u00e8ries de manera presencial:<\/b><\/h5>\n<ul style=\"list-style-type: square;\">\n<li>Geografia<\/li>\n<li>Hist\u00f2ria contempor\u00e0nia<\/li>\n<\/ul>\n<h5><b>Proves d\u2019acc\u00e9s<\/b><\/h5>\n<p>Les proves d\u2019acc\u00e9s es convoquen una vegada a l\u2019any. Cada candidat disposa d\u2019un nombre il\u00b7limitat de convocat\u00f2ries per superar-les. Una vegada superada la prova d\u2019acc\u00e9s, els candidats podran presentar-se de nou en convocat\u00f2ries posteriors per millorar la qualificaci\u00f3.<\/p>\n<p>La prova d\u2019acc\u00e9s a la universitat per a m\u00e9s grans de 25 anys, un cop superada, t\u00e9 validesa indefinida.<\/p>\n<p>Els candidats que vulguin fer les proves d\u2019acc\u00e9s per a m\u00e9s grans de 25 anys a qualsevol de les set universitats publiques de Catalunya, a la Universitat de Vic o a la Universitat Oberta de Catalunya han de formalitzar la matr\u00edcula de les proves telem\u00e0ticament al\u00a0\u00a0<strong><span style=\"color: #993300;\"><a style=\"color: #993300;\" href=\"https:\/\/accesuniversitat.gencat.cat\/\">portal d\u2019acc\u00e9s a la universitat<\/a><\/span><\/strong>\u00a0dins del termini fixat.<\/p>\n<h4><b>CONTINU\u00cfTAT<\/b><b>\u00a0<\/b><\/h4>\n<p>Les proves de m\u00e9s 25 anys un cop superades equivalen, que no convaliden, al Batxillerat; serveixen, per tant, per accedir a cicles formatius de grau superior de les mateixes fam\u00edlies per les quals s\u2019ha superat la prova (amb una nota mitjana de \u00a05 donat que \u00e9s una convalidaci\u00f3), per presentar-se a oposicions on es demana el batxillerat i per tots aquells estudis en qu\u00e8 es demani el primer nivell d\u2019estudis post-obligatoris.<\/p>\n<p>Si algun alumne vol cursar graus universitaris art\u00edstics ( M\u00fasica, Dansa, Pintura, Teatre) ha de fer la prova completa de m\u00e9s de 45 i les proves especifiques de l\u2019Escola de la seva especialitat.<\/p>\n<h4><b>CURR\u00cdCULUM<\/b><\/h4>\n<ul style=\"list-style-type: square;\">\n<li><a title=\"Ves al DOGC\" href=\"https:\/\/dogc.gencat.cat\/ca\/document-del-dogc\/?documentId=848671\" target=\"_blank\" rel=\"noopener\"><span style=\"color: #993300;\">Resoluci\u00f3 EDU\/1191\/2019, de 2 de maig<\/span><\/a>, per la qual s&#8217;estableixen els criteris de la formaci\u00f3 per a les proves d&#8217;acc\u00e9s als cicles formatius i s&#8217;estableix el proc\u00e9s d&#8217;autoritzaci\u00f3 i modificaci\u00f3 d&#8217;oferta d&#8217;aquesta formaci\u00f3 per a centres que no depenen del Departament d&#8217;Educaci\u00f3 (DOGC n\u00fam. 7870, de 8.5.2019)<\/li>\n<li><a title=\"V\u00e9s al DOGC\" href=\"http:\/\/dogc.gencat.cat\/ca\/pdogc_canals_interns\/pdogc_resultats_fitxa\/index.html?action=fitxa&amp;mode=single&amp;documentId=567520&amp;language=es_ES&amp;newLang=ca_ES\" target=\"_blank\" rel=\"noopener\"><span style=\"color: #993300;\">Resoluci\u00f3 EDU\/3983\/2010, de 9 de desembre,<\/span><\/a>\u00a0per la qual s&#8217;estableixen els temaris i els criteris d&#8217;avaluaci\u00f3 de les proves d&#8217;acc\u00e9s als cicles formatius de formaci\u00f3 professional inicial, als cicles formatius d&#8217;ensenyaments d&#8217;arts pl\u00e0stiques i disseny, i als cicles d&#8217;ensenyaments esportius (DOGC n\u00fam. 5778, de 20.12.2010)<\/li>\n<\/ul>\n<h5><b>M\u00c9S INFO<\/b><\/h5>\n<ul style=\"list-style-type: square;\">\n<li><span style=\"color: #993300;\"><a style=\"color: #993300;\" href=\"https:\/\/universitats.gencat.cat\/ca\/proves-majors\/25-anys\/\">Proves majors de 25 anys<\/a><\/span><\/li>\n<li><span style=\"color: #993300;\"><a style=\"color: #993300;\" href=\"https:\/\/universitats.gencat.cat\/ca\/proves-majors\/45-anys\/\">Proves majors de 45 anys\u00a0<\/a><\/span><\/li>\n<\/ul>\n<h5><b>HORARIS CURS 25-26<\/b><\/h5>\n<p><img loading=\"lazy\" decoding=\"async\" class=\"aligncenter size-full wp-image-3742\" src=\"https:\/\/agora.xtec.cat\/cfaconcordia\/wp-content\/uploads\/usu1352\/2025\/11\/uni.png\" alt=\"\" width=\"846\" height=\"619\" srcset=\"https:\/\/agora.xtec.cat\/cfaconcordia\/wp-content\/uploads\/usu1352\/2025\/11\/uni.png 846w, https:\/\/agora.xtec.cat\/cfaconcordia\/wp-content\/uploads\/usu1352\/2025\/11\/uni-300x220.png 300w, https:\/\/agora.xtec.cat\/cfaconcordia\/wp-content\/uploads\/usu1352\/2025\/11\/uni-768x562.png 768w\" sizes=\"auto, (max-width: 846px) 100vw, 846px\" \/><\/p>\n","protected":false},"excerpt":{"rendered":"<p>Guia de l\u2019alumne Si tens m\u00e9s de 25 anys, pots accedir a la universitat superant la prova d\u2019acc\u00e9s a la universitat per a m\u00e9s grans de 25 anys. Aquesta prova \u00e9s comuna per a totes les universitats de Catalunya. La prova d&#8217;acc\u00e9s per a m\u00e9s grans de 25 anys es convoca una vegada a l&#8217;any. [&hellip;]<\/p>\n","protected":false},"author":20,"featured_media":0,"parent":3676,"menu_order":6,"comment_status":"closed","ping_status":"closed","template":"","meta":{"_bbp_topic_count":0,"_bbp_reply_count":0,"_bbp_total_topic_count":0,"_bbp_total_reply_count":0,"_bbp_voice_count":0,"_bbp_anonymous_reply_count":0,"_bbp_topic_count_hidden":0,"_bbp_reply_count_hidden":0,"_bbp_forum_subforum_count":0,"site-sidebar-layout":"default","site-content-layout":"","ast-site-content-layout":"default","site-content-style":"default","site-sidebar-style":"default","ast-global-header-display":"","ast-banner-title-visibility":"","ast-main-header-display":"","ast-hfb-above-header-display":"","ast-hfb-below-header-display":"","ast-hfb-mobile-header-display":"","site-post-title":"","ast-breadcrumbs-content":"","ast-featured-img":"","footer-sml-layout":"","theme-transparent-header-meta":"","adv-header-id-meta":"","stick-header-meta":"","header-above-stick-meta":"","header-main-stick-meta":"","header-below-stick-meta":"","astra-migrate-meta-layouts":"set","ast-page-background-enabled":"default","ast-page-background-meta":{"desktop":{"background-color":"var(--ast-global-color-4)","background-image":"","background-repeat":"repeat","background-position":"center center","background-size":"auto","background-attachment":"scroll","background-type":"","background-media":"","overlay-type":"","overlay-color":"","overlay-opacity":"","overlay-gradient":""},"tablet":{"background-color":"","background-image":"","background-repeat":"repeat","background-position":"center center","background-size":"auto","background-attachment":"scroll","background-type":"","background-media":"","overlay-type":"","overlay-color":"","overlay-opacity":"","overlay-gradient":""},"mobile":{"background-color":"","background-image":"","background-repeat":"repeat","background-position":"center center","background-size":"auto","background-attachment":"scroll","background-type":"","background-media":"","overlay-type":"","overlay-color":"","overlay-opacity":"","overlay-gradient":""}},"ast-content-background-meta":{"desktop":{"background-color":"var(--ast-global-color-5)","background-image":"","background-repeat":"repeat","background-position":"center center","background-size":"auto","background-attachment":"scroll","background-type":"","background-media":"","overlay-type":"","overlay-color":"","overlay-opacity":"","overlay-gradient":""},"tablet":{"background-color":"var(--ast-global-color-5)","background-image":"","background-repeat":"repeat","background-position":"center center","background-size":"auto","background-attachment":"scroll","background-type":"","background-media":"","overlay-type":"","overlay-color":"","overlay-opacity":"","overlay-gradient":""},"mobile":{"background-color":"var(--ast-global-color-5)","background-image":"","background-repeat":"repeat","background-position":"center center","background-size":"auto","background-attachment":"scroll","background-type":"","background-media":"","overlay-type":"","overlay-color":"","overlay-opacity":"","overlay-gradient":""}},"footnotes":""},"class_list":["post-2540","page","type-page","status-publish","hentry"],"post_mailing_queue_ids":[],"_links":{"self":[{"href":"https:\/\/agora.xtec.cat\/cfaconcordia\/wp-json\/wp\/v2\/pages\/2540","targetHints":{"allow":["GET"]}}],"collection":[{"href":"https:\/\/agora.xtec.cat\/cfaconcordia\/wp-json\/wp\/v2\/pages"}],"about":[{"href":"https:\/\/agora.xtec.cat\/cfaconcordia\/wp-json\/wp\/v2\/types\/page"}],"author":[{"embeddable":true,"href":"https:\/\/agora.xtec.cat\/cfaconcordia\/wp-json\/wp\/v2\/users\/20"}],"replies":[{"embeddable":true,"href":"https:\/\/agora.xtec.cat\/cfaconcordia\/wp-json\/wp\/v2\/comments?post=2540"}],"version-history":[{"count":6,"href":"https:\/\/agora.xtec.cat\/cfaconcordia\/wp-json\/wp\/v2\/pages\/2540\/revisions"}],"predecessor-version":[{"id":3743,"href":"https:\/\/agora.xtec.cat\/cfaconcordia\/wp-json\/wp\/v2\/pages\/2540\/revisions\/3743"}],"up":[{"embeddable":true,"href":"https:\/\/agora.xtec.cat\/cfaconcordia\/wp-json\/wp\/v2\/pages\/3676"}],"wp:attachment":[{"href":"https:\/\/agora.xtec.cat\/cfaconcordia\/wp-json\/wp\/v2\/media?parent=2540"}],"curies":[{"name":"wp","href":"https:\/\/api.w.org\/{rel}","templated":true}]}}