{"id":265,"date":"2015-01-27T17:28:56","date_gmt":"2015-01-27T16:28:56","guid":{"rendered":"http:\/\/agora.xtec.cat\/cfaclot\/?page_id=265"},"modified":"2019-10-07T12:27:00","modified_gmt":"2019-10-07T10:27:00","slug":"organitzacio-interna","status":"publish","type":"page","link":"https:\/\/agora.xtec.cat\/cfaclot\/el-centre\/organitzacio-interna\/","title":{"rendered":"Organitzaci\u00f3 interna"},"content":{"rendered":"<p>El Claustre del Professorat de l&#8217;escola est\u00e0 format per 11 professors i professores amb llarga experi\u00e8ncia en la formaci\u00f3 de persones adultes.<\/p>\n<p>El Consell Escolar \u00e9s l&#8217;\u00f2rgan de representaci\u00f3 dels diferents col.lectius de la comunitat educativa i de l&#8217;administraci\u00f3.<\/p>\n<p><strong>EQUIP DIRECTIU<\/strong><\/p>\n<p>Director: Xavier \u00cd\u00f1iguez<\/p>\n<p>Cap d&#8217;Estudis: Teresa Llad\u00f3<\/p>\n<p>Secretari: Albert Granollers<\/p>\n<p>Podeu sol.licitar entrevista telef\u00f2nicament o per correu electr\u00f2nic.<\/p>\n","protected":false},"excerpt":{"rendered":"<p>El Claustre del Professorat de l&#8217;escola est\u00e0 format per 11 professors i professores amb llarga experi\u00e8ncia en la formaci\u00f3 de persones adultes.<br \/>\nEl Consell Escolar \u00e9s l&#8217;\u00f2rgan de representaci\u00f3 dels diferents col.lectius de la comunitat educativa i de l&#8217;administraci\u00f3.<br \/>\nEQUIP DIRECTIU<br \/>\nDirector: Xavier \u00cd\u00f1iguez<br \/>\nCap d&#8217;Estudis: Teresa Llad\u00f3<br \/>\nSecretari: Albert&hellip;  <a href=\"https:\/\/agora.xtec.cat\/cfaclot\/el-centre\/organitzacio-interna\/\" title=\"Read Organitzaci\u00f3 interna\">Llegeix m\u00e9s\u00bb<\/a><\/p>\n","protected":false},"author":1,"featured_media":0,"parent":261,"menu_order":40,"comment_status":"closed","ping_status":"closed","template":"page-templates\/side-menu.php","meta":{"_bbp_topic_count":0,"_bbp_reply_count":0,"_bbp_total_topic_count":0,"_bbp_total_reply_count":0,"_bbp_voice_count":0,"_bbp_anonymous_reply_count":0,"_bbp_topic_count_hidden":0,"_bbp_reply_count_hidden":0,"_bbp_forum_subforum_count":0,"footnotes":""},"class_list":["post-265","page","type-page","status-publish","hentry"],"post_mailing_queue_ids":[],"_links":{"self":[{"href":"https:\/\/agora.xtec.cat\/cfaclot\/wp-json\/wp\/v2\/pages\/265","targetHints":{"allow":["GET"]}}],"collection":[{"href":"https:\/\/agora.xtec.cat\/cfaclot\/wp-json\/wp\/v2\/pages"}],"about":[{"href":"https:\/\/agora.xtec.cat\/cfaclot\/wp-json\/wp\/v2\/types\/page"}],"author":[{"embeddable":true,"href":"https:\/\/agora.xtec.cat\/cfaclot\/wp-json\/wp\/v2\/users\/1"}],"replies":[{"embeddable":true,"href":"https:\/\/agora.xtec.cat\/cfaclot\/wp-json\/wp\/v2\/comments?post=265"}],"version-history":[{"count":3,"href":"https:\/\/agora.xtec.cat\/cfaclot\/wp-json\/wp\/v2\/pages\/265\/revisions"}],"predecessor-version":[{"id":795,"href":"https:\/\/agora.xtec.cat\/cfaclot\/wp-json\/wp\/v2\/pages\/265\/revisions\/795"}],"up":[{"embeddable":true,"href":"https:\/\/agora.xtec.cat\/cfaclot\/wp-json\/wp\/v2\/pages\/261"}],"wp:attachment":[{"href":"https:\/\/agora.xtec.cat\/cfaclot\/wp-json\/wp\/v2\/media?parent=265"}],"curies":[{"name":"wp","href":"https:\/\/api.w.org\/{rel}","templated":true}]}}