{"id":819,"date":"2019-02-05T19:39:26","date_gmt":"2019-02-05T18:39:26","guid":{"rendered":"http:\/\/agora.xtec.cat\/cfacatalonia\/?page_id=819"},"modified":"2022-12-12T12:26:48","modified_gmt":"2022-12-12T11:26:48","slug":"projectes-europeus","status":"publish","type":"page","link":"https:\/\/agora.xtec.cat\/cfacatalonia\/el-centre\/projectes-europeus\/","title":{"rendered":"Projectes Europeus"},"content":{"rendered":"<h2 style=\"text-align: center;\"><strong>PROJECTES EUROPEUS ERASMUS<\/strong><\/h2>\n<h5><strong>ERASMUS KA2:<\/strong><\/h5>\n<ul>\n<li><u>T\u00edtol:<\/u> <em>Languages Opening Gates to Society (logs).<\/em> L&#8217;objectiu \u00e9s compartir bones pr\u00e0ctiques d&#8217;aprenentatge de lleng\u00fces estrangeres entre els quatre centres educatius que formem part del projecte i desenvolupar noves pr\u00e0ctiques i m\u00e8todes que poden ser \u00e0mpliament utilitzats per beneficiar els nostres estudiants de manera global.<\/li>\n<li>Centres \u00a0participants: Goteborg. Tartu. Poprad i L\u2019Hospitalet de Llobregat:<\/li>\n<\/ul>\n<p>1a mobilitat: Octubre 2017 Goteborg \u00a0(Su\u00e8cia). Enlla\u00e7 a les Fotos: <a href=\"https:\/\/photos.app.goo.gl\/qd6Qhfkf9NCyAxNG9\">FOTOS GOTEBORG 2017<\/a><\/p>\n<p>2a mobilitat: Abril 2018 L\u2019Hospitalet de\u00a0 Llobregat. Enlla\u00e7 a les Fotos: <a href=\"https:\/\/photos.app.goo.gl\/9sursyVqGX7AwnJo6\">FOTOS L&#8217;HOSPITALET 2018<\/a><\/p>\n<p>3a mobilitat: Octubre 2018 Tartu (Est\u00f2nia). Enlla\u00e7 a les Fotos: <a href=\"https:\/\/photos.app.goo.gl\/my71V29Ni93G9hqdA\">FOTOS TARTU 2018<\/a><\/p>\n<p>4a mobilitat: Mar\u00e7 2019\u00a0 Poprad\u00a0 (Eslov\u00e0quia). Enlla\u00e7 a les Fotos: <a href=\"https:\/\/photos.app.goo.gl\/ivmzLmLX1YHbeCxF8\">FOTOS POPRAD 2019<\/a><\/p>\n<p><strong>\u00a0<\/strong><\/p>\n<h5><strong>ERASMUS KA1:<\/strong><\/h5>\n<ul>\n<li><u>T\u00edtol<\/u><em>: La millora de la qualitat educativa despr\u00e9s de la implementaci\u00f3 de les compet\u00e8ncies transversals en l&#8217;equip de gesti\u00f3 del centre i a trav\u00e9s de l&#8217;ensenyament de les lleng\u00fces estrangeres i la seva dimensi\u00f3 europea<\/em>.<\/li>\n<li>Participants:\u00a0 Marisa Ruiz\u00a0 (coordinadora projectes europeus) i Dolors Pijuan (directora del centre)<\/li>\n<\/ul>\n<p><strong>1) <\/strong>Novembre 2017, Bolonya.<\/p>\n<p>Seminari\u00a0 <em>SOFT SKILLS<\/em> :\u00a0 teamwork, lideratge, comunicaci\u00f3 interpersonal, conceptes b\u00e0sics de programaci\u00f3 neuroling\u00fc\u00edstica, motivaci\u00f3 de l\u2019equip\u00a0 de professors, teoria de l\u2019organitzaci\u00f3 de reunions en equip,\u00a0 activitats de seguiment i activitats culturals relacionades amb l\u2019entorn del pa\u00eds on es du\u00a0 a terme aquest\u00a0 seminari(It\u00e0lia).<\/p>\n<p>Per veure imatges de l&#8217;estan\u00e7a podeu anar al seg\u00fcent enlla\u00e7: <a href=\"https:\/\/photos.app.goo.gl\/S8x2izH179yTfD4bA\">FOTOS BOLONYA 2017<\/a><\/p>\n<p><strong>2) <\/strong>Novembre 2018, Berl\u00edn.<\/p>\n<p>Seminari CLASROOM MANAGEMETNT SOLUTIONS FOR TEACHERS: noves metodologies, motivaci\u00f3, cooperaci\u00f3, estrat\u00e8gies d\u2019avaluaci\u00f3 i activitats de seguiment i activitats culturals relacionades amb l\u2019entorn del pa\u00eds on es du \u00a0a terme aquest\u00a0 seminari (Alemanya).<\/p>\n<p>Per veure imatges de l&#8217;estan\u00e7a podeu anar al seg\u00fcent enlla\u00e7: <a href=\"https:\/\/photos.app.goo.gl\/G2q5RCNYaVGb7N3YA\">FOTOS BERL\u00cdN 2018<\/a><\/p>\n<p>&nbsp;<\/p>\n<h5><strong>ERASMUS KA1:<\/strong><\/h5>\n<ul>\n<li><em>T\u00edtol: L\u2019exploraci\u00f3 del patrimoni cultural europeu en l\u2019ensenyament de les lleng\u00fces\u00a0 per al foment de la ciutadania europea i els seus valors democr\u00e0tics: inclusi\u00f3, equitat, cohesi\u00f3 i integraci\u00f3.<\/em><\/li>\n<li>Participants:\u00a0 Marisa Ruiz\u00a0 (coordinadora projectes europeus) i Dolors Pijuan (directora del centre)<\/li>\n<\/ul>\n<ol>\n<li>Octubre 2019, Dublin (Irlanda)<\/li>\n<\/ol>\n<p>Seminari: \u00a0Llengua anglesa i cultura per a educadors. <a href=\"https:\/\/photos.app.goo.gl\/9qmedci4qttsZ1TU6\">FOTOS DUBLIN 2019<\/a><\/p>\n<ol start=\"2\">\n<li>Febrer 2020 , Kalamata (Gr\u00e8cia)<\/li>\n<\/ol>\n<p>Seminari: Recorregut per museus: com integrem la hist\u00f2ria a la nostra classe de llengua. <a href=\"https:\/\/photos.app.goo.gl\/T9ue3SdkdeZkCkop9\">FOTOS KALAMATA 2020<\/a><\/p>\n<p>&nbsp;<\/p>\n<h5><strong>ERASMUS KA1:<\/strong><\/h5>\n<ul>\n<li><u>T\u00edtol:<\/u>. La millora de les metodologies en lleng\u00fces estrangeres, a trav\u00e9s del desenvolupament de les compet\u00e8ncies en comunicaci\u00f3 ling\u00fc\u00edstica i aprendre a aprendre, fomentant l\u2019aprenentatge al llarg\u00a0 de la vida i l\u2019empleabilitat en l\u2019 Europa del segle XXI.<\/li>\n<li>Participants:\u00a0 Marisa Ruiz\u00a0 (coordinadora projectes europeus) i Dolors Pijuan (directora del centre)<\/li>\n<\/ul>\n<ol>\n<li>Maig 2021, Flor\u00e8ncia (It\u00e0lia). <a href=\"https:\/\/photos.app.goo.gl\/WzxfrLV7sQqrNE9z9\">FOTOS FLOR\u00c8NCIA 2021<\/a><\/li>\n<\/ol>\n<p>Seminari: \u00a0The 4Cs: Creativity, Critical Thinking, Communication and Collaboration in Schools.<\/p>\n<ol start=\"2\">\n<li>Octubre 2021, Split (Cro\u00e0cia). <a href=\"https:\/\/photos.app.goo.gl\/UhRkP37vqauLPHmP7\">FOTOS SPLIT 2021<\/a><\/li>\n<\/ol>\n<p>Seminari: Enhancing Motivation Strategies in the Contemporary Classroom<\/p>\n<p>&nbsp;<\/p>\n<h5><strong>ACREDITACI\u00d3 ERASMUS 21-27<\/strong><\/h5>\n<p>El CFA Catal\u00f2nia \u00a0\u00e9s una de les 45 institucions que treballen en el \u00e0mbit de l\u2019Educaci\u00f3 d\u2019Adults a l\u2019estat\u00a0 espanyol que ha estat seleccionat en la convocat\u00f2ria d\u2019acreditaci\u00f3 Erasmus K-120.<\/p>\n<p>L\u2019acreditaci\u00f3 Erasmus possibilita oportunitats de mobilitat per a l\u2019aprenentatge dels docents i ajuda \u00a0l\u2019escola a desenvolupar \u00a0els seu projecte educatiu. Aquesta acreditaci\u00f3 t\u00e9 validesa durant el per\u00edode 2021-2027.<\/p>\n<p>Els objectius del nostre Pla Erasmus s\u00f3n:<\/p>\n<p><u>Objectiu 1<\/u>.- La millora de la qualitat educativa per tal de fomentar la ciutadania europea I els seus valors democr\u00e0tics;:\u00a0 inclusi\u00f3, equitat, cohesi\u00f3 i integraci\u00f3 social tot fomentant\u00a0 l\u2019aprenentatge al llarg de la vida.<\/p>\n<p><u>Objectiu <\/u>2.- Millorar la compet\u00e8ncia metodol\u00f2gica dels docents I aix\u00ed, augmentar la qualitat de l\u2019oferta educativa tot potenciant la qualitat dels processos d\u2019ensenyament-aprenentatge.<\/p>\n<p><u>Objectiu 3<\/u>.- Millora de les compet\u00e8ncies b\u00e0siques: comunicativa, aprendre a aprendre, compet\u00e8ncia digital I compet\u00e8ncia cient\u00edfic-tecnol\u00f2gica.<\/p>\n<p>&nbsp;<\/p>\n<h5><strong>1a Mobilitat Acreditaci\u00f3.<\/strong><\/h5>\n<p>T\u00edtol:\u00a0 Desenvolupar les habilitats docents del segle XXI<\/p>\n<p>Maig 2022, Reykjavik (Isl\u00e0ndia). <a href=\"https:\/\/photos.app.goo.gl\/nhCeYCME5511XF9A6\">VIDEO REYKJAVIK<\/a><\/p>\n<p>Participants:\u00a0 Marisa Ruiz (coordinadora de projectes europeus), Dolors Pijuan (directora del centre) Olga Alonso (Coordinadora d\u2019inform\u00e0tica).<\/p>\n<p>&nbsp;<\/p>\n<h5><strong>2a\u00a0 Mobilitat Acreditaci\u00f3<\/strong><\/h5>\n<p>T\u00edtol: The Best Social Media and Web Solutions for your Classroom<\/p>\n<p>29 d&#8217;agost-3 de setembre de 2022, Nice (Fran\u00e7a). <a href=\"https:\/\/photos.app.goo.gl\/gT7YY1tN7ykDSL267\" target=\"_blank\" rel=\"noopener\">FOTOS NICE<\/a><\/p>\n<p>Participants: Marisa Ruiz (coordinadora de projectes europeus), Juan Vicente Aparisi (professor d&#8217;angl\u00e8s), Carles G\u00f2mez (professor de franc\u00e8s).<\/p>\n<p>&nbsp;<\/p>\n<h5><strong>3a Mobilitat Acreditaci\u00f3<\/strong><\/h5>\n<p>T\u00edtol: Innovative pedagogical and didactical approaches to teaching.<\/p>\n<p>6-12 de novembre, Mil\u00e0 (It\u00e0lia). <a href=\"https:\/\/photos.app.goo.gl\/TQNDuP22TeToVsoz5\" target=\"_blank\" rel=\"noopener\">FOTOS MIL\u00c0<\/a><\/p>\n<p>Participants: Marisa Ruiz (coordinadora de projectes europeus), Dolors Pijuan (directora del centre)<\/p>\n","protected":false},"excerpt":{"rendered":"<p>PROJECTES EUROPEUS ERASMUS<br \/>\nERASMUS KA2:<\/p>\n<ul>\n<li>T\u00edtol: Languages Opening Gates to Society (logs). L&#8217;objectiu \u00e9s compartir bones pr\u00e0ctiques d&#8217;aprenentatge de lleng\u00fces estrangeres entre els quatre centres educatius que formem part del projecte i desenvolupar noves pr\u00e0ctiques i m\u00e8todes que poden ser \u00e0mpliament utilitzats per beneficiar els nostres estudiants&hellip;  <a href=\"https:\/\/agora.xtec.cat\/cfacatalonia\/el-centre\/projectes-europeus\/\" title=\"Read Projectes Europeus\">Llegeix m\u00e9s\u00bb<\/a><br \/>\n","protected":false},"author":1,"featured_media":0,"parent":261,"menu_order":0,"comment_status":"closed","ping_status":"closed","template":"","meta":{"_bbp_topic_count":0,"_bbp_reply_count":0,"_bbp_total_topic_count":0,"_bbp_total_reply_count":0,"_bbp_voice_count":0,"_bbp_anonymous_reply_count":0,"_bbp_topic_count_hidden":0,"_bbp_reply_count_hidden":0,"_bbp_forum_subforum_count":0,"footnotes":""},"class_list":["post-819","page","type-page","status-publish","hentry"],"post_mailing_queue_ids":[],"_links":{"self":[{"href":"https:\/\/agora.xtec.cat\/cfacatalonia\/wp-json\/wp\/v2\/pages\/819","targetHints":{"allow":["GET"]}}],"collection":[{"href":"https:\/\/agora.xtec.cat\/cfacatalonia\/wp-json\/wp\/v2\/pages"}],"about":[{"href":"https:\/\/agora.xtec.cat\/cfacatalonia\/wp-json\/wp\/v2\/types\/page"}],"author":[{"embeddable":true,"href":"https:\/\/agora.xtec.cat\/cfacatalonia\/wp-json\/wp\/v2\/users\/1"}],"replies":[{"embeddable":true,"href":"https:\/\/agora.xtec.cat\/cfacatalonia\/wp-json\/wp\/v2\/comments?post=819"}],"version-history":[{"count":4,"href":"https:\/\/agora.xtec.cat\/cfacatalonia\/wp-json\/wp\/v2\/pages\/819\/revisions"}],"predecessor-version":[{"id":1300,"href":"https:\/\/agora.xtec.cat\/cfacatalonia\/wp-json\/wp\/v2\/pages\/819\/revisions\/1300"}],"up":[{"embeddable":true,"href":"https:\/\/agora.xtec.cat\/cfacatalonia\/wp-json\/wp\/v2\/pages\/261"}],"wp:attachment":[{"href":"https:\/\/agora.xtec.cat\/cfacatalonia\/wp-json\/wp\/v2\/media?parent=819"}],"curies":[{"name":"wp","href":"https:\/\/api.w.org\/{rel}","templated":true}]}}