{"id":305,"date":"2015-01-28T11:24:04","date_gmt":"2015-01-28T10:24:04","guid":{"rendered":"http:\/\/agora.xtec.cat\/cfacatalonia\/?page_id=305"},"modified":"2020-10-23T10:54:44","modified_gmt":"2020-10-23T08:54:44","slug":"curs-dacces-als-cicles-de-grau-mitja","status":"publish","type":"page","link":"https:\/\/agora.xtec.cat\/cfacatalonia\/ensenyaments\/ensenyaments-inicials-i-formacio-basica\/curs-dacces-als-cicles-de-grau-mitja\/","title":{"rendered":"Curs espec\u00edfic d&#8217;acc\u00e9s als cicles de grau mitj\u00e0 (CAM)"},"content":{"rendered":"<p>De 15:00 a 19:30, de dilluns a dijous, durant el curs 2020-2021, podeu seguir el Curs espec\u00edfic d&#8217;acc\u00e9s al cicles de grau mitj\u00e0. Si el supereu, podeu preinscriure-us al CFGM de la vostra elecci\u00f3 i matricular-vos si hi ha places.<br \/>\nTeniu m\u00e9s informaci\u00f3 a <a href=\"http:\/\/queestudiar.gencat.cat\/ca\/estudis\/acces-cicles\/gm\/\" target=\"_blank\" rel=\"noopener noreferrer\">http:\/\/queestudiar.gencat.cat\/ca\/estudis\/acces-cicles\/gm\/<\/a><\/p>\n","protected":false},"excerpt":{"rendered":"<p>De 15:00 a 19:30, de dilluns a dijous, durant el curs 2020-2021, podeu seguir el Curs espec\u00edfic d&#8217;acc\u00e9s al cicles de grau mitj\u00e0. Si el supereu, podeu preinscriure-us al CFGM de la vostra elecci\u00f3 i matricular-vos si hi ha places.<br \/>\nTeniu m\u00e9s informaci\u00f3 a <a href=\"http:\/\/queestudiar.gencat.cat\/ca\/estudis\/acces-cicles\/gm\/\"&hellip;  <a href=\"https:\/\/agora.xtec.cat\/cfacatalonia\/ensenyaments\/ensenyaments-inicials-i-formacio-basica\/curs-dacces-als-cicles-de-grau-mitja\/\" title=\"Read Curs espec\u00edfic d&#8217;acc\u00e9s als cicles de grau mitj\u00e0 (CAM)\">Llegeix m\u00e9s\u00bb<\/a><\/p>\n","protected":false},"author":1,"featured_media":0,"parent":283,"menu_order":0,"comment_status":"closed","ping_status":"closed","template":"page-templates\/side-menu.php","meta":{"_bbp_topic_count":0,"_bbp_reply_count":0,"_bbp_total_topic_count":0,"_bbp_total_reply_count":0,"_bbp_voice_count":0,"_bbp_anonymous_reply_count":0,"_bbp_topic_count_hidden":0,"_bbp_reply_count_hidden":0,"_bbp_forum_subforum_count":0,"footnotes":""},"class_list":["post-305","page","type-page","status-publish","hentry"],"post_mailing_queue_ids":[],"_links":{"self":[{"href":"https:\/\/agora.xtec.cat\/cfacatalonia\/wp-json\/wp\/v2\/pages\/305","targetHints":{"allow":["GET"]}}],"collection":[{"href":"https:\/\/agora.xtec.cat\/cfacatalonia\/wp-json\/wp\/v2\/pages"}],"about":[{"href":"https:\/\/agora.xtec.cat\/cfacatalonia\/wp-json\/wp\/v2\/types\/page"}],"author":[{"embeddable":true,"href":"https:\/\/agora.xtec.cat\/cfacatalonia\/wp-json\/wp\/v2\/users\/1"}],"replies":[{"embeddable":true,"href":"https:\/\/agora.xtec.cat\/cfacatalonia\/wp-json\/wp\/v2\/comments?post=305"}],"version-history":[{"count":4,"href":"https:\/\/agora.xtec.cat\/cfacatalonia\/wp-json\/wp\/v2\/pages\/305\/revisions"}],"predecessor-version":[{"id":1042,"href":"https:\/\/agora.xtec.cat\/cfacatalonia\/wp-json\/wp\/v2\/pages\/305\/revisions\/1042"}],"up":[{"embeddable":true,"href":"https:\/\/agora.xtec.cat\/cfacatalonia\/wp-json\/wp\/v2\/pages\/283"}],"wp:attachment":[{"href":"https:\/\/agora.xtec.cat\/cfacatalonia\/wp-json\/wp\/v2\/media?parent=305"}],"curies":[{"name":"wp","href":"https:\/\/api.w.org\/{rel}","templated":true}]}}

Curs específic d&#8217;accés als cicles de grau mitjà (CAM)

<p>De 15:00 a 19:30, de dilluns a dijous, durant el curs 2020-2021, podeu seguir el Curs específic d&#8217;accés al cicles de grau mitjà. Si el supereu, podeu preinscriure-us al CFGM de la vostra elecció i matricular-vos si hi ha places.<br />
Teniu més informació a <a href="http://queestudiar.gencat.cat/ca/estudis/acces-cicles/gm/" target="_blank" rel="noopener noreferrer">http://queestudiar.gencat.cat/ca/estudis/acces-cicles/gm/</a></p>

<p>De 15:00 a 19:30, de dilluns a dijous, durant el curs 2020-2021, podeu seguir el Curs específic d&#8217;accés al cicles de grau mitjà. Si el supereu, podeu preinscriure-us al CFGM de la vostra elecció i matricular-vos si hi ha places.<br />
Teniu més informació a <a href="http://queestudiar.gencat.cat/ca/estudis/acces-cicles/gm/"&hellip;  <a href="https://agora.xtec.cat/cfacatalonia/ensenyaments/ensenyaments-inicials-i-formacio-basica/curs-dacces-als-cicles-de-grau-mitja/" title="Read Curs específic d&#8217;accés als cicles de grau mitjà (CAM)">Llegeix més»</a></p>
