{"id":1731,"date":"2025-11-28T10:49:48","date_gmt":"2025-11-28T09:49:48","guid":{"rendered":"https:\/\/agora.xtec.cat\/cfacatalonia\/wp-content\/uploads\/usu1479\/2025\/11\/1764320286396.jpg"},"modified":"2025-11-28T10:50:13","modified_gmt":"2025-11-28T09:50:13","slug":"1764320286396","status":"inherit","type":"attachment","link":"https:\/\/agora.xtec.cat\/cfacatalonia\/pagines-dinici\/attachment\/1764320286396\/","title":{"rendered":"1764320286396"},"author":1,"featured_media":0,"comment_status":"open","ping_status":"closed","template":"","meta":{"_bbp_topic_count":0,"_bbp_reply_count":0,"_bbp_total_topic_count":0,"_bbp_total_reply_count":0,"_bbp_voice_count":0,"_bbp_anonymous_reply_count":0,"_bbp_topic_count_hidden":0,"_bbp_reply_count_hidden":0,"_bbp_forum_subforum_count":0},"class_list":["post-1731","attachment","type-attachment","status-inherit","hentry"],"description":{"rendered":"<p class=\"attachment\"><a href='https:\/\/agora.xtec.cat\/cfacatalonia\/wp-content\/uploads\/usu1479\/2025\/11\/1764320286396.jpg'><img loading=\"lazy\" decoding=\"async\" width=\"214\" height=\"300\" src=\"https:\/\/agora.xtec.cat\/cfacatalonia\/wp-content\/uploads\/usu1479\/2025\/11\/1764320286396-214x300.jpg\" class=\"attachment-medium size-medium\" alt=\"\" srcset=\"https:\/\/agora.xtec.cat\/cfacatalonia\/wp-content\/uploads\/usu1479\/2025\/11\/1764320286396-214x300.jpg 214w, https:\/\/agora.xtec.cat\/cfacatalonia\/wp-content\/uploads\/usu1479\/2025\/11\/1764320286396-731x1024.jpg 731w, https:\/\/agora.xtec.cat\/cfacatalonia\/wp-content\/uploads\/usu1479\/2025\/11\/1764320286396-768x1077.jpg 768w, https:\/\/agora.xtec.cat\/cfacatalonia\/wp-content\/uploads\/usu1479\/2025\/11\/1764320286396-1096x1536.jpg 1096w, https:\/\/agora.xtec.cat\/cfacatalonia\/wp-content\/uploads\/usu1479\/2025\/11\/1764320286396.jpg 1461w\" sizes=\"auto, (max-width: 214px) 100vw, 214px\" \/><\/a><\/p>\n<p>Nous cursos intensius de catal\u00e0 i castell\u00e0 al CFA Catal\u00f2nia:<\/p>\n<p>Curs de catal\u00e01:<br \/>\nDilluns, dimecres i dijous de 15 a 17H.<\/p>\n<p>Curs de castell\u00e01:<br \/>\nDilluns i dimecres de 17 a 19H.<br \/>\nDimarts de 18:30 a 20:30.<\/p>\n<p>MATR\u00cdCULA: Divendres 16 de gener de 10 a 13H i Dimarts 20 de gener de 15 a 16:30H.<\/p>\n"},"caption":{"rendered":"<p>NOUS CURSOS INTENSIUS DE CATAL\u00c0 I CASTELL\u00c0 AL CFA CATAL\u00d2NIA.&hellip;  <a href=\"https:\/\/agora.xtec.cat\/cfacatalonia\/pagines-dinici\/attachment\/1764320286396\/\" title=\"Read 1764320286396\">Llegeix m\u00e9s\u00bb<\/a><\/p>\n"},"alt_text":"","media_type":"image","mime_type":"image\/jpeg","media_details":{"width":1461,"height":2048,"file":"2025\/11\/1764320286396.jpg","filesize":642442,"sizes":{"medium":{"file":"1764320286396-214x300.jpg","width":214,"height":300,"filesize":18182,"mime_type":"image\/jpeg","source_url":"https:\/\/agora.xtec.cat\/cfacatalonia\/wp-content\/uploads\/usu1479\/2025\/11\/1764320286396-214x300.jpg"},"large":{"file":"1764320286396-731x1024.jpg","width":731,"height":1024,"filesize":147489,"mime_type":"image\/jpeg","source_url":"https:\/\/agora.xtec.cat\/cfacatalonia\/wp-content\/uploads\/usu1479\/2025\/11\/1764320286396-731x1024.jpg"},"thumbnail":{"file":"1764320286396-150x150.jpg","width":150,"height":150,"filesize":7033,"mime_type":"image\/jpeg","source_url":"https:\/\/agora.xtec.cat\/cfacatalonia\/wp-content\/uploads\/usu1479\/2025\/11\/1764320286396-150x150.jpg"},"medium_large":{"file":"1764320286396-768x1077.jpg","width":768,"height":1077,"filesize":167629,"mime_type":"image\/jpeg","source_url":"https:\/\/agora.xtec.cat\/cfacatalonia\/wp-content\/uploads\/usu1479\/2025\/11\/1764320286396-768x1077.jpg"},"1536x1536":{"file":"1764320286396-1096x1536.jpg","width":1096,"height":1536,"filesize":365426,"mime_type":"image\/jpeg","source_url":"https:\/\/agora.xtec.cat\/cfacatalonia\/wp-content\/uploads\/usu1479\/2025\/11\/1764320286396-1096x1536.jpg"},"thumb-300":{"file":"1764320286396-300x250.jpg","width":300,"height":250,"filesize":18713,"mime_type":"image\/jpeg","source_url":"https:\/\/agora.xtec.cat\/cfacatalonia\/wp-content\/uploads\/usu1479\/2025\/11\/1764320286396-300x250.jpg"},"thumb-200":{"file":"1764320286396-200x150.jpg","width":200,"height":150,"filesize":9131,"mime_type":"image\/jpeg","source_url":"https:\/\/agora.xtec.cat\/cfacatalonia\/wp-content\/uploads\/usu1479\/2025\/11\/1764320286396-200x150.jpg"},"full":{"file":"1764320286396.jpg","width":1461,"height":2048,"mime_type":"image\/jpeg","source_url":"https:\/\/agora.xtec.cat\/cfacatalonia\/wp-content\/uploads\/usu1479\/2025\/11\/1764320286396.jpg"}},"image_meta":{"aperture":"0","credit":"","camera":"","caption":"","created_timestamp":"0","copyright":"","focal_length":"0","iso":"0","shutter_speed":"0","title":"","orientation":"0","keywords":[]}},"post":7,"source_url":"https:\/\/agora.xtec.cat\/cfacatalonia\/wp-content\/uploads\/usu1479\/2025\/11\/1764320286396.jpg","_links":{"self":[{"href":"https:\/\/agora.xtec.cat\/cfacatalonia\/wp-json\/wp\/v2\/media\/1731","targetHints":{"allow":["GET"]}}],"collection":[{"href":"https:\/\/agora.xtec.cat\/cfacatalonia\/wp-json\/wp\/v2\/media"}],"about":[{"href":"https:\/\/agora.xtec.cat\/cfacatalonia\/wp-json\/wp\/v2\/types\/attachment"}],"author":[{"embeddable":true,"href":"https:\/\/agora.xtec.cat\/cfacatalonia\/wp-json\/wp\/v2\/users\/1"}],"replies":[{"embeddable":true,"href":"https:\/\/agora.xtec.cat\/cfacatalonia\/wp-json\/wp\/v2\/comments?post=1731"}]}}

<p class="attachment"><a href='https://agora.xtec.cat/cfacatalonia/wp-content/uploads/usu1479/2025/11/1764320286396.jpg'><img loading="lazy" decoding="async" width="214" height="300" src="https://agora.xtec.cat/cfacatalonia/wp-content/uploads/usu1479/2025/11/1764320286396-214x300.jpg" class="attachment-medium size-medium" alt="" srcset="https://agora.xtec.cat/cfacatalonia/wp-content/uploads/usu1479/2025/11/1764320286396-214x300.jpg 214w, https://agora.xtec.cat/cfacatalonia/wp-content/uploads/usu1479/2025/11/1764320286396-731x1024.jpg 731w, https://agora.xtec.cat/cfacatalonia/wp-content/uploads/usu1479/2025/11/1764320286396-768x1077.jpg 768w, https://agora.xtec.cat/cfacatalonia/wp-content/uploads/usu1479/2025/11/1764320286396-1096x1536.jpg 1096w, https://agora.xtec.cat/cfacatalonia/wp-content/uploads/usu1479/2025/11/1764320286396.jpg 1461w" sizes="auto, (max-width: 214px) 100vw, 214px" /></a></p>
<p>Nous cursos intensius de català i castellà al CFA Catalònia:</p>
<p>Curs de català1:<br />
Dilluns, dimecres i dijous de 15 a 17H.</p>
<p>Curs de castellà1:<br />
Dilluns i dimecres de 17 a 19H.<br />
Dimarts de 18:30 a 20:30.</p>
<p>MATRÍCULA: Divendres 16 de gener de 10 a 13H i Dimarts 20 de gener de 15 a 16:30H.</p>

<p>NOUS CURSOS INTENSIUS DE CATALÀ I CASTELLÀ AL CFA CATALÒNIA.&hellip;  <a href="https://agora.xtec.cat/cfacatalonia/pagines-dinici/attachment/1764320286396/" title="Read 1764320286396">Llegeix més»</a></p>
