{"id":1713,"date":"2025-11-12T19:53:55","date_gmt":"2025-11-12T18:53:55","guid":{"rendered":"https:\/\/agora.xtec.cat\/cfacatalonia\/wp-content\/uploads\/usu1479\/2025\/11\/catalonia.png"},"modified":"2025-11-12T19:56:04","modified_gmt":"2025-11-12T18:56:04","slug":"catalonia","status":"inherit","type":"attachment","link":"https:\/\/agora.xtec.cat\/cfacatalonia\/pagines-dinici\/attachment\/catalonia\/","title":{"rendered":"catalonia"},"author":1,"featured_media":0,"comment_status":"open","ping_status":"closed","template":"","meta":{"_bbp_topic_count":0,"_bbp_reply_count":0,"_bbp_total_topic_count":0,"_bbp_total_reply_count":0,"_bbp_voice_count":0,"_bbp_anonymous_reply_count":0,"_bbp_topic_count_hidden":0,"_bbp_reply_count_hidden":0,"_bbp_forum_subforum_count":0},"class_list":["post-1713","attachment","type-attachment","status-inherit","hentry"],"description":{"rendered":"<p class=\"attachment\"><a href='https:\/\/agora.xtec.cat\/cfacatalonia\/wp-content\/uploads\/usu1479\/2025\/11\/catalonia.png'><img loading=\"lazy\" decoding=\"async\" width=\"300\" height=\"227\" src=\"https:\/\/agora.xtec.cat\/cfacatalonia\/wp-content\/uploads\/usu1479\/2025\/11\/catalonia-300x227.png\" class=\"attachment-medium size-medium\" alt=\"Inaugurem el curs 2025-2026 amb una visita pel centre de l\u2019Hospitalet. 29 d\u2019octubre del 2025 Enguany hem comen\u00e7at el curs amb una activitat cultural: una visita exclusiva pel centre hist\u00f2ric de l\u2019Hospitalet. S\u2019han fet dues sortides, una pels alumnes de mat\u00ed una altra pels de tarda. Malgrat la pluja, els nostres alumnes han gaudit de la sortida, han recorregut indrets de la nostra ciutat on alguns no havien estat mai i han conegut una part de la hist\u00f2ria de la ciutat. Aquesta visita ens ha transportat als primers anys de la vila antiga, hem vist edificis i carrers com el carrer Xipreret, l\u2019Atalaia, la Casa Espanya... La nostra guia ha estat la N\u00faria Ribas, docent jubilada, ve\u00efna de l\u2019Hospitalet centre i volunt\u00e0ria del Centre d&#039;estudis de l\u2019Hospitalet. Per concloure aquesta jornada tan especial, vam compartir un agradable refrigeri al CFA Catal\u00f2nia, on vam poder intercanviar impressions i moments en un ambient dist\u00e8s i ple de bona companyia. Si voleu reviure aquesta experi\u00e8ncia, no us perdeu les fotos de la jornada: Sortida al centre hist\u00f2ric 2025. Un inici de curs ple cultura i noves emocions! #centreestudishospitalet\" srcset=\"https:\/\/agora.xtec.cat\/cfacatalonia\/wp-content\/uploads\/usu1479\/2025\/11\/catalonia-300x227.png 300w, https:\/\/agora.xtec.cat\/cfacatalonia\/wp-content\/uploads\/usu1479\/2025\/11\/catalonia-1024x775.png 1024w, https:\/\/agora.xtec.cat\/cfacatalonia\/wp-content\/uploads\/usu1479\/2025\/11\/catalonia-768x581.png 768w, https:\/\/agora.xtec.cat\/cfacatalonia\/wp-content\/uploads\/usu1479\/2025\/11\/catalonia-200x150.png 200w, https:\/\/agora.xtec.cat\/cfacatalonia\/wp-content\/uploads\/usu1479\/2025\/11\/catalonia.png 1077w\" sizes=\"auto, (max-width: 300px) 100vw, 300px\" \/><\/a><\/p>\n"},"caption":{"rendered":"<p><a href='https:\/\/agora.xtec.cat\/cfacatalonia\/wp-content\/uploads\/usu1479\/2025\/11\/catalonia.png'><\/a><\/p>\n"},"alt_text":"Inaugurem el curs 2025-2026 amb una visita pel centre de l\u2019Hospitalet. 29 d\u2019octubre del 2025 Enguany hem comen\u00e7at el curs amb una activitat cultural: una visita exclusiva pel centre hist\u00f2ric de l\u2019Hospitalet. S\u2019han fet dues sortides, una pels alumnes de mat\u00ed una altra pels de tarda. Malgrat la pluja, els nostres alumnes han gaudit de la sortida, han recorregut indrets de la nostra ciutat on alguns no havien estat mai i han conegut una part de la hist\u00f2ria de la ciutat. Aquesta visita ens ha transportat als primers anys de la vila antiga, hem vist edificis i carrers com el carrer Xipreret, l\u2019Atalaia, la Casa Espanya... La nostra guia ha estat la N\u00faria Ribas, docent jubilada, ve\u00efna de l\u2019Hospitalet centre i volunt\u00e0ria del Centre d'estudis de l\u2019Hospitalet. Per concloure aquesta jornada tan especial, vam compartir un agradable refrigeri al CFA Catal\u00f2nia, on vam poder intercanviar impressions i moments en un ambient dist\u00e8s i ple de bona companyia. Si voleu reviure aquesta experi\u00e8ncia, no us perdeu les fotos de la jornada: Sortida al centre hist\u00f2ric 2025. Un inici de curs ple cultura i noves emocions! #centreestudishospitalet","media_type":"image","mime_type":"image\/png","media_details":{"width":1077,"height":815,"file":"2025\/11\/catalonia.png","filesize":501341,"sizes":{"medium":{"file":"catalonia-300x227.png","width":300,"height":227,"filesize":74330,"mime_type":"image\/png","source_url":"https:\/\/agora.xtec.cat\/cfacatalonia\/wp-content\/uploads\/usu1479\/2025\/11\/catalonia-300x227.png"},"large":{"file":"catalonia-1024x775.png","width":1024,"height":775,"filesize":566113,"mime_type":"image\/png","source_url":"https:\/\/agora.xtec.cat\/cfacatalonia\/wp-content\/uploads\/usu1479\/2025\/11\/catalonia-1024x775.png"},"thumbnail":{"file":"catalonia-150x150.png","width":150,"height":150,"filesize":29729,"mime_type":"image\/png","source_url":"https:\/\/agora.xtec.cat\/cfacatalonia\/wp-content\/uploads\/usu1479\/2025\/11\/catalonia-150x150.png"},"medium_large":{"file":"catalonia-768x581.png","width":768,"height":581,"filesize":355233,"mime_type":"image\/png","source_url":"https:\/\/agora.xtec.cat\/cfacatalonia\/wp-content\/uploads\/usu1479\/2025\/11\/catalonia-768x581.png"},"thumb-300":{"file":"catalonia-300x250.png","width":300,"height":250,"filesize":84412,"mime_type":"image\/png","source_url":"https:\/\/agora.xtec.cat\/cfacatalonia\/wp-content\/uploads\/usu1479\/2025\/11\/catalonia-300x250.png"},"thumb-200":{"file":"catalonia-200x150.png","width":200,"height":150,"filesize":37017,"mime_type":"image\/png","source_url":"https:\/\/agora.xtec.cat\/cfacatalonia\/wp-content\/uploads\/usu1479\/2025\/11\/catalonia-200x150.png"},"full":{"file":"catalonia.png","width":1077,"height":815,"mime_type":"image\/png","source_url":"https:\/\/agora.xtec.cat\/cfacatalonia\/wp-content\/uploads\/usu1479\/2025\/11\/catalonia.png"}},"image_meta":{"aperture":"0","credit":"","camera":"","caption":"","created_timestamp":"0","copyright":"","focal_length":"0","iso":"0","shutter_speed":"0","title":"","orientation":"0","keywords":[]}},"post":7,"source_url":"https:\/\/agora.xtec.cat\/cfacatalonia\/wp-content\/uploads\/usu1479\/2025\/11\/catalonia.png","_links":{"self":[{"href":"https:\/\/agora.xtec.cat\/cfacatalonia\/wp-json\/wp\/v2\/media\/1713","targetHints":{"allow":["GET"]}}],"collection":[{"href":"https:\/\/agora.xtec.cat\/cfacatalonia\/wp-json\/wp\/v2\/media"}],"about":[{"href":"https:\/\/agora.xtec.cat\/cfacatalonia\/wp-json\/wp\/v2\/types\/attachment"}],"author":[{"embeddable":true,"href":"https:\/\/agora.xtec.cat\/cfacatalonia\/wp-json\/wp\/v2\/users\/1"}],"replies":[{"embeddable":true,"href":"https:\/\/agora.xtec.cat\/cfacatalonia\/wp-json\/wp\/v2\/comments?post=1713"}]}}

<p class="attachment"><a href='https://agora.xtec.cat/cfacatalonia/wp-content/uploads/usu1479/2025/11/catalonia.png'><img loading="lazy" decoding="async" width="300" height="227" src="https://agora.xtec.cat/cfacatalonia/wp-content/uploads/usu1479/2025/11/catalonia-300x227.png" class="attachment-medium size-medium" alt="Inaugurem el curs 2025-2026 amb una visita pel centre de l’Hospitalet. 29 d’octubre del 2025 Enguany hem començat el curs amb una activitat cultural: una visita exclusiva pel centre històric de l’Hospitalet. S’han fet dues sortides, una pels alumnes de matí una altra pels de tarda. Malgrat la pluja, els nostres alumnes han gaudit de la sortida, han recorregut indrets de la nostra ciutat on alguns no havien estat mai i han conegut una part de la història de la ciutat. Aquesta visita ens ha transportat als primers anys de la vila antiga, hem vist edificis i carrers com el carrer Xipreret, l’Atalaia, la Casa Espanya... La nostra guia ha estat la Núria Ribas, docent jubilada, veïna de l’Hospitalet centre i voluntària del Centre d&#039;estudis de l’Hospitalet. Per concloure aquesta jornada tan especial, vam compartir un agradable refrigeri al CFA Catalònia, on vam poder intercanviar impressions i moments en un ambient distès i ple de bona companyia. Si voleu reviure aquesta experiència, no us perdeu les fotos de la jornada: Sortida al centre històric 2025. Un inici de curs ple cultura i noves emocions! #centreestudishospitalet" srcset="https://agora.xtec.cat/cfacatalonia/wp-content/uploads/usu1479/2025/11/catalonia-300x227.png 300w, https://agora.xtec.cat/cfacatalonia/wp-content/uploads/usu1479/2025/11/catalonia-1024x775.png 1024w, https://agora.xtec.cat/cfacatalonia/wp-content/uploads/usu1479/2025/11/catalonia-768x581.png 768w, https://agora.xtec.cat/cfacatalonia/wp-content/uploads/usu1479/2025/11/catalonia-200x150.png 200w, https://agora.xtec.cat/cfacatalonia/wp-content/uploads/usu1479/2025/11/catalonia.png 1077w" sizes="auto, (max-width: 300px) 100vw, 300px" /></a></p>

Inaugurem el curs 2025-2026 amb una visita pel centre de l’Hospitalet. 29 d’octubre del 2025 Enguany hem començat el curs amb una activitat cultural: una visita exclusiva pel centre històric de l’Hospitalet. S’han fet dues sortides, una pels alumnes de matí una altra pels de tarda. Malgrat la pluja, els nostres alumnes han gaudit de la sortida, han recorregut indrets de la nostra ciutat on alguns no havien estat mai i han conegut una part de la història de la ciutat. Aquesta visita ens ha transportat als primers anys de la vila antiga, hem vist edificis i carrers com el carrer Xipreret, l’Atalaia, la Casa Espanya... La nostra guia ha estat la Núria Ribas, docent jubilada, veïna de l’Hospitalet centre i voluntària del Centre d'estudis de l’Hospitalet. Per concloure aquesta jornada tan especial, vam compartir un agradable refrigeri al CFA Catalònia, on vam poder intercanviar impressions i moments en un ambient distès i ple de bona companyia. Si voleu reviure aquesta experiència, no us perdeu les fotos de la jornada: Sortida al centre històric 2025. Un inici de curs ple cultura i noves emocions! #centreestudishospitalet
