{"id":9,"date":"2014-09-12T10:15:01","date_gmt":"2014-09-12T10:15:01","guid":{"rendered":"http:\/\/agora.xtec.cat\/cfajverdaguercastelldefels\/\/?page_id=9"},"modified":"2026-04-28T19:13:56","modified_gmt":"2026-04-28T17:13:56","slug":"pagina-dinici-buida","status":"publish","type":"page","link":"https:\/\/agora.xtec.cat\/cfacastelldefels\/preinscripcio-i-matricula\/pagina-dinici-buida\/","title":{"rendered":"CFA Castelldefels"},"content":{"rendered":"<h4 style=\"text-align: center;\"><strong>PREINSCRIPCI\u00d3 CURS 2026-2027\u00a0 CFA CASTELLDEFELS<\/strong><\/h4>\n<p><strong>Calendari de la preinscripci\u00f3:<\/strong><\/p>\n<ul>\n<li>Publicaci\u00f3 de les vacants: 18 de juny\u00a0 [acc\u00e9s a la llista]<\/li>\n<li>Presentaci\u00f3 de sol\u00b7licituds: del 19 al 29 de juny <a href=\"https:\/\/agora.xtec.cat\/cfacastelldefels\/general\/festa-de-comiat-del-curs-22-23\/\" target=\"_blank\" rel=\"noopener\">[<\/a><a href=\"https:\/\/drive.google.com\/file\/d\/1vsHzYVPzNd2Yjvx4jJkmzZSTYK6YqwTq\/view?usp=sharing\" target=\"_blank\" rel=\"noopener\">horaris<\/a><a href=\"https:\/\/agora.xtec.cat\/cfacastelldefels\/general\/festa-de-comiat-del-curs-22-23\/\" target=\"_blank\" rel=\"noopener\">]<\/a><\/li>\n<li>Publicaci\u00f3 del barem provisional: 6 de juliol \u00a0[acc\u00e9s al barem provisional]<\/li>\n<li>Presentaci\u00f3 de reclamacions: del 6 al 10 de juliol<\/li>\n<li>Sorteig de desempat: 7 de juliol\u00a0\u00a0 (n\u00famero de desempat: #13954#)<\/li>\n<li>Publicaci\u00f3 de la llista de sol\u00b7licituds amb puntuaci\u00f3 definitiva: 14 de juliol <u>[acc\u00e9s al barem definitiu]<\/u><\/li>\n<li>Publicaci\u00f3 de la llista d&#8217;admesos i exclosos i llista d&#8217;espera: 17 de juliol <u>[acc\u00e9s als llistats d&#8217;assignats]<\/u> , <u>[acc\u00e9s a la llista d&#8217;espera]<\/u><\/li>\n<\/ul>\n<h4 style=\"text-align: center;\"><strong>MATR\u00cdCULA DEL CURS 2026-2027 al CFA CASTELLDEFELS<\/strong><\/h4>\n<p style=\"text-align: justify;\"><strong>L\u2019alumnat amb reserva (alumnat del curs passat)<\/strong> ha de confirmar l\u2019assist\u00e8ncia a classe mitjan\u00e7ant la resposta al correu al seu professorat tutor. L\u2019inici de les classes \u00e9s el <strong>21 de setembre<\/strong>. Consulta els horaris del curs 26-27.<\/p>\n<p style=\"text-align: justify;\"><strong>Els nous alumnes admesos<\/strong> a la preinscripci\u00f3 cal que tramitin la matr\u00edcula: del 2 al 10 de setembre de 2026<br \/><strong>Els nous alumnes en llista d\u2019espera:<\/strong> si hi ha places vacants, es tramitar\u00e0 la matr\u00edcula: del 14 al 16 de setembre de 2026<br \/><strong>L\u2019alumnat nou que no ha fet preinscripci\u00f3:<\/strong> entre el dijous 17 i el divendres 18 de setembre poden trucar o consultar el nostre web per veure si queden places vacants. Si \u00e9s aix\u00ed, la matr\u00edcula es tramita: el dijous 17 i el divendres 18 de setembre.<br \/><strong>Al llarg del curs:<\/strong> hi ha una llista d\u2019espera disponible a la consergeria del centre.<\/p>\n<p style=\"text-align: justify;\">En tots els casos en els que es tramiti matr\u00edcula,<strong> cal portar:<\/strong><br \/>\u2022 <span style=\"text-decoration: underline;\">Original i fotoc\u00f2pia del DNI\/NIE\/Passaport.<\/span><br \/>\u2022 <span style=\"text-decoration: underline;\">Original i fotoc\u00f2pia de la tarja sanit\u00e0ria.<\/span><br \/>\u2022 <span style=\"text-decoration: underline;\">Fotografia actual mida carnet<\/span>.<br \/>\u2022 L\u2019alumnat de <span style=\"text-decoration: underline;\">GES i Prov\u00e9s d\u2019acc\u00e9s cal que porti el certificat de notes<\/span>.<br \/>\u2022 Si l\u2019adre\u00e7a que figura a la documentaci\u00f3 no \u00e9s actual, el <span style=\"text-decoration: underline;\">certificat d\u2019empadronament<\/span>.<br \/>\u2022 Preu del <span style=\"text-decoration: underline;\">material<\/span>: 20 euros.<\/p>\n<p>\u2022 Si l&#8217;alumne\/a \u00e9s menor d&#8217;edat, necessita l&#8217;autoritzaci\u00f3 del seu pare, mare o representant legal; i la fotoc\u00f2pia de la documentaci\u00f3 que certifiqui la relaci\u00f3 ( llibre de fam\u00edlia) i del document identificatiu de qui autoritzi la preinscripci\u00f3. En cas de fer presencialment la matr\u00edcula d&#8217;un\/una alumne\/a menor d\u2019edat, \u00e9s imprescindible que\u00a0 el\/la representant legal (pare, mare, tutor o tutora) acompanyi el\/la menor.<\/p>\n<h6 style=\"text-align: center;\"><span style=\"font-family: inherit; font-size: 1em; font-weight: normal;\"> \u00a0 \u00a0 \u00a0 \u00a0 \u00a0 \u00a0 \u00a0 \u00a0 \u00a0 \u00a0 \u00a0 Clica a la imatge per a m\u00e9s informaci\u00f3 sobre els nostres ensenyaments:<\/span><\/h6>\n<p><a href=\"https:\/\/view.genial.ly\/5ecda2fff568220d507571ff\/guide-cfa-castelldefels-20222023\" target=\"_blank\" rel=\"noopener\"><img loading=\"lazy\" decoding=\"async\" class=\"aligncenter wp-image-4087\" src=\"https:\/\/agora.xtec.cat\/cfacastelldefels\/wp-content\/uploads\/usu251\/2023\/05\/Enllac-genially-300x210.jpg\" alt=\"\" width=\"466\" height=\"327\" srcset=\"https:\/\/agora.xtec.cat\/cfacastelldefels\/wp-content\/uploads\/usu251\/2023\/05\/Enllac-genially-300x210.jpg 300w, https:\/\/agora.xtec.cat\/cfacastelldefels\/wp-content\/uploads\/usu251\/2023\/05\/Enllac-genially.jpg 603w\" sizes=\"auto, (max-width: 466px) 100vw, 466px\" \/><\/a><\/p>\n\n\n<p><\/p>\n","protected":false},"excerpt":{"rendered":"<p>PREINSCRIPCI\u00d3 CURS 2026-2027\u00a0 CFA CASTELLDEFELS Calendari de la preinscripci\u00f3: Publicaci\u00f3 de les vacants: 18 de juny\u00a0 [acc\u00e9s a la llista] Presentaci\u00f3 de sol\u00b7licituds: del 19 al 29 de juny [horaris] Publicaci\u00f3 del barem provisional: 6 de juliol \u00a0[acc\u00e9s al barem provisional] Presentaci\u00f3 de reclamacions: del 6 al 10 de juliol Sorteig de desempat: 7 de [&hellip;]<\/p>\n","protected":false},"author":1,"featured_media":0,"parent":430,"menu_order":0,"comment_status":"closed","ping_status":"closed","template":"","meta":{"_bbp_topic_count":0,"_bbp_reply_count":0,"_bbp_total_topic_count":0,"_bbp_total_reply_count":0,"_bbp_voice_count":0,"_bbp_anonymous_reply_count":0,"_bbp_topic_count_hidden":0,"_bbp_reply_count_hidden":0,"_bbp_forum_subforum_count":0,"site-sidebar-layout":"default","site-content-layout":"","ast-site-content-layout":"default","site-content-style":"default","site-sidebar-style":"default","ast-global-header-display":"","ast-banner-title-visibility":"","ast-main-header-display":"","ast-hfb-above-header-display":"","ast-hfb-below-header-display":"","ast-hfb-mobile-header-display":"","site-post-title":"","ast-breadcrumbs-content":"","ast-featured-img":"","footer-sml-layout":"","theme-transparent-header-meta":"","adv-header-id-meta":"","stick-header-meta":"","header-above-stick-meta":"","header-main-stick-meta":"","header-below-stick-meta":"","astra-migrate-meta-layouts":"set","ast-page-background-enabled":"default","ast-page-background-meta":{"desktop":{"background-color":"var(--ast-global-color-4)","background-image":"","background-repeat":"repeat","background-position":"center center","background-size":"auto","background-attachment":"scroll","background-type":"","background-media":"","overlay-type":"","overlay-color":"","overlay-opacity":"","overlay-gradient":""},"tablet":{"background-color":"","background-image":"","background-repeat":"repeat","background-position":"center center","background-size":"auto","background-attachment":"scroll","background-type":"","background-media":"","overlay-type":"","overlay-color":"","overlay-opacity":"","overlay-gradient":""},"mobile":{"background-color":"","background-image":"","background-repeat":"repeat","background-position":"center center","background-size":"auto","background-attachment":"scroll","background-type":"","background-media":"","overlay-type":"","overlay-color":"","overlay-opacity":"","overlay-gradient":""}},"ast-content-background-meta":{"desktop":{"background-color":"var(--ast-global-color-5)","background-image":"","background-repeat":"repeat","background-position":"center center","background-size":"auto","background-attachment":"scroll","background-type":"","background-media":"","overlay-type":"","overlay-color":"","overlay-opacity":"","overlay-gradient":""},"tablet":{"background-color":"var(--ast-global-color-5)","background-image":"","background-repeat":"repeat","background-position":"center center","background-size":"auto","background-attachment":"scroll","background-type":"","background-media":"","overlay-type":"","overlay-color":"","overlay-opacity":"","overlay-gradient":""},"mobile":{"background-color":"var(--ast-global-color-5)","background-image":"","background-repeat":"repeat","background-position":"center center","background-size":"auto","background-attachment":"scroll","background-type":"","background-media":"","overlay-type":"","overlay-color":"","overlay-opacity":"","overlay-gradient":""}},"footnotes":""},"class_list":["post-9","page","type-page","status-publish","hentry"],"post_mailing_queue_ids":[],"_links":{"self":[{"href":"https:\/\/agora.xtec.cat\/cfacastelldefels\/wp-json\/wp\/v2\/pages\/9","targetHints":{"allow":["GET"]}}],"collection":[{"href":"https:\/\/agora.xtec.cat\/cfacastelldefels\/wp-json\/wp\/v2\/pages"}],"about":[{"href":"https:\/\/agora.xtec.cat\/cfacastelldefels\/wp-json\/wp\/v2\/types\/page"}],"author":[{"embeddable":true,"href":"https:\/\/agora.xtec.cat\/cfacastelldefels\/wp-json\/wp\/v2\/users\/1"}],"replies":[{"embeddable":true,"href":"https:\/\/agora.xtec.cat\/cfacastelldefels\/wp-json\/wp\/v2\/comments?post=9"}],"version-history":[{"count":6,"href":"https:\/\/agora.xtec.cat\/cfacastelldefels\/wp-json\/wp\/v2\/pages\/9\/revisions"}],"predecessor-version":[{"id":5633,"href":"https:\/\/agora.xtec.cat\/cfacastelldefels\/wp-json\/wp\/v2\/pages\/9\/revisions\/5633"}],"up":[{"embeddable":true,"href":"https:\/\/agora.xtec.cat\/cfacastelldefels\/wp-json\/wp\/v2\/pages\/430"}],"wp:attachment":[{"href":"https:\/\/agora.xtec.cat\/cfacastelldefels\/wp-json\/wp\/v2\/media?parent=9"}],"curies":[{"name":"wp","href":"https:\/\/api.w.org\/{rel}","templated":true}]}}

<h4 style="text-align: center;"><strong>PREINSCRIPCIÓ CURS 2026-2027  CFA CASTELLDEFELS</strong></h4>
<p><strong>Calendari de la preinscripció:</strong></p>
<ul>
<li>Publicació de les vacants: 18 de juny  [accés a la llista]</li>
<li>Presentació de sol·licituds: del 19 al 29 de juny <a href="https://agora.xtec.cat/cfacastelldefels/general/festa-de-comiat-del-curs-22-23/" target="_blank" rel="noopener">[</a><a href="https://drive.google.com/file/d/1vsHzYVPzNd2Yjvx4jJkmzZSTYK6YqwTq/view?usp=sharing" target="_blank" rel="noopener">horaris</a><a href="https://agora.xtec.cat/cfacastelldefels/general/festa-de-comiat-del-curs-22-23/" target="_blank" rel="noopener">]</a></li>
<li>Publicació del barem provisional: 6 de juliol  [accés al barem provisional]</li>
<li>Presentació de reclamacions: del 6 al 10 de juliol</li>
<li>Sorteig de desempat: 7 de juliol   (número de desempat: #13954#)</li>
<li>Publicació de la llista de sol·licituds amb puntuació definitiva: 14 de juliol <u>[accés al barem definitiu]</u></li>
<li>Publicació de la llista d&#8217;admesos i exclosos i llista d&#8217;espera: 17 de juliol <u>[accés als llistats d&#8217;assignats]</u> , <u>[accés a la llista d&#8217;espera]</u></li>
</ul>
<h4 style="text-align: center;"><strong>MATRÍCULA DEL CURS 2026-2027 al CFA CASTELLDEFELS</strong></h4>
<p style="text-align: justify;"><strong>L’alumnat amb reserva (alumnat del curs passat)</strong> ha de confirmar l’assistència a classe mitjançant la resposta al correu al seu professorat tutor. L’inici de les classes és el <strong>21 de setembre</strong>. Consulta els horaris del curs 26-27.</p>
<p style="text-align: justify;"><strong>Els nous alumnes admesos</strong> a la preinscripció cal que tramitin la matrícula: del 2 al 10 de setembre de 2026<br /><strong>Els nous alumnes en llista d’espera:</strong> si hi ha places vacants, es tramitarà la matrícula: del 14 al 16 de setembre de 2026<br /><strong>L’alumnat nou que no ha fet preinscripció:</strong> entre el dijous 17 i el divendres 18 de setembre poden trucar o consultar el nostre web per veure si queden places vacants. Si és així, la matrícula es tramita: el dijous 17 i el divendres 18 de setembre.<br /><strong>Al llarg del curs:</strong> hi ha una llista d’espera disponible a la consergeria del centre.</p>
<p style="text-align: justify;">En tots els casos en els que es tramiti matrícula,<strong> cal portar:</strong><br />• <span style="text-decoration: underline;">Original i fotocòpia del DNI/NIE/Passaport.</span><br />• <span style="text-decoration: underline;">Original i fotocòpia de la tarja sanitària.</span><br />• <span style="text-decoration: underline;">Fotografia actual mida carnet</span>.<br />• L’alumnat de <span style="text-decoration: underline;">GES i Provés d’accés cal que porti el certificat de notes</span>.<br />• Si l’adreça que figura a la documentació no és actual, el <span style="text-decoration: underline;">certificat d’empadronament</span>.<br />• Preu del <span style="text-decoration: underline;">material</span>: 20 euros.</p>
<p>• Si l&#8217;alumne/a és menor d&#8217;edat, necessita l&#8217;autorització del seu pare, mare o representant legal; i la fotocòpia de la documentació que certifiqui la relació ( llibre de família) i del document identificatiu de qui autoritzi la preinscripció. En cas de fer presencialment la matrícula d&#8217;un/una alumne/a menor d’edat, és imprescindible que  el/la representant legal (pare, mare, tutor o tutora) acompanyi el/la menor.</p>
<h6 style="text-align: center;"><span style="font-family: inherit; font-size: 1em; font-weight: normal;">                       Clica a la imatge per a més informació sobre els nostres ensenyaments:</span></h6>
<p><a href="https://view.genial.ly/5ecda2fff568220d507571ff/guide-cfa-castelldefels-20222023" target="_blank" rel="noopener"><img loading="lazy" decoding="async" class="aligncenter wp-image-4087" src="https://agora.xtec.cat/cfacastelldefels/wp-content/uploads/usu251/2023/05/Enllac-genially-300x210.jpg" alt="" width="466" height="327" srcset="https://agora.xtec.cat/cfacastelldefels/wp-content/uploads/usu251/2023/05/Enllac-genially-300x210.jpg 300w, https://agora.xtec.cat/cfacastelldefels/wp-content/uploads/usu251/2023/05/Enllac-genially.jpg 603w" sizes="auto, (max-width: 466px) 100vw, 466px" /></a></p>


<p></p>

<p>PREINSCRIPCIÓ CURS 2026-2027  CFA CASTELLDEFELS Calendari de la preinscripció: Publicació de les vacants: 18 de juny  [accés a la llista] Presentació de sol·licituds: del 19 al 29 de juny [horaris] Publicació del barem provisional: 6 de juliol  [accés al barem provisional] Presentació de reclamacions: del 6 al 10 de juliol Sorteig de desempat: 7 de [&hellip;]</p>
