{"id":49,"date":"2014-09-17T16:55:55","date_gmt":"2014-09-17T16:55:55","guid":{"rendered":"http:\/\/agora.xtec.cat\/cfajverdaguercastelldefels\/\/?page_id=49"},"modified":"2025-11-02T07:16:24","modified_gmt":"2025-11-02T06:16:24","slug":"normes-dorganitzacio-i-funcionament","status":"publish","type":"page","link":"https:\/\/agora.xtec.cat\/cfacastelldefels\/el-centre\/normes-dorganitzacio-i-funcionament\/","title":{"rendered":"Documents estrat\u00e8gics del centre"},"content":{"rendered":"<h6><span style=\"color: #000000;\"><a style=\"color: #000000;\" href=\"https:\/\/drive.google.com\/file\/d\/1TRsvqMAbzU4vDs4NW5TL_9fIS_hMvqUw\/view?usp=sharing\" target=\"_blank\" rel=\"noopener\"><strong>PEC<\/strong><\/a><\/span><\/h6>\n<p><span style=\"color: #000000;\">El projecte educatiu de centre (PEC) \u00e9s el document que defineix com funciona el nostre centre educatiu. Inclou els principis rectors que el diferencien d&#8217;altres centres, adaptat a la realitat de l&#8217;entorn del nostre alumnat i d&#8217;acord amb les conviccions pedag\u00f2giques dels docents; explicita les l\u00ednies d&#8217;atenci\u00f3 a la diversitat i els objectius a mig termini; desglossa les l\u00ednies mestres d&#8217;organitzaci\u00f3, que es concretaran al projecte curricular. Actualitzat Juny 2022<\/span><\/p>\n<p><a href=\"https:\/\/drive.google.com\/file\/d\/1UgkpO1aCJhpsewwgPUNIJy-_rpcs9-FQ\/view?usp=sharing\" target=\"_blank\" rel=\"noopener\"><span style=\"color: #000000;\"><strong>NOFC<\/strong><\/span><\/a><\/p>\n<p><span style=\"color: #000000;\">Les Normes d&#8217;Organitzaci\u00f3 i Funcionament del Centre, que formen part del projecte educatiu, \u00e9s el document que recull de manera ordenada els preceptes que regeixen la nostra organitzaci\u00f3 i les interrelacions de la vida escolar: explicita l&#8217;estructura; defineix els vincles; recull les funcions, els drets i els deures dels diferents sectors que formen l&#8217;escola; fixa els procediments; adapta la normativa general a la nostra realitat i estableix l&#8217;espec\u00edfica pel nostre centre.<\/span><\/p>\n<p><span style=\"color: #000000;\">Projecte de conviv\u00e8ncia. Gesti\u00f3 i resoluci\u00f3 positiva de conflictes i coeduaci\u00f3. El projecte de conviv\u00e8ncia forma part de les NOFC i suposa una actualitzaci\u00f3 aix\u00ed com el d&#8217;acollida. La carta de comprom\u00eds regula les obligacions que assumeixen tant els alumnes com el centre. El projecte ling\u00fc\u00edstic regula en tractament de les diverses lleng\u00fces en el nostre centre, forma part del PEC<\/span><\/p>\n<p><span style=\"color: #000000;\"><a style=\"color: #000000;\" href=\"https:\/\/drive.google.com\/file\/d\/1QYupAUBiBP7qaH6BkLWwFXCaPp3Cx8JD\/view?usp=sharing\" target=\"_blank\" rel=\"noopener noreferrer\"><strong>Pla d&#8217;acollida del CFA Castelldefels<\/strong><\/a><\/span><\/p>\n<p><span style=\"color: #000000;\"><a style=\"color: #000000;\" href=\"https:\/\/drive.google.com\/file\/d\/1Gs7pE0lS6wwoCuwP-VEgahsJbDhI5vg_\/view?usp=sharing\" target=\"_blank\" rel=\"noopener noreferrer\"><strong>Projecte de conviv\u00e8ncia<\/strong><\/a><\/span><\/p>\n<p><span style=\"color: #000000;\"><strong><a style=\"color: #000000;\" href=\"https:\/\/drive.google.com\/file\/d\/1TbhgKiot7dicBwpAnSh4VpapcJe5yZkg\/view?usp=sharing\" target=\"_blank\" rel=\"noopener noreferrer\">Carta de comprom\u00eds \/ (<\/a><a style=\"color: #000000;\" href=\"https:\/\/drive.google.com\/file\/d\/1zwmRxiVkrTsodmADFkkXM9iz-_l5yUi9\/view?usp=sharing\" target=\"_blank\" rel=\"noopener noreferrer\">versi\u00f3n espa\u00f1ol<\/a> <a style=\"color: #000000;\" href=\"https:\/\/drive.google.com\/file\/d\/1TbhgKiot7dicBwpAnSh4VpapcJe5yZkg\/view?usp=sharing\" target=\"_blank\" rel=\"noopener noreferrer\">)<\/a><\/strong><\/span><\/p>\n<p><span style=\"color: #000000;\"><a style=\"color: #000000;\" href=\"https:\/\/drive.google.com\/file\/d\/1RjYfYNufvLmz4cY72bqxe64yXgYLd1sh\/view\" target=\"_blank\" rel=\"noopener noreferrer\"><strong>PROJECTE LING\u00dc\u00cdSTIC<\/strong><\/a><\/span><\/p>\n<p><span style=\"color: #000000;\"><strong>Projecte de direcci\u00f3 (PdD)<\/strong><\/span><br \/>\nEl Projecte de Direcci\u00f3 \u00e9s el document que ordena el desplegament i l\u2019aplicaci\u00f3 del PEC per al per\u00edode de mandat de la direcci\u00f3. En ell es concreta l\u2019estructura organitzativa i inclou els indicadors, derivats dels que estableix el PEC, que han de sevir per avaluar l\u2019exercici de la direcci\u00f3.<\/p>\n<p><strong>MAC. Mem\u00f2ria Anual de Centre<\/strong><br \/>\nCont\u00e9 l\u2019avaluaci\u00f3 de l\u2019assoliment dels objectius previstos en la programaci\u00f3 general anual. \u00c9s el document que reflecteix la valoraci\u00f3 de la programaci\u00f3 general del centre, reflecteix el grau d\u2019assoliment dels objectius plantejats i dels resultats.<\/p>\n<p><strong>PGA. Programaci\u00f3 General Anual del Centre<\/strong><br \/>\nLa Programaci\u00f3 General Anual del Centre \u00e9s l\u2019instrument de gesti\u00f3 del centre que, en el marc del Projecte de Direcci\u00f3, recull tots els aspectes relatius a l\u2019organitzaci\u00f3 i funcionament del centre, concretant i sistematitzant els objectius operatius les q\u00fcestions prioritzades del centre per a aquest curs escolar.<\/p>\n","protected":false},"excerpt":{"rendered":"<p>PEC El projecte educatiu de centre (PEC) \u00e9s el document que defineix com funciona el nostre centre educatiu. Inclou els principis rectors que el diferencien d&#8217;altres centres, adaptat a la realitat de l&#8217;entorn del nostre alumnat i d&#8217;acord amb les conviccions pedag\u00f2giques dels docents; explicita les l\u00ednies d&#8217;atenci\u00f3 a la diversitat i els objectius a [&hellip;]<\/p>\n","protected":false},"author":1,"featured_media":0,"parent":261,"menu_order":60,"comment_status":"closed","ping_status":"closed","template":"","meta":{"_bbp_topic_count":0,"_bbp_reply_count":0,"_bbp_total_topic_count":0,"_bbp_total_reply_count":0,"_bbp_voice_count":0,"_bbp_anonymous_reply_count":0,"_bbp_topic_count_hidden":0,"_bbp_reply_count_hidden":0,"_bbp_forum_subforum_count":0,"site-sidebar-layout":"default","site-content-layout":"","ast-site-content-layout":"default","site-content-style":"default","site-sidebar-style":"default","ast-global-header-display":"","ast-banner-title-visibility":"","ast-main-header-display":"","ast-hfb-above-header-display":"","ast-hfb-below-header-display":"","ast-hfb-mobile-header-display":"","site-post-title":"","ast-breadcrumbs-content":"","ast-featured-img":"","footer-sml-layout":"","theme-transparent-header-meta":"","adv-header-id-meta":"","stick-header-meta":"","header-above-stick-meta":"","header-main-stick-meta":"","header-below-stick-meta":"","astra-migrate-meta-layouts":"set","ast-page-background-enabled":"default","ast-page-background-meta":{"desktop":{"background-color":"var(--ast-global-color-4)","background-image":"","background-repeat":"repeat","background-position":"center center","background-size":"auto","background-attachment":"scroll","background-type":"","background-media":"","overlay-type":"","overlay-color":"","overlay-opacity":"","overlay-gradient":""},"tablet":{"background-color":"","background-image":"","background-repeat":"repeat","background-position":"center center","background-size":"auto","background-attachment":"scroll","background-type":"","background-media":"","overlay-type":"","overlay-color":"","overlay-opacity":"","overlay-gradient":""},"mobile":{"background-color":"","background-image":"","background-repeat":"repeat","background-position":"center center","background-size":"auto","background-attachment":"scroll","background-type":"","background-media":"","overlay-type":"","overlay-color":"","overlay-opacity":"","overlay-gradient":""}},"ast-content-background-meta":{"desktop":{"background-color":"var(--ast-global-color-5)","background-image":"","background-repeat":"repeat","background-position":"center center","background-size":"auto","background-attachment":"scroll","background-type":"","background-media":"","overlay-type":"","overlay-color":"","overlay-opacity":"","overlay-gradient":""},"tablet":{"background-color":"var(--ast-global-color-5)","background-image":"","background-repeat":"repeat","background-position":"center center","background-size":"auto","background-attachment":"scroll","background-type":"","background-media":"","overlay-type":"","overlay-color":"","overlay-opacity":"","overlay-gradient":""},"mobile":{"background-color":"var(--ast-global-color-5)","background-image":"","background-repeat":"repeat","background-position":"center center","background-size":"auto","background-attachment":"scroll","background-type":"","background-media":"","overlay-type":"","overlay-color":"","overlay-opacity":"","overlay-gradient":""}},"footnotes":""},"class_list":["post-49","page","type-page","status-publish","hentry"],"post_mailing_queue_ids":[],"_links":{"self":[{"href":"https:\/\/agora.xtec.cat\/cfacastelldefels\/wp-json\/wp\/v2\/pages\/49","targetHints":{"allow":["GET"]}}],"collection":[{"href":"https:\/\/agora.xtec.cat\/cfacastelldefels\/wp-json\/wp\/v2\/pages"}],"about":[{"href":"https:\/\/agora.xtec.cat\/cfacastelldefels\/wp-json\/wp\/v2\/types\/page"}],"author":[{"embeddable":true,"href":"https:\/\/agora.xtec.cat\/cfacastelldefels\/wp-json\/wp\/v2\/users\/1"}],"replies":[{"embeddable":true,"href":"https:\/\/agora.xtec.cat\/cfacastelldefels\/wp-json\/wp\/v2\/comments?post=49"}],"version-history":[{"count":5,"href":"https:\/\/agora.xtec.cat\/cfacastelldefels\/wp-json\/wp\/v2\/pages\/49\/revisions"}],"predecessor-version":[{"id":5450,"href":"https:\/\/agora.xtec.cat\/cfacastelldefels\/wp-json\/wp\/v2\/pages\/49\/revisions\/5450"}],"up":[{"embeddable":true,"href":"https:\/\/agora.xtec.cat\/cfacastelldefels\/wp-json\/wp\/v2\/pages\/261"}],"wp:attachment":[{"href":"https:\/\/agora.xtec.cat\/cfacastelldefels\/wp-json\/wp\/v2\/media?parent=49"}],"curies":[{"name":"wp","href":"https:\/\/api.w.org\/{rel}","templated":true}]}}

Documents estratègics del centre

<h6><span style="color: #000000;"><a style="color: #000000;" href="https://drive.google.com/file/d/1TRsvqMAbzU4vDs4NW5TL_9fIS_hMvqUw/view?usp=sharing" target="_blank" rel="noopener"><strong>PEC</strong></a></span></h6>
<p><span style="color: #000000;">El projecte educatiu de centre (PEC) és el document que defineix com funciona el nostre centre educatiu. Inclou els principis rectors que el diferencien d&#8217;altres centres, adaptat a la realitat de l&#8217;entorn del nostre alumnat i d&#8217;acord amb les conviccions pedagògiques dels docents; explicita les línies d&#8217;atenció a la diversitat i els objectius a mig termini; desglossa les línies mestres d&#8217;organització, que es concretaran al projecte curricular. Actualitzat Juny 2022</span></p>
<p><a href="https://drive.google.com/file/d/1UgkpO1aCJhpsewwgPUNIJy-_rpcs9-FQ/view?usp=sharing" target="_blank" rel="noopener"><span style="color: #000000;"><strong>NOFC</strong></span></a></p>
<p><span style="color: #000000;">Les Normes d&#8217;Organització i Funcionament del Centre, que formen part del projecte educatiu, és el document que recull de manera ordenada els preceptes que regeixen la nostra organització i les interrelacions de la vida escolar: explicita l&#8217;estructura; defineix els vincles; recull les funcions, els drets i els deures dels diferents sectors que formen l&#8217;escola; fixa els procediments; adapta la normativa general a la nostra realitat i estableix l&#8217;específica pel nostre centre.</span></p>
<p><span style="color: #000000;">Projecte de convivència. Gestió i resolució positiva de conflictes i coeduació. El projecte de convivència forma part de les NOFC i suposa una actualització així com el d&#8217;acollida. La carta de compromís regula les obligacions que assumeixen tant els alumnes com el centre. El projecte lingüístic regula en tractament de les diverses llengües en el nostre centre, forma part del PEC</span></p>
<p><span style="color: #000000;"><a style="color: #000000;" href="https://drive.google.com/file/d/1QYupAUBiBP7qaH6BkLWwFXCaPp3Cx8JD/view?usp=sharing" target="_blank" rel="noopener noreferrer"><strong>Pla d&#8217;acollida del CFA Castelldefels</strong></a></span></p>
<p><span style="color: #000000;"><a style="color: #000000;" href="https://drive.google.com/file/d/1Gs7pE0lS6wwoCuwP-VEgahsJbDhI5vg_/view?usp=sharing" target="_blank" rel="noopener noreferrer"><strong>Projecte de convivència</strong></a></span></p>
<p><span style="color: #000000;"><strong><a style="color: #000000;" href="https://drive.google.com/file/d/1TbhgKiot7dicBwpAnSh4VpapcJe5yZkg/view?usp=sharing" target="_blank" rel="noopener noreferrer">Carta de compromís / (</a><a style="color: #000000;" href="https://drive.google.com/file/d/1zwmRxiVkrTsodmADFkkXM9iz-_l5yUi9/view?usp=sharing" target="_blank" rel="noopener noreferrer">versión español</a> <a style="color: #000000;" href="https://drive.google.com/file/d/1TbhgKiot7dicBwpAnSh4VpapcJe5yZkg/view?usp=sharing" target="_blank" rel="noopener noreferrer">)</a></strong></span></p>
<p><span style="color: #000000;"><a style="color: #000000;" href="https://drive.google.com/file/d/1RjYfYNufvLmz4cY72bqxe64yXgYLd1sh/view" target="_blank" rel="noopener noreferrer"><strong>PROJECTE LINGÜÍSTIC</strong></a></span></p>
<p><span style="color: #000000;"><strong>Projecte de direcció (PdD)</strong></span><br />
El Projecte de Direcció és el document que ordena el desplegament i l’aplicació del PEC per al període de mandat de la direcció. En ell es concreta l’estructura organitzativa i inclou els indicadors, derivats dels que estableix el PEC, que han de sevir per avaluar l’exercici de la direcció.</p>
<p><strong>MAC. Memòria Anual de Centre</strong><br />
Conté l’avaluació de l’assoliment dels objectius previstos en la programació general anual. És el document que reflecteix la valoració de la programació general del centre, reflecteix el grau d’assoliment dels objectius plantejats i dels resultats.</p>
<p><strong>PGA. Programació General Anual del Centre</strong><br />
La Programació General Anual del Centre és l’instrument de gestió del centre que, en el marc del Projecte de Direcció, recull tots els aspectes relatius a l’organització i funcionament del centre, concretant i sistematitzant els objectius operatius les qüestions prioritzades del centre per a aquest curs escolar.</p>

<p>PEC El projecte educatiu de centre (PEC) és el document que defineix com funciona el nostre centre educatiu. Inclou els principis rectors que el diferencien d&#8217;altres centres, adaptat a la realitat de l&#8217;entorn del nostre alumnat i d&#8217;acord amb les conviccions pedagògiques dels docents; explicita les línies d&#8217;atenció a la diversitat i els objectius a [&hellip;]</p>
