{"id":430,"date":"2015-03-22T17:44:18","date_gmt":"2015-03-22T16:44:18","guid":{"rendered":"http:\/\/agora.xtec.cat\/cfajverdaguercastelldefels\/?page_id=430"},"modified":"2026-04-28T19:16:05","modified_gmt":"2026-04-28T17:16:05","slug":"preinscripcio-i-matricula","status":"publish","type":"page","link":"https:\/\/agora.xtec.cat\/cfacastelldefels\/preinscripcio-i-matricula\/","title":{"rendered":"Preinscripci\u00f3 i Matr\u00edcula"},"content":{"rendered":"\n<h3 class=\"wp-block-heading\"><strong>Calendari de preinscripci\u00f3 curs 2026-202<\/strong>7<\/h3>\n\n\n\n<p>Preinscripci\u00f3 pel curs 2026-2027 als centres d\u2019adults de les persones que no hi estan matriculades aquest curs 2025-2026, o que volen canviar de centre o iniciar ensenyaments nous el curs vinent. Consulta en el seg\u00fcent enlla\u00e7 tota la informaci\u00f3 actualitzada.<\/p>\n\n\n\n<p>&nbsp;&nbsp;<a href=\"https:\/\/preinscripcio.gencat.cat\/ca\/estudis\/educacio-adults\/inici\/\" target=\"_blank\" rel=\"noopener\">Preinscripci\u00f3 a l\u2019Educaci\u00f3 d\u2019Adults (gencat.cat)<\/a><\/p>\n\n\n\n<figure class=\"wp-block-image size-full is-resized\"><a href=\"https:\/\/agora.xtec.cat\/cfacastelldefels\/wp-content\/uploads\/usu251\/2026\/04\/Calendari-preinscripcio-curs-2026-2027_page-0001-1.jpg\"><img loading=\"lazy\" decoding=\"async\" width=\"1241\" height=\"1755\" src=\"https:\/\/agora.xtec.cat\/cfacastelldefels\/wp-content\/uploads\/usu251\/2026\/04\/Calendari-preinscripcio-curs-2026-2027_page-0001-1.jpg\" alt=\"\" class=\"wp-image-5620\" style=\"width:600px;height:auto\" srcset=\"https:\/\/agora.xtec.cat\/cfacastelldefels\/wp-content\/uploads\/usu251\/2026\/04\/Calendari-preinscripcio-curs-2026-2027_page-0001-1.jpg 1241w, https:\/\/agora.xtec.cat\/cfacastelldefels\/wp-content\/uploads\/usu251\/2026\/04\/Calendari-preinscripcio-curs-2026-2027_page-0001-1-212x300.jpg 212w, https:\/\/agora.xtec.cat\/cfacastelldefels\/wp-content\/uploads\/usu251\/2026\/04\/Calendari-preinscripcio-curs-2026-2027_page-0001-1-724x1024.jpg 724w, https:\/\/agora.xtec.cat\/cfacastelldefels\/wp-content\/uploads\/usu251\/2026\/04\/Calendari-preinscripcio-curs-2026-2027_page-0001-1-768x1086.jpg 768w, https:\/\/agora.xtec.cat\/cfacastelldefels\/wp-content\/uploads\/usu251\/2026\/04\/Calendari-preinscripcio-curs-2026-2027_page-0001-1-1086x1536.jpg 1086w\" sizes=\"auto, (max-width: 1241px) 100vw, 1241px\" \/><\/a><\/figure>\n\n\n\n<h6 class=\"wp-block-heading\"><\/h6>\n\n\n\n<p><\/p>\n","protected":false},"excerpt":{"rendered":"<p>Calendari de preinscripci\u00f3 curs 2026-2027 Preinscripci\u00f3 pel curs 2026-2027 als centres d\u2019adults de les persones que no hi estan matriculades aquest curs 2025-2026, o que volen canviar de centre o iniciar ensenyaments nous el curs vinent. Consulta en el seg\u00fcent enlla\u00e7 tota la informaci\u00f3 actualitzada. &nbsp;&nbsp;Preinscripci\u00f3 a l\u2019Educaci\u00f3 d\u2019Adults (gencat.cat)<\/p>\n","protected":false},"author":1,"featured_media":0,"parent":0,"menu_order":0,"comment_status":"closed","ping_status":"closed","template":"","meta":{"_bbp_topic_count":0,"_bbp_reply_count":0,"_bbp_total_topic_count":0,"_bbp_total_reply_count":0,"_bbp_voice_count":0,"_bbp_anonymous_reply_count":0,"_bbp_topic_count_hidden":0,"_bbp_reply_count_hidden":0,"_bbp_forum_subforum_count":0,"site-sidebar-layout":"default","site-content-layout":"","ast-site-content-layout":"default","site-content-style":"default","site-sidebar-style":"default","ast-global-header-display":"","ast-banner-title-visibility":"","ast-main-header-display":"","ast-hfb-above-header-display":"","ast-hfb-below-header-display":"","ast-hfb-mobile-header-display":"","site-post-title":"","ast-breadcrumbs-content":"","ast-featured-img":"","footer-sml-layout":"","theme-transparent-header-meta":"","adv-header-id-meta":"","stick-header-meta":"","header-above-stick-meta":"","header-main-stick-meta":"","header-below-stick-meta":"","astra-migrate-meta-layouts":"set","ast-page-background-enabled":"default","ast-page-background-meta":{"desktop":{"background-color":"var(--ast-global-color-4)","background-image":"","background-repeat":"repeat","background-position":"center center","background-size":"auto","background-attachment":"scroll","background-type":"","background-media":"","overlay-type":"","overlay-color":"","overlay-opacity":"","overlay-gradient":""},"tablet":{"background-color":"","background-image":"","background-repeat":"repeat","background-position":"center center","background-size":"auto","background-attachment":"scroll","background-type":"","background-media":"","overlay-type":"","overlay-color":"","overlay-opacity":"","overlay-gradient":""},"mobile":{"background-color":"","background-image":"","background-repeat":"repeat","background-position":"center center","background-size":"auto","background-attachment":"scroll","background-type":"","background-media":"","overlay-type":"","overlay-color":"","overlay-opacity":"","overlay-gradient":""}},"ast-content-background-meta":{"desktop":{"background-color":"var(--ast-global-color-5)","background-image":"","background-repeat":"repeat","background-position":"center center","background-size":"auto","background-attachment":"scroll","background-type":"","background-media":"","overlay-type":"","overlay-color":"","overlay-opacity":"","overlay-gradient":""},"tablet":{"background-color":"var(--ast-global-color-5)","background-image":"","background-repeat":"repeat","background-position":"center center","background-size":"auto","background-attachment":"scroll","background-type":"","background-media":"","overlay-type":"","overlay-color":"","overlay-opacity":"","overlay-gradient":""},"mobile":{"background-color":"var(--ast-global-color-5)","background-image":"","background-repeat":"repeat","background-position":"center center","background-size":"auto","background-attachment":"scroll","background-type":"","background-media":"","overlay-type":"","overlay-color":"","overlay-opacity":"","overlay-gradient":""}},"footnotes":""},"class_list":["post-430","page","type-page","status-publish","hentry"],"post_mailing_queue_ids":[],"_links":{"self":[{"href":"https:\/\/agora.xtec.cat\/cfacastelldefels\/wp-json\/wp\/v2\/pages\/430","targetHints":{"allow":["GET"]}}],"collection":[{"href":"https:\/\/agora.xtec.cat\/cfacastelldefels\/wp-json\/wp\/v2\/pages"}],"about":[{"href":"https:\/\/agora.xtec.cat\/cfacastelldefels\/wp-json\/wp\/v2\/types\/page"}],"author":[{"embeddable":true,"href":"https:\/\/agora.xtec.cat\/cfacastelldefels\/wp-json\/wp\/v2\/users\/1"}],"replies":[{"embeddable":true,"href":"https:\/\/agora.xtec.cat\/cfacastelldefels\/wp-json\/wp\/v2\/comments?post=430"}],"version-history":[{"count":6,"href":"https:\/\/agora.xtec.cat\/cfacastelldefels\/wp-json\/wp\/v2\/pages\/430\/revisions"}],"predecessor-version":[{"id":5634,"href":"https:\/\/agora.xtec.cat\/cfacastelldefels\/wp-json\/wp\/v2\/pages\/430\/revisions\/5634"}],"wp:attachment":[{"href":"https:\/\/agora.xtec.cat\/cfacastelldefels\/wp-json\/wp\/v2\/media?parent=430"}],"curies":[{"name":"wp","href":"https:\/\/api.w.org\/{rel}","templated":true}]}}

Preinscripció i Matrícula

<h3 class="wp-block-heading"><strong>Calendari de preinscripció curs 2026-202</strong>7</h3>



<p>Preinscripció pel curs 2026-2027 als centres d’adults de les persones que no hi estan matriculades aquest curs 2025-2026, o que volen canviar de centre o iniciar ensenyaments nous el curs vinent. Consulta en el següent enllaç tota la informació actualitzada.</p>



<p>&nbsp;&nbsp;<a href="https://preinscripcio.gencat.cat/ca/estudis/educacio-adults/inici/" target="_blank" rel="noopener">Preinscripció a l’Educació d’Adults (gencat.cat)</a></p>



<figure class="wp-block-image size-full is-resized"><a href="https://agora.xtec.cat/cfacastelldefels/wp-content/uploads/usu251/2026/04/Calendari-preinscripcio-curs-2026-2027_page-0001-1.jpg"><img loading="lazy" decoding="async" width="1241" height="1755" src="https://agora.xtec.cat/cfacastelldefels/wp-content/uploads/usu251/2026/04/Calendari-preinscripcio-curs-2026-2027_page-0001-1.jpg" alt="" class="wp-image-5620" style="width:600px;height:auto" srcset="https://agora.xtec.cat/cfacastelldefels/wp-content/uploads/usu251/2026/04/Calendari-preinscripcio-curs-2026-2027_page-0001-1.jpg 1241w, https://agora.xtec.cat/cfacastelldefels/wp-content/uploads/usu251/2026/04/Calendari-preinscripcio-curs-2026-2027_page-0001-1-212x300.jpg 212w, https://agora.xtec.cat/cfacastelldefels/wp-content/uploads/usu251/2026/04/Calendari-preinscripcio-curs-2026-2027_page-0001-1-724x1024.jpg 724w, https://agora.xtec.cat/cfacastelldefels/wp-content/uploads/usu251/2026/04/Calendari-preinscripcio-curs-2026-2027_page-0001-1-768x1086.jpg 768w, https://agora.xtec.cat/cfacastelldefels/wp-content/uploads/usu251/2026/04/Calendari-preinscripcio-curs-2026-2027_page-0001-1-1086x1536.jpg 1086w" sizes="auto, (max-width: 1241px) 100vw, 1241px" /></a></figure>



<h6 class="wp-block-heading"></h6>



<p></p>

<p>Calendari de preinscripció curs 2026-2027 Preinscripció pel curs 2026-2027 als centres d’adults de les persones que no hi estan matriculades aquest curs 2025-2026, o que volen canviar de centre o iniciar ensenyaments nous el curs vinent. Consulta en el següent enllaç tota la informació actualitzada. &nbsp;&nbsp;Preinscripció a l’Educació d’Adults (gencat.cat)</p>
