{"id":39,"date":"2014-09-17T16:36:44","date_gmt":"2014-09-17T16:36:44","guid":{"rendered":"http:\/\/agora.xtec.cat\/cfajverdaguercastelldefels\/\/?page_id=39"},"modified":"2022-08-08T09:17:37","modified_gmt":"2022-08-08T07:17:37","slug":"instal%c2%b7lacions","status":"publish","type":"page","link":"https:\/\/agora.xtec.cat\/cfacastelldefels\/el-centre\/instal%c2%b7lacions\/","title":{"rendered":"Instal\u00b7lacions"},"content":{"rendered":"\r\n\t<div class=\"slideshow_container slideshow_container_style-light\" style=\"height: 300px; \" data-slideshow-id=\"3278\" data-style-name=\"style-light\" data-style-version=\"2.3.1\" >\r\n\r\n\t\t\t\t\t<div class=\"slideshow_loading_icon\"><\/div>\r\n\t\t\r\n\t\t<div class=\"slideshow_content\" style=\"display: none;\">\r\n\r\n\t\t\t<div class=\"slideshow_view\">\r\n\t\t\t\t<div class=\"slideshow_slide slideshow_slide_image\">\r\n\t\t\t\t\t\t\t\t\t\t\t<img src=\"https:\/\/agora.xtec.cat\/cfacastelldefels\/wp-content\/uploads\/usu251\/2021\/11\/estudiant6.jpg\" alt=\"estudiant6\" width=\"1280\" height=\"960\" \/>\r\n\t\t\t\t\t\t\t\t\t\t<div class=\"slideshow_description_box slideshow_transparent\">\r\n\t\t\t\t\t\t<div class=\"slideshow_title\">estudiant6<\/div>\t\t\t\t\t\t\t\t\t\t\t<\/div>\r\n\t\t\t\t<\/div>\r\n\r\n\t\t\t\t\t\t<div style=\"clear: both;\"><\/div><\/div><div class=\"slideshow_view\">\r\n\t\t\t\t<div class=\"slideshow_slide slideshow_slide_image\">\r\n\t\t\t\t\t\t\t\t\t\t\t<img src=\"https:\/\/agora.xtec.cat\/cfacastelldefels\/wp-content\/uploads\/usu251\/2018\/10\/20181002_190340-Copiar.jpg\" alt=\"20181002_190340 (Copiar)\" width=\"1920\" height=\"1080\" \/>\r\n\t\t\t\t\t\t\t\t\t\t<div class=\"slideshow_description_box slideshow_transparent\">\r\n\t\t\t\t\t\t<div class=\"slideshow_title\">20181002_190340 (Copiar)<\/div>\t\t\t\t\t\t\t\t\t\t\t<\/div>\r\n\t\t\t\t<\/div>\r\n\r\n\t\t\t\t\t\t<div style=\"clear: both;\"><\/div><\/div><div class=\"slideshow_view\">\t<div style=\"clear: both;\"><\/div><\/div><div class=\"slideshow_view\">\t<div style=\"clear: both;\"><\/div><\/div><div class=\"slideshow_view\">\t<div style=\"clear: both;\"><\/div><\/div><div class=\"slideshow_view\">\t<div style=\"clear: both;\"><\/div><\/div>\r\n\t\t<\/div>\r\n\r\n\t\t<div class=\"slideshow_controlPanel slideshow_transparent\" style=\"display: none;\"><ul><li class=\"slideshow_togglePlay\" data-play-text=\"Visualitza\" data-pause-text=\"Pausa\"><\/li><\/ul><\/div>\r\n\r\n\t\t<div class=\"slideshow_button slideshow_previous slideshow_transparent\" role=\"button\" data-previous-text=\"Anterior\" style=\"display: none;\"><\/div>\r\n\t\t<div class=\"slideshow_button slideshow_next slideshow_transparent\" role=\"button\" data-next-text=\"Seg\u00fcent\" style=\"display: none;\"><\/div>\r\n\r\n\t\t<div class=\"slideshow_pagination\" style=\"display: none;\" data-go-to-text=\"V\u00e9s a la diapositiva\"><div class=\"slideshow_pagination_center\"><\/div><\/div>\r\n\r\n\t\t<!-- WordPress Slideshow Version 2.3.1 -->\r\n\r\n\t\t\t<\/div>\r\n\r\n\n<p>L&#8217;acc\u00e8s al centre est\u00e0 dissenyat sense obstacles per a persones amb disminucions f\u00edsiques. Va ser remodelat en el curs 2017-2018<\/p>\n<p>El nostre centre compta amb:<\/p>\n<ul>\n<li>Quatre\u00a0aules per impartir les diverses classes totes amb canons de projecci\u00f3. Cada aula consta d&#8217;un espai per treballar de petit grup amb ordinadors.<\/li>\n<li>Sala d&#8217;estudis i biblioteca amb fons material per estudi i acc\u00e9s a material inform\u00e0tic<\/li>\n<li>Sala d&#8217;inform\u00e0tica.<\/li>\n<li>Despatx \/ administraci\u00f3<\/li>\n<li>Tutoria per rebre i atendre<\/li>\n<li>Sala \u00a0de professors<\/li>\n<li>Consergeria<\/li>\n<li>Espais exteriors enjardinats amb aparcament per bicicletes<\/li>\n<li>El conjunt est\u00e0 adaptat per a persones amb mobilitat restringida i no t\u00e9 barreres arquitect\u00f2niques<\/li>\n<li>Cartell digital amb informaci\u00f3<\/li>\n<li>Font d&#8217;aigua filtrada (promovem la sostenibilitat i no es faciliten vasos d&#8217;un sol \u00fas)<\/li>\n<li>Un ambient agradable i una bona acollida<\/li>\n<\/ul>\n<p>&#8220;Always good bives&#8221;<\/p>\n<p>&nbsp;<\/p>\n","protected":false},"excerpt":{"rendered":"<p>L&#8217;acc\u00e8s al centre est\u00e0 dissenyat sense obstacles per a persones amb disminucions f\u00edsiques. Va ser remodelat en el curs 2017-2018 El nostre centre compta amb: Quatre\u00a0aules per impartir les diverses classes totes amb canons de projecci\u00f3. Cada aula consta d&#8217;un espai per treballar de petit grup amb ordinadors. Sala d&#8217;estudis i biblioteca amb fons material [&hellip;]<\/p>\n","protected":false},"author":1,"featured_media":0,"parent":261,"menu_order":30,"comment_status":"closed","ping_status":"closed","template":"page-templates\/side-menu.php","meta":{"_bbp_topic_count":0,"_bbp_reply_count":0,"_bbp_total_topic_count":0,"_bbp_total_reply_count":0,"_bbp_voice_count":0,"_bbp_anonymous_reply_count":0,"_bbp_topic_count_hidden":0,"_bbp_reply_count_hidden":0,"_bbp_forum_subforum_count":0,"site-sidebar-layout":"default","site-content-layout":"","ast-site-content-layout":"","site-content-style":"default","site-sidebar-style":"default","ast-global-header-display":"","ast-banner-title-visibility":"","ast-main-header-display":"","ast-hfb-above-header-display":"","ast-hfb-below-header-display":"","ast-hfb-mobile-header-display":"","site-post-title":"","ast-breadcrumbs-content":"","ast-featured-img":"","footer-sml-layout":"","theme-transparent-header-meta":"","adv-header-id-meta":"","stick-header-meta":"","header-above-stick-meta":"","header-main-stick-meta":"","header-below-stick-meta":"","astra-migrate-meta-layouts":"default","ast-page-background-enabled":"default","ast-page-background-meta":{"desktop":{"background-color":"var(--ast-global-color-4)","background-image":"","background-repeat":"repeat","background-position":"center center","background-size":"auto","background-attachment":"scroll","background-type":"","background-media":"","overlay-type":"","overlay-color":"","overlay-opacity":"","overlay-gradient":""},"tablet":{"background-color":"","background-image":"","background-repeat":"repeat","background-position":"center center","background-size":"auto","background-attachment":"scroll","background-type":"","background-media":"","overlay-type":"","overlay-color":"","overlay-opacity":"","overlay-gradient":""},"mobile":{"background-color":"","background-image":"","background-repeat":"repeat","background-position":"center center","background-size":"auto","background-attachment":"scroll","background-type":"","background-media":"","overlay-type":"","overlay-color":"","overlay-opacity":"","overlay-gradient":""}},"ast-content-background-meta":{"desktop":{"background-color":"var(--ast-global-color-5)","background-image":"","background-repeat":"repeat","background-position":"center center","background-size":"auto","background-attachment":"scroll","background-type":"","background-media":"","overlay-type":"","overlay-color":"","overlay-opacity":"","overlay-gradient":""},"tablet":{"background-color":"var(--ast-global-color-5)","background-image":"","background-repeat":"repeat","background-position":"center center","background-size":"auto","background-attachment":"scroll","background-type":"","background-media":"","overlay-type":"","overlay-color":"","overlay-opacity":"","overlay-gradient":""},"mobile":{"background-color":"var(--ast-global-color-5)","background-image":"","background-repeat":"repeat","background-position":"center center","background-size":"auto","background-attachment":"scroll","background-type":"","background-media":"","overlay-type":"","overlay-color":"","overlay-opacity":"","overlay-gradient":""}},"footnotes":""},"class_list":["post-39","page","type-page","status-publish","hentry"],"post_mailing_queue_ids":[],"_links":{"self":[{"href":"https:\/\/agora.xtec.cat\/cfacastelldefels\/wp-json\/wp\/v2\/pages\/39","targetHints":{"allow":["GET"]}}],"collection":[{"href":"https:\/\/agora.xtec.cat\/cfacastelldefels\/wp-json\/wp\/v2\/pages"}],"about":[{"href":"https:\/\/agora.xtec.cat\/cfacastelldefels\/wp-json\/wp\/v2\/types\/page"}],"author":[{"embeddable":true,"href":"https:\/\/agora.xtec.cat\/cfacastelldefels\/wp-json\/wp\/v2\/users\/1"}],"replies":[{"embeddable":true,"href":"https:\/\/agora.xtec.cat\/cfacastelldefels\/wp-json\/wp\/v2\/comments?post=39"}],"version-history":[{"count":4,"href":"https:\/\/agora.xtec.cat\/cfacastelldefels\/wp-json\/wp\/v2\/pages\/39\/revisions"}],"predecessor-version":[{"id":3487,"href":"https:\/\/agora.xtec.cat\/cfacastelldefels\/wp-json\/wp\/v2\/pages\/39\/revisions\/3487"}],"up":[{"embeddable":true,"href":"https:\/\/agora.xtec.cat\/cfacastelldefels\/wp-json\/wp\/v2\/pages\/261"}],"wp:attachment":[{"href":"https:\/\/agora.xtec.cat\/cfacastelldefels\/wp-json\/wp\/v2\/media?parent=39"}],"curies":[{"name":"wp","href":"https:\/\/api.w.org\/{rel}","templated":true}]}}

<div class="slideshow_container slideshow_container_style-light" style="height: 300px; " data-slideshow-id="3278" data-style-name="style-light" data-style-version="2.3.1" >

					<div class="slideshow_loading_icon"></div>
		
		<div class="slideshow_content" style="display: none;">

			<div class="slideshow_view">
				<div class="slideshow_slide slideshow_slide_image">
											<img src="https://agora.xtec.cat/cfacastelldefels/wp-content/uploads/usu251/2021/11/estudiant6.jpg" alt="estudiant6" width="1280" height="960" />
										<div class="slideshow_description_box slideshow_transparent">
						<div class="slideshow_title">estudiant6</div>											</div>
				</div>

						<div style="clear: both;"></div></div><div class="slideshow_view">
				<div class="slideshow_slide slideshow_slide_image">
											<img src="https://agora.xtec.cat/cfacastelldefels/wp-content/uploads/usu251/2018/10/20181002_190340-Copiar.jpg" alt="20181002_190340 (Copiar)" width="1920" height="1080" />
										<div class="slideshow_description_box slideshow_transparent">
						<div class="slideshow_title">20181002_190340 (Copiar)</div>											</div>
				</div>

						<div style="clear: both;"></div></div><div class="slideshow_view">	<div style="clear: both;"></div></div><div class="slideshow_view">	<div style="clear: both;"></div></div><div class="slideshow_view">	<div style="clear: both;"></div></div><div class="slideshow_view">	<div style="clear: both;"></div></div>
		</div>

		<div class="slideshow_controlPanel slideshow_transparent" style="display: none;"><ul><li class="slideshow_togglePlay" data-play-text="Visualitza" data-pause-text="Pausa"></li></ul></div>

		<div class="slideshow_button slideshow_previous slideshow_transparent" role="button" data-previous-text="Anterior" style="display: none;"></div>
		<div class="slideshow_button slideshow_next slideshow_transparent" role="button" data-next-text="Següent" style="display: none;"></div>

		<div class="slideshow_pagination" style="display: none;" data-go-to-text="Vés a la diapositiva"><div class="slideshow_pagination_center"></div></div>

		<!-- WordPress Slideshow Version 2.3.1 -->

			</div>


<p>L&#8217;accès al centre està dissenyat sense obstacles per a persones amb disminucions físiques. Va ser remodelat en el curs 2017-2018</p>
<p>El nostre centre compta amb:</p>
<ul>
<li>Quatre aules per impartir les diverses classes totes amb canons de projecció. Cada aula consta d&#8217;un espai per treballar de petit grup amb ordinadors.</li>
<li>Sala d&#8217;estudis i biblioteca amb fons material per estudi i accés a material informàtic</li>
<li>Sala d&#8217;informàtica.</li>
<li>Despatx / administració</li>
<li>Tutoria per rebre i atendre</li>
<li>Sala  de professors</li>
<li>Consergeria</li>
<li>Espais exteriors enjardinats amb aparcament per bicicletes</li>
<li>El conjunt està adaptat per a persones amb mobilitat restringida i no té barreres arquitectòniques</li>
<li>Cartell digital amb informació</li>
<li>Font d&#8217;aigua filtrada (promovem la sostenibilitat i no es faciliten vasos d&#8217;un sol ús)</li>
<li>Un ambient agradable i una bona acollida</li>
</ul>
<p>&#8220;Always good bives&#8221;</p>
<p>&nbsp;</p>

<p>L&#8217;accès al centre està dissenyat sense obstacles per a persones amb disminucions físiques. Va ser remodelat en el curs 2017-2018 El nostre centre compta amb: Quatre aules per impartir les diverses classes totes amb canons de projecció. Cada aula consta d&#8217;un espai per treballar de petit grup amb ordinadors. Sala d&#8217;estudis i biblioteca amb fons material [&hellip;]</p>
