{"id":316,"date":"2015-01-28T11:33:51","date_gmt":"2015-01-28T10:33:51","guid":{"rendered":"http:\/\/agora.xtec.cat\/cfajverdaguercastelldefels\/\/?page_id=316"},"modified":"2026-01-10T07:34:03","modified_gmt":"2026-01-10T06:34:03","slug":"competencia-digital-competic","status":"publish","type":"page","link":"https:\/\/agora.xtec.cat\/cfacastelldefels\/ensenyaments\/ensenyaments-transprofessionals\/competencia-digital-competic\/","title":{"rendered":"Compet\u00e8ncia digital COMPETIC"},"content":{"rendered":"<p>Els ensenyaments d\u2019inform\u00e0tica a l\u2019educaci\u00f3 d\u2019adults \u2014<strong>COMPETIC<\/strong>\u2014 tenen com a objectiu facilitar l\u2019adquisici\u00f3 de la <strong>compet\u00e8ncia digital<\/strong>, entesa com la combinaci\u00f3 de coneixements, habilitats i actituds en l\u2019\u00e0mbit de les tecnologies de la informaci\u00f3 i la comunicaci\u00f3 (TIC) per desenvolupar-se en la societat actual.<\/p>\n<p>Les compet\u00e8ncies que\u00a0s\u2019hi treballen s\u00f3n les seg\u00fcents:<\/p>\n<table>\n<tbody>\n<tr>\n<td>C1: Cultura, participaci\u00f3 i civisme digital.<\/td>\n<\/tr>\n<tr>\n<td>C2: Tecnologia digital, \u00fas de l\u2019ordinador i del sistema operatiu.<\/td>\n<\/tr>\n<tr>\n<td>C3: Navegaci\u00f3 i comunicaci\u00f3 en el m\u00f3n digital.<\/td>\n<\/tr>\n<tr>\n<td>C4: Tractament de la informaci\u00f3 escrita.<\/td>\n<\/tr>\n<tr>\n<td>C5: Tractament de la informaci\u00f3 gr\u00e0fica, sonora i de la imatge en moviment.<\/td>\n<\/tr>\n<tr>\n<td>C6: Tractament de la informaci\u00f3 num\u00e8rica.<\/td>\n<\/tr>\n<tr>\n<td>C7: Tractament de les dades.<\/td>\n<\/tr>\n<tr>\n<td>C8: Presentaci\u00f3 de continguts.<\/td>\n<\/tr>\n<\/tbody>\n<\/table>\n<h4><span id=\"INFORMATICA_NIVELL_INICIAL_COMPETIC_INICIAL\"><strong>INFORM\u00c0TICA NIVELL INICIAL (COMPETIC INICIAL)<\/strong><\/span><\/h4>\n<p>S\u2019adre\u00e7a a les persones adultes que volen assolir un domini elemental de les tecnologies de la informaci\u00f3 i la comunicaci\u00f3 .<\/p>\n<p>\u00c9s un curs anual de 105 hores, a ra\u00f3 de 3h setmanals repartides en dues classes d\u20191 hora i 30 minuts<br \/>\nEn aquest curs es recullen tres compet\u00e8ncies del nivell b\u00e0sic de l\u2019acreditaci\u00f3 de compet\u00e8ncies en tecnologies de la informaci\u00f3 i la comunicaci\u00f3 (ACTIC):<\/p>\n<p>C2. Tecnologia digital, \u00fas de l\u2019ordinador i del sistema operatiu.<br \/>\nC3. Navegaci\u00f3 i comunicaci\u00f3 en el m\u00f3n digital.<br \/>\nC4. Tractament de la informaci\u00f3 escrita.<\/p>\n<h4><span id=\"INFORMATICA_NIVELL_1_COMPETIC_1\"><strong>INFORM\u00c0TICA COMPETIC 1 (ACTIC b\u00e0sic)<\/strong><\/span><\/h4>\n<p>Curs anual de 105 hores, a ra\u00f3 de 3h setmanals repartides en dues classes d&#8217;1 hora i 30 minuts.<\/p>\n<p>COMPETIC 1 el poden cursar les persones que hagin superat el curs COMPETIC inicial o que n\u2019acreditin els coneixements competencials b\u00e0sics.<\/p>\n<p>En aquest curs es recullen les tres compet\u00e8ncies del nivell b\u00e0sic de l\u2019ACTIC no recollides a COMPETIC inicial:<\/p>\n<p>C1. Cultura, participaci\u00f3 i civisme digital.<br \/>\nC5. Tractament de la informaci\u00f3 gr\u00e0fica, sonora i de la imatge en moviment.<br \/>\nC6. Tractament de la informaci\u00f3 num\u00e8rica.<\/p>\n<p>El certificat de compet\u00e8ncia digital de l\u2019educaci\u00f3 de persones adultes del nivell COMPETIC 1 equival al certificat b\u00e0sic de l\u2019ACTIC.<\/p>\n<h4><strong>INFORM\u00c0TICA COMPETIC 2 (<\/strong><span id=\"INFORMATICA_NIVELL_1_COMPETIC_1\"><strong>ACTIC mitj\u00e0)<\/strong><\/span><\/h4>\n<p>Curs anual de 140 hores, a ra\u00f3 de 4h setmanals repartides en dues classes de 2 hores.<\/p>\n<p>COMPETIC 2 el poden cursar les persones que han superat o acreditat les compet\u00e8ncies del curs COMPETIC 1.<\/p>\n<p>En aquest curs es recullen les vuit compet\u00e8ncies del nivell mitj\u00e0 de l\u2019ACTIC:<\/p>\n<p>C1. Cultura, participaci\u00f3 i civisme digital.<br \/>\nC2. Tecnologia digital, \u00fas de l\u2019ordinador i del sistema operatiu.<br \/>\nC3. Navegaci\u00f3 i comunicaci\u00f3 en el m\u00f3n digital.<br \/>\nC4. Tractament de la informaci\u00f3 escrita.<br \/>\nC5. Tractament de la informaci\u00f3 gr\u00e0fica, sonora i de la imatge en moviment.<br \/>\nC6. Tractament de la informaci\u00f3 num\u00e8rica.<br \/>\nC7. Tractament de les dades.<br \/>\nC8. Presentaci\u00f3 de continguts.<\/p>\n<p>El certificat de compet\u00e8ncia digital de l\u2019educaci\u00f3 de persones adultes del nivell COMPETIC 2 equival al certificat mitj\u00e0 de l\u2019ACTIC.<\/p>\n<p>Els cursos es poden fer en format a dist\u00e0ncia, i l\u2019alumnat haur\u00e0 de fer el projecte final de manera presencial.<\/p>\n<h4><strong>INFORM\u00c0TICA COMPETIC 3 (<\/strong><span id=\"INFORMATICA_NIVELL_1_COMPETIC_1\"><strong>ACTIC a<\/strong><\/span><span id=\"INFORMATICA_NIVELL_3_o_AVANCAT_COMPETIC_3\"><strong>van\u00e7at)<\/strong><\/span><\/h4>\n<p><strong><br \/>\n<\/strong>Curs anual de 105 hores, a ra\u00f3 de 3h setmanals repartides en dues classes d\u20191 hora i 30 minuts.<\/p>\n<p>COMPETIC 3 el poden cursar les persones que han superat pr\u00e8viament el curs COMPETIC 2 o acreditar-lo mitjan\u00e7ant el certificat ACTIC del nivell mitj\u00e0. No es pot accedir directament per prova d&#8217;acreditaci\u00f3. S&#8217;obt\u00e9 l&#8217;apte superant almenys dues compet\u00e8ncies<\/p>\n<p>En aquest curs es recullen tres de les cinc compet\u00e8ncies del nivell avan\u00e7at de l\u2019ACTIC:<\/p>\n<p>C4. Tractament de la informaci\u00f3 escrita.<br \/>\nC5. Tractament de la informaci\u00f3 gr\u00e0fica, sonora i de la imatge en moviment.<br \/>\nC6. Tractament de la informaci\u00f3 num\u00e8rica.<br \/>\nC7. Tractament de les dades.<br \/>\nC8. Presentaci\u00f3 de continguts.<\/p>\n<p>Al nostre centre oferim les tres compet\u00e8ncies. El certificat de compet\u00e8ncia digital de l\u2019educaci\u00f3 de persones adultes del nivell COMPETIC 3 equival al certificat avan\u00e7at de l\u2019ACTIC.<\/p>\n<ul>\n<li>Els cursos es poden fer en format a dist\u00e0ncia, i l&#8217;alumnat haur\u00e0 de fer el projecte final de manera presencial.<\/li>\n<li>CURS 2024\/2025 repartiment de compet\u00e8ncies:\n<ul>\n<li>1r trimestre: C4 (Tractament de la informaci\u00f3 escrita)<\/li>\n<li>2n trimestre: C6 (Tractament de la informaci\u00f3 num\u00e8rica)<\/li>\n<li>3r trimestre: C8 (Presentaci\u00f3 de continguts)<\/li>\n<\/ul>\n<\/li>\n<li>Els cursos s\u00f3n m\u00e8rits per l&#8217;acc\u00e9s a llocs de treball.<\/li>\n<li>Resum de compet\u00e8ncies dels\u00a0<strong>quatre cursos:<\/strong><br \/>\n<table>\n<tbody>\n<tr>\n<td><\/td>\n<td><strong>C1<\/strong><\/td>\n<td><strong>C2<\/strong><\/td>\n<td><strong>C3<\/strong><\/td>\n<td><strong>C4<\/strong><\/td>\n<td><strong>C5<\/strong><\/td>\n<td><strong>C6<\/strong><\/td>\n<td><strong>C7<\/strong><\/td>\n<td><strong>C8<\/strong><\/td>\n<\/tr>\n<tr>\n<td><strong>COMPETIC Inicial<\/strong><\/td>\n<td><\/td>\n<td><strong>\u00a0X<\/strong><\/td>\n<td><strong>\u00a0X<\/strong><\/td>\n<td><strong>X\u00a0<\/strong><\/td>\n<td><strong>\u00a0<\/strong><\/td>\n<td><strong>\u00a0<\/strong><\/td>\n<td><strong>\u00a0<\/strong><\/td>\n<td><strong>\u00a0<\/strong><\/td>\n<\/tr>\n<tr>\n<td><strong>COMPETIC 1<\/strong><\/td>\n<td><b>X<\/b><\/td>\n<td><strong>\u00a0<\/strong><\/td>\n<td><strong>\u00a0<\/strong><\/td>\n<td><strong>\u00a0<\/strong><\/td>\n<td><strong>X\u00a0<\/strong><\/td>\n<td><strong>\u00a0X<\/strong><\/td>\n<td><strong>\u00a0<\/strong><\/td>\n<td><strong>\u00a0<\/strong><\/td>\n<\/tr>\n<tr>\n<td><strong>COMPETIC 2<\/strong><\/td>\n<td><strong>\u00a0X<\/strong><\/td>\n<td><strong>\u00a0X<\/strong><\/td>\n<td><strong>X\u00a0<\/strong><\/td>\n<td><strong>\u00a0X<\/strong><\/td>\n<td><strong>\u00a0X<\/strong><\/td>\n<td><strong>X\u00a0<\/strong><\/td>\n<td><strong>\u00a0X<\/strong><\/td>\n<td><strong>X\u00a0<\/strong><\/td>\n<\/tr>\n<tr>\n<td><strong>COMPETIC 3<\/strong><\/td>\n<td><strong>\u00a0<\/strong><\/td>\n<td><strong>\u00a0<\/strong><\/td>\n<td><strong>\u00a0<\/strong><\/td>\n<td><strong>\u00a0X<\/strong><\/td>\n<td><strong>\u00a0X<\/strong><\/td>\n<td><strong>X\u00a0<\/strong><\/td>\n<td><strong>X\u00a0<\/strong><\/td>\n<td><strong>\u00a0X<\/strong><\/td>\n<\/tr>\n<\/tbody>\n<\/table>\n<\/li>\n<\/ul>\n","protected":false},"excerpt":{"rendered":"<p>Els ensenyaments d\u2019inform\u00e0tica a l\u2019educaci\u00f3 d\u2019adults \u2014COMPETIC\u2014 tenen com a objectiu facilitar l\u2019adquisici\u00f3 de la compet\u00e8ncia digital, entesa com la combinaci\u00f3 de coneixements, habilitats i actituds en l\u2019\u00e0mbit de les tecnologies de la informaci\u00f3 i la comunicaci\u00f3 (TIC) per desenvolupar-se en la societat actual. Les compet\u00e8ncies que\u00a0s\u2019hi treballen s\u00f3n les seg\u00fcents: C1: Cultura, participaci\u00f3 i [&hellip;]<\/p>\n","protected":false},"author":2,"featured_media":0,"parent":286,"menu_order":0,"comment_status":"closed","ping_status":"closed","template":"","meta":{"_bbp_topic_count":0,"_bbp_reply_count":0,"_bbp_total_topic_count":0,"_bbp_total_reply_count":0,"_bbp_voice_count":0,"_bbp_anonymous_reply_count":0,"_bbp_topic_count_hidden":0,"_bbp_reply_count_hidden":0,"_bbp_forum_subforum_count":0,"site-sidebar-layout":"default","site-content-layout":"","ast-site-content-layout":"default","site-content-style":"default","site-sidebar-style":"default","ast-global-header-display":"","ast-banner-title-visibility":"","ast-main-header-display":"","ast-hfb-above-header-display":"","ast-hfb-below-header-display":"","ast-hfb-mobile-header-display":"","site-post-title":"","ast-breadcrumbs-content":"","ast-featured-img":"","footer-sml-layout":"","theme-transparent-header-meta":"","adv-header-id-meta":"","stick-header-meta":"","header-above-stick-meta":"","header-main-stick-meta":"","header-below-stick-meta":"","astra-migrate-meta-layouts":"set","ast-page-background-enabled":"default","ast-page-background-meta":{"desktop":{"background-color":"var(--ast-global-color-4)","background-image":"","background-repeat":"repeat","background-position":"center center","background-size":"auto","background-attachment":"scroll","background-type":"","background-media":"","overlay-type":"","overlay-color":"","overlay-opacity":"","overlay-gradient":""},"tablet":{"background-color":"","background-image":"","background-repeat":"repeat","background-position":"center center","background-size":"auto","background-attachment":"scroll","background-type":"","background-media":"","overlay-type":"","overlay-color":"","overlay-opacity":"","overlay-gradient":""},"mobile":{"background-color":"","background-image":"","background-repeat":"repeat","background-position":"center center","background-size":"auto","background-attachment":"scroll","background-type":"","background-media":"","overlay-type":"","overlay-color":"","overlay-opacity":"","overlay-gradient":""}},"ast-content-background-meta":{"desktop":{"background-color":"var(--ast-global-color-5)","background-image":"","background-repeat":"repeat","background-position":"center center","background-size":"auto","background-attachment":"scroll","background-type":"","background-media":"","overlay-type":"","overlay-color":"","overlay-opacity":"","overlay-gradient":""},"tablet":{"background-color":"var(--ast-global-color-5)","background-image":"","background-repeat":"repeat","background-position":"center center","background-size":"auto","background-attachment":"scroll","background-type":"","background-media":"","overlay-type":"","overlay-color":"","overlay-opacity":"","overlay-gradient":""},"mobile":{"background-color":"var(--ast-global-color-5)","background-image":"","background-repeat":"repeat","background-position":"center center","background-size":"auto","background-attachment":"scroll","background-type":"","background-media":"","overlay-type":"","overlay-color":"","overlay-opacity":"","overlay-gradient":""}},"footnotes":""},"class_list":["post-316","page","type-page","status-publish","hentry"],"post_mailing_queue_ids":[],"_links":{"self":[{"href":"https:\/\/agora.xtec.cat\/cfacastelldefels\/wp-json\/wp\/v2\/pages\/316","targetHints":{"allow":["GET"]}}],"collection":[{"href":"https:\/\/agora.xtec.cat\/cfacastelldefels\/wp-json\/wp\/v2\/pages"}],"about":[{"href":"https:\/\/agora.xtec.cat\/cfacastelldefels\/wp-json\/wp\/v2\/types\/page"}],"author":[{"embeddable":true,"href":"https:\/\/agora.xtec.cat\/cfacastelldefels\/wp-json\/wp\/v2\/users\/2"}],"replies":[{"embeddable":true,"href":"https:\/\/agora.xtec.cat\/cfacastelldefels\/wp-json\/wp\/v2\/comments?post=316"}],"version-history":[{"count":6,"href":"https:\/\/agora.xtec.cat\/cfacastelldefels\/wp-json\/wp\/v2\/pages\/316\/revisions"}],"predecessor-version":[{"id":5540,"href":"https:\/\/agora.xtec.cat\/cfacastelldefels\/wp-json\/wp\/v2\/pages\/316\/revisions\/5540"}],"up":[{"embeddable":true,"href":"https:\/\/agora.xtec.cat\/cfacastelldefels\/wp-json\/wp\/v2\/pages\/286"}],"wp:attachment":[{"href":"https:\/\/agora.xtec.cat\/cfacastelldefels\/wp-json\/wp\/v2\/media?parent=316"}],"curies":[{"name":"wp","href":"https:\/\/api.w.org\/{rel}","templated":true}]}}

Competència digital COMPETIC

<p>Els ensenyaments d’informàtica a l’educació d’adults —<strong>COMPETIC</strong>— tenen com a objectiu facilitar l’adquisició de la <strong>competència digital</strong>, entesa com la combinació de coneixements, habilitats i actituds en l’àmbit de les tecnologies de la informació i la comunicació (TIC) per desenvolupar-se en la societat actual.</p>
<p>Les competències que s’hi treballen són les següents:</p>
<table>
<tbody>
<tr>
<td>C1: Cultura, participació i civisme digital.</td>
</tr>
<tr>
<td>C2: Tecnologia digital, ús de l’ordinador i del sistema operatiu.</td>
</tr>
<tr>
<td>C3: Navegació i comunicació en el món digital.</td>
</tr>
<tr>
<td>C4: Tractament de la informació escrita.</td>
</tr>
<tr>
<td>C5: Tractament de la informació gràfica, sonora i de la imatge en moviment.</td>
</tr>
<tr>
<td>C6: Tractament de la informació numèrica.</td>
</tr>
<tr>
<td>C7: Tractament de les dades.</td>
</tr>
<tr>
<td>C8: Presentació de continguts.</td>
</tr>
</tbody>
</table>
<h4><span id="INFORMATICA_NIVELL_INICIAL_COMPETIC_INICIAL"><strong>INFORMÀTICA NIVELL INICIAL (COMPETIC INICIAL)</strong></span></h4>
<p>S’adreça a les persones adultes que volen assolir un domini elemental de les tecnologies de la informació i la comunicació .</p>
<p>És un curs anual de 105 hores, a raó de 3h setmanals repartides en dues classes d’1 hora i 30 minuts<br />
En aquest curs es recullen tres competències del nivell bàsic de l’acreditació de competències en tecnologies de la informació i la comunicació (ACTIC):</p>
<p>C2. Tecnologia digital, ús de l’ordinador i del sistema operatiu.<br />
C3. Navegació i comunicació en el món digital.<br />
C4. Tractament de la informació escrita.</p>
<h4><span id="INFORMATICA_NIVELL_1_COMPETIC_1"><strong>INFORMÀTICA COMPETIC 1 (ACTIC bàsic)</strong></span></h4>
<p>Curs anual de 105 hores, a raó de 3h setmanals repartides en dues classes d&#8217;1 hora i 30 minuts.</p>
<p>COMPETIC 1 el poden cursar les persones que hagin superat el curs COMPETIC inicial o que n’acreditin els coneixements competencials bàsics.</p>
<p>En aquest curs es recullen les tres competències del nivell bàsic de l’ACTIC no recollides a COMPETIC inicial:</p>
<p>C1. Cultura, participació i civisme digital.<br />
C5. Tractament de la informació gràfica, sonora i de la imatge en moviment.<br />
C6. Tractament de la informació numèrica.</p>
<p>El certificat de competència digital de l’educació de persones adultes del nivell COMPETIC 1 equival al certificat bàsic de l’ACTIC.</p>
<h4><strong>INFORMÀTICA COMPETIC 2 (</strong><span id="INFORMATICA_NIVELL_1_COMPETIC_1"><strong>ACTIC mitjà)</strong></span></h4>
<p>Curs anual de 140 hores, a raó de 4h setmanals repartides en dues classes de 2 hores.</p>
<p>COMPETIC 2 el poden cursar les persones que han superat o acreditat les competències del curs COMPETIC 1.</p>
<p>En aquest curs es recullen les vuit competències del nivell mitjà de l’ACTIC:</p>
<p>C1. Cultura, participació i civisme digital.<br />
C2. Tecnologia digital, ús de l’ordinador i del sistema operatiu.<br />
C3. Navegació i comunicació en el món digital.<br />
C4. Tractament de la informació escrita.<br />
C5. Tractament de la informació gràfica, sonora i de la imatge en moviment.<br />
C6. Tractament de la informació numèrica.<br />
C7. Tractament de les dades.<br />
C8. Presentació de continguts.</p>
<p>El certificat de competència digital de l’educació de persones adultes del nivell COMPETIC 2 equival al certificat mitjà de l’ACTIC.</p>
<p>Els cursos es poden fer en format a distància, i l’alumnat haurà de fer el projecte final de manera presencial.</p>
<h4><strong>INFORMÀTICA COMPETIC 3 (</strong><span id="INFORMATICA_NIVELL_1_COMPETIC_1"><strong>ACTIC a</strong></span><span id="INFORMATICA_NIVELL_3_o_AVANCAT_COMPETIC_3"><strong>vançat)</strong></span></h4>
<p><strong><br />
</strong>Curs anual de 105 hores, a raó de 3h setmanals repartides en dues classes d’1 hora i 30 minuts.</p>
<p>COMPETIC 3 el poden cursar les persones que han superat prèviament el curs COMPETIC 2 o acreditar-lo mitjançant el certificat ACTIC del nivell mitjà. No es pot accedir directament per prova d&#8217;acreditació. S&#8217;obté l&#8217;apte superant almenys dues competències</p>
<p>En aquest curs es recullen tres de les cinc competències del nivell avançat de l’ACTIC:</p>
<p>C4. Tractament de la informació escrita.<br />
C5. Tractament de la informació gràfica, sonora i de la imatge en moviment.<br />
C6. Tractament de la informació numèrica.<br />
C7. Tractament de les dades.<br />
C8. Presentació de continguts.</p>
<p>Al nostre centre oferim les tres competències. El certificat de competència digital de l’educació de persones adultes del nivell COMPETIC 3 equival al certificat avançat de l’ACTIC.</p>
<ul>
<li>Els cursos es poden fer en format a distància, i l&#8217;alumnat haurà de fer el projecte final de manera presencial.</li>
<li>CURS 2024/2025 repartiment de competències:
<ul>
<li>1r trimestre: C4 (Tractament de la informació escrita)</li>
<li>2n trimestre: C6 (Tractament de la informació numèrica)</li>
<li>3r trimestre: C8 (Presentació de continguts)</li>
</ul>
</li>
<li>Els cursos són mèrits per l&#8217;accés a llocs de treball.</li>
<li>Resum de competències dels <strong>quatre cursos:</strong><br />
<table>
<tbody>
<tr>
<td></td>
<td><strong>C1</strong></td>
<td><strong>C2</strong></td>
<td><strong>C3</strong></td>
<td><strong>C4</strong></td>
<td><strong>C5</strong></td>
<td><strong>C6</strong></td>
<td><strong>C7</strong></td>
<td><strong>C8</strong></td>
</tr>
<tr>
<td><strong>COMPETIC Inicial</strong></td>
<td></td>
<td><strong> X</strong></td>
<td><strong> X</strong></td>
<td><strong>X </strong></td>
<td><strong> </strong></td>
<td><strong> </strong></td>
<td><strong> </strong></td>
<td><strong> </strong></td>
</tr>
<tr>
<td><strong>COMPETIC 1</strong></td>
<td><b>X</b></td>
<td><strong> </strong></td>
<td><strong> </strong></td>
<td><strong> </strong></td>
<td><strong>X </strong></td>
<td><strong> X</strong></td>
<td><strong> </strong></td>
<td><strong> </strong></td>
</tr>
<tr>
<td><strong>COMPETIC 2</strong></td>
<td><strong> X</strong></td>
<td><strong> X</strong></td>
<td><strong>X </strong></td>
<td><strong> X</strong></td>
<td><strong> X</strong></td>
<td><strong>X </strong></td>
<td><strong> X</strong></td>
<td><strong>X </strong></td>
</tr>
<tr>
<td><strong>COMPETIC 3</strong></td>
<td><strong> </strong></td>
<td><strong> </strong></td>
<td><strong> </strong></td>
<td><strong> X</strong></td>
<td><strong> X</strong></td>
<td><strong>X </strong></td>
<td><strong>X </strong></td>
<td><strong> X</strong></td>
</tr>
</tbody>
</table>
</li>
</ul>

<p>Els ensenyaments d’informàtica a l’educació d’adults —COMPETIC— tenen com a objectiu facilitar l’adquisició de la competència digital, entesa com la combinació de coneixements, habilitats i actituds en l’àmbit de les tecnologies de la informació i la comunicació (TIC) per desenvolupar-se en la societat actual. Les competències que s’hi treballen són les següents: C1: Cultura, participació i [&hellip;]</p>
